{"id":8997,"date":"2018-10-18T19:54:19","date_gmt":"2018-10-18T18:54:19","guid":{"rendered":"https:\/\/divertarte.com\/?post_type=product&#038;p=8997"},"modified":"2025-11-06T13:35:36","modified_gmt":"2025-11-06T13:35:36","slug":"sabonete-carrinho-de-bebe","status":"publish","type":"product","link":"https:\/\/divertarte.com\/index.php\/produto\/sabonete-carrinho-de-bebe\/","title":{"rendered":"Sabonete Carrinho de Beb\u00e9 &#8211; 20 unidades"},"content":{"rendered":"<p>Sabonete Carrinho de Beb\u00e9 &#8211; 20 unidades<\/p>\n<p>Prendinha de batizado. M\u00ednimo 20 sabonetes. Al\u00e9m disso tamb\u00e9m podes oferecer aos convidados do Ch\u00e1 de Beb\u00e9\u00a0di\u00e2metro 5,7x 1,5 cm de altura, cheirinho a beb\u00e9<\/p>\n<p>&nbsp;<\/p>\n","protected":false},"excerpt":{"rendered":"<p>Sabonete Carrinho de Beb\u00e9 &#8211; 20 unidades<\/p>\n<p>Prendinha de batizado. M\u00ednimo 20 sabonetes. Al\u00e9m disso tamb\u00e9m podes oferecer aos convidados do Ch\u00e1 de Beb\u00e9\u00a0di\u00e2metro 5,7x 1,5 cm de altura, cheirinho a beb\u00e9<\/p>\n","protected":false},"featured_media":8996,"comment_status":"open","ping_status":"closed","template":"","meta":{"_exactmetrics_skip_tracking":false,"_exactmetrics_sitenote_active":false,"_exactmetrics_sitenote_note":"","_exactmetrics_sitenote_category":0},"product_brand":[],"product_cat":[395,34,153],"product_tag":[534,821,818,820,822,816,824,667,817,819,823],"class_list":{"0":"post-8997","1":"product","2":"type-product","3":"status-publish","4":"has-post-thumbnail","6":"product_cat-brindes-batizado","7":"product_cat-prendinhas-prod","8":"product_cat-sabonetes-divertarte","9":"product_tag-sabonete","10":"product_tag-sabonetes-batizados","11":"product_tag-sabonetes-brindes","12":"product_tag-sabonetes-casamentos","13":"product_tag-sabonetes-chas-de-bebe","14":"product_tag-sabonetes-com-logo","15":"product_tag-sabonetes-comunhao","16":"product_tag-sabonetes-hotel","17":"product_tag-sabonetes-personalizados","18":"product_tag-sabonetes-prendinhas","19":"product_tag-sabonetes-publicidade","21":"first","22":"instock","23":"taxable","24":"shipping-taxable","25":"purchasable","26":"product-type-variable"},"yoast_head":"<!-- This site is optimized with the Yoast SEO plugin v27.5 - https:\/\/yoast.com\/product\/yoast-seo-wordpress\/ -->\n<title>Sabonete Carrinho de Beb\u00e9 - 20 unidades -<\/title>\n<meta name=\"description\" content=\"Sabonete Carrinho de Beb\u00e9 - 20 unidades Prendinha de batizado, podes oferecer aos convidados do Ch\u00e1 de Beb\u00e9\u00a0di\u00e2metro 5,7x 1,5 cm de altura, cheirinho a beb\u00e9\u00a0\" \/>\n<meta name=\"robots\" content=\"index, follow, max-snippet:-1, max-image-preview:large, max-video-preview:-1\" \/>\n<link rel=\"canonical\" href=\"https:\/\/divertarte.com\/index.php\/produto\/sabonete-carrinho-de-bebe\/\" \/>\n<meta property=\"og:locale\" content=\"pt_PT\" \/>\n<meta property=\"og:type\" content=\"article\" \/>\n<meta property=\"og:title\" content=\"Sabonete Carrinho de Beb\u00e9 - 20 unidades -\" \/>\n<meta property=\"og:description\" content=\"Sabonete Carrinho de Beb\u00e9 - 20 unidades Prendinha de batizado, podes oferecer aos convidados do Ch\u00e1 de Beb\u00e9\u00a0di\u00e2metro 5,7x 1,5 cm de altura, cheirinho a beb\u00e9\u00a0\" \/>\n<meta property=\"og:url\" content=\"https:\/\/divertarte.com\/index.php\/produto\/sabonete-carrinho-de-bebe\/\" \/>\n<meta property=\"article:modified_time\" content=\"2025-11-06T13:35:36+00:00\" \/>\n<meta property=\"og:image\" content=\"https:\/\/divertarte.com\/wp-content\/uploads\/2018\/10\/carrinho-bebe3.png\" \/>\n\t<meta property=\"og:image:width\" content=\"718\" \/>\n\t<meta property=\"og:image:height\" content=\"499\" \/>\n\t<meta property=\"og:image:type\" content=\"image\/png\" \/>\n<meta name=\"twitter:card\" content=\"summary_large_image\" \/>\n<script type=\"application\/ld+json\" class=\"yoast-schema-graph\">{\"@context\":\"https:\\\/\\\/schema.org\",\"@graph\":[{\"@type\":\"WebPage\",\"@id\":\"https:\\\/\\\/divertarte.com\\\/index.php\\\/produto\\\/sabonete-carrinho-de-bebe\\\/\",\"url\":\"https:\\\/\\\/divertarte.com\\\/index.php\\\/produto\\\/sabonete-carrinho-de-bebe\\\/\",\"name\":\"Sabonete Carrinho de Beb\u00e9 - 20 unidades -\",\"isPartOf\":{\"@id\":\"https:\\\/\\\/divertarte.com\\\/#website\"},\"primaryImageOfPage\":{\"@id\":\"https:\\\/\\\/divertarte.com\\\/index.php\\\/produto\\\/sabonete-carrinho-de-bebe\\\/#primaryimage\"},\"image\":{\"@id\":\"https:\\\/\\\/divertarte.com\\\/index.php\\\/produto\\\/sabonete-carrinho-de-bebe\\\/#primaryimage\"},\"thumbnailUrl\":\"https:\\\/\\\/divertarte.com\\\/wp-content\\\/uploads\\\/2018\\\/10\\\/carrinho-bebe3.png\",\"datePublished\":\"2018-10-18T18:54:19+00:00\",\"dateModified\":\"2025-11-06T13:35:36+00:00\",\"description\":\"Sabonete Carrinho de Beb\u00e9 - 20 unidades Prendinha de batizado, podes oferecer aos convidados do Ch\u00e1 de Beb\u00e9\u00a0di\u00e2metro 5,7x 1,5 cm de altura, cheirinho a beb\u00e9\u00a0\",\"breadcrumb\":{\"@id\":\"https:\\\/\\\/divertarte.com\\\/index.php\\\/produto\\\/sabonete-carrinho-de-bebe\\\/#breadcrumb\"},\"inLanguage\":\"pt-PT\",\"potentialAction\":[{\"@type\":\"ReadAction\",\"target\":[\"https:\\\/\\\/divertarte.com\\\/index.php\\\/produto\\\/sabonete-carrinho-de-bebe\\\/\"]}]},{\"@type\":\"ImageObject\",\"inLanguage\":\"pt-PT\",\"@id\":\"https:\\\/\\\/divertarte.com\\\/index.php\\\/produto\\\/sabonete-carrinho-de-bebe\\\/#primaryimage\",\"url\":\"https:\\\/\\\/divertarte.com\\\/wp-content\\\/uploads\\\/2018\\\/10\\\/carrinho-bebe3.png\",\"contentUrl\":\"https:\\\/\\\/divertarte.com\\\/wp-content\\\/uploads\\\/2018\\\/10\\\/carrinho-bebe3.png\",\"width\":718,\"height\":499},{\"@type\":\"BreadcrumbList\",\"@id\":\"https:\\\/\\\/divertarte.com\\\/index.php\\\/produto\\\/sabonete-carrinho-de-bebe\\\/#breadcrumb\",\"itemListElement\":[{\"@type\":\"ListItem\",\"position\":1,\"name\":\"In\u00edcio\",\"item\":\"https:\\\/\\\/divertarte.com\\\/\"},{\"@type\":\"ListItem\",\"position\":2,\"name\":\"Loja\",\"item\":\"https:\\\/\\\/divertarte.com\\\/index.php\\\/divertarte-produtos\\\/\"},{\"@type\":\"ListItem\",\"position\":3,\"name\":\"Sabonete Carrinho de Beb\u00e9 &#8211; 20 unidades\"}]},{\"@type\":\"WebSite\",\"@id\":\"https:\\\/\\\/divertarte.com\\\/#website\",\"url\":\"https:\\\/\\\/divertarte.com\\\/\",\"name\":\"Divertarte\",\"description\":\"\",\"publisher\":{\"@id\":\"https:\\\/\\\/divertarte.com\\\/#organization\"},\"potentialAction\":[{\"@type\":\"SearchAction\",\"target\":{\"@type\":\"EntryPoint\",\"urlTemplate\":\"https:\\\/\\\/divertarte.com\\\/?s={search_term_string}\"},\"query-input\":{\"@type\":\"PropertyValueSpecification\",\"valueRequired\":true,\"valueName\":\"search_term_string\"}}],\"inLanguage\":\"pt-PT\"},{\"@type\":\"Organization\",\"@id\":\"https:\\\/\\\/divertarte.com\\\/#organization\",\"name\":\"Divertarte\",\"url\":\"https:\\\/\\\/divertarte.com\\\/\",\"logo\":{\"@type\":\"ImageObject\",\"inLanguage\":\"pt-PT\",\"@id\":\"https:\\\/\\\/divertarte.com\\\/#\\\/schema\\\/logo\\\/image\\\/\",\"url\":\"https:\\\/\\\/divertarte.com\\\/wp-content\\\/uploads\\\/2018\\\/07\\\/logo-div.jpg\",\"contentUrl\":\"https:\\\/\\\/divertarte.com\\\/wp-content\\\/uploads\\\/2018\\\/07\\\/logo-div.jpg\",\"width\":295,\"height\":123,\"caption\":\"Divertarte\"},\"image\":{\"@id\":\"https:\\\/\\\/divertarte.com\\\/#\\\/schema\\\/logo\\\/image\\\/\"}}]}<\/script>\n<!-- \/ Yoast SEO plugin. -->","yoast_head_json":{"title":"Sabonete Carrinho de Beb\u00e9 - 20 unidades -","description":"Sabonete Carrinho de Beb\u00e9 - 20 unidades Prendinha de batizado, podes oferecer aos convidados do Ch\u00e1 de Beb\u00e9\u00a0di\u00e2metro 5,7x 1,5 cm de altura, cheirinho a beb\u00e9\u00a0","robots":{"index":"index","follow":"follow","max-snippet":"max-snippet:-1","max-image-preview":"max-image-preview:large","max-video-preview":"max-video-preview:-1"},"canonical":"https:\/\/divertarte.com\/index.php\/produto\/sabonete-carrinho-de-bebe\/","og_locale":"pt_PT","og_type":"article","og_title":"Sabonete Carrinho de Beb\u00e9 - 20 unidades -","og_description":"Sabonete Carrinho de Beb\u00e9 - 20 unidades Prendinha de batizado, podes oferecer aos convidados do Ch\u00e1 de Beb\u00e9\u00a0di\u00e2metro 5,7x 1,5 cm de altura, cheirinho a beb\u00e9\u00a0","og_url":"https:\/\/divertarte.com\/index.php\/produto\/sabonete-carrinho-de-bebe\/","article_modified_time":"2025-11-06T13:35:36+00:00","og_image":[{"width":718,"height":499,"url":"https:\/\/divertarte.com\/wp-content\/uploads\/2018\/10\/carrinho-bebe3.png","type":"image\/png"}],"twitter_card":"summary_large_image","schema":{"@context":"https:\/\/schema.org","@graph":[{"@type":"WebPage","@id":"https:\/\/divertarte.com\/index.php\/produto\/sabonete-carrinho-de-bebe\/","url":"https:\/\/divertarte.com\/index.php\/produto\/sabonete-carrinho-de-bebe\/","name":"Sabonete Carrinho de Beb\u00e9 - 20 unidades -","isPartOf":{"@id":"https:\/\/divertarte.com\/#website"},"primaryImageOfPage":{"@id":"https:\/\/divertarte.com\/index.php\/produto\/sabonete-carrinho-de-bebe\/#primaryimage"},"image":{"@id":"https:\/\/divertarte.com\/index.php\/produto\/sabonete-carrinho-de-bebe\/#primaryimage"},"thumbnailUrl":"https:\/\/divertarte.com\/wp-content\/uploads\/2018\/10\/carrinho-bebe3.png","datePublished":"2018-10-18T18:54:19+00:00","dateModified":"2025-11-06T13:35:36+00:00","description":"Sabonete Carrinho de Beb\u00e9 - 20 unidades Prendinha de batizado, podes oferecer aos convidados do Ch\u00e1 de Beb\u00e9\u00a0di\u00e2metro 5,7x 1,5 cm de altura, cheirinho a beb\u00e9\u00a0","breadcrumb":{"@id":"https:\/\/divertarte.com\/index.php\/produto\/sabonete-carrinho-de-bebe\/#breadcrumb"},"inLanguage":"pt-PT","potentialAction":[{"@type":"ReadAction","target":["https:\/\/divertarte.com\/index.php\/produto\/sabonete-carrinho-de-bebe\/"]}]},{"@type":"ImageObject","inLanguage":"pt-PT","@id":"https:\/\/divertarte.com\/index.php\/produto\/sabonete-carrinho-de-bebe\/#primaryimage","url":"https:\/\/divertarte.com\/wp-content\/uploads\/2018\/10\/carrinho-bebe3.png","contentUrl":"https:\/\/divertarte.com\/wp-content\/uploads\/2018\/10\/carrinho-bebe3.png","width":718,"height":499},{"@type":"BreadcrumbList","@id":"https:\/\/divertarte.com\/index.php\/produto\/sabonete-carrinho-de-bebe\/#breadcrumb","itemListElement":[{"@type":"ListItem","position":1,"name":"In\u00edcio","item":"https:\/\/divertarte.com\/"},{"@type":"ListItem","position":2,"name":"Loja","item":"https:\/\/divertarte.com\/index.php\/divertarte-produtos\/"},{"@type":"ListItem","position":3,"name":"Sabonete Carrinho de Beb\u00e9 &#8211; 20 unidades"}]},{"@type":"WebSite","@id":"https:\/\/divertarte.com\/#website","url":"https:\/\/divertarte.com\/","name":"Divertarte","description":"","publisher":{"@id":"https:\/\/divertarte.com\/#organization"},"potentialAction":[{"@type":"SearchAction","target":{"@type":"EntryPoint","urlTemplate":"https:\/\/divertarte.com\/?s={search_term_string}"},"query-input":{"@type":"PropertyValueSpecification","valueRequired":true,"valueName":"search_term_string"}}],"inLanguage":"pt-PT"},{"@type":"Organization","@id":"https:\/\/divertarte.com\/#organization","name":"Divertarte","url":"https:\/\/divertarte.com\/","logo":{"@type":"ImageObject","inLanguage":"pt-PT","@id":"https:\/\/divertarte.com\/#\/schema\/logo\/image\/","url":"https:\/\/divertarte.com\/wp-content\/uploads\/2018\/07\/logo-div.jpg","contentUrl":"https:\/\/divertarte.com\/wp-content\/uploads\/2018\/07\/logo-div.jpg","width":295,"height":123,"caption":"Divertarte"},"image":{"@id":"https:\/\/divertarte.com\/#\/schema\/logo\/image\/"}}]}},"_links":{"self":[{"href":"https:\/\/divertarte.com\/index.php\/wp-json\/wp\/v2\/product\/8997","targetHints":{"allow":["GET"]}}],"collection":[{"href":"https:\/\/divertarte.com\/index.php\/wp-json\/wp\/v2\/product"}],"about":[{"href":"https:\/\/divertarte.com\/index.php\/wp-json\/wp\/v2\/types\/product"}],"replies":[{"embeddable":true,"href":"https:\/\/divertarte.com\/index.php\/wp-json\/wp\/v2\/comments?post=8997"}],"wp:featuredmedia":[{"embeddable":true,"href":"https:\/\/divertarte.com\/index.php\/wp-json\/wp\/v2\/media\/8996"}],"wp:attachment":[{"href":"https:\/\/divertarte.com\/index.php\/wp-json\/wp\/v2\/media?parent=8997"}],"wp:term":[{"taxonomy":"product_brand","embeddable":true,"href":"https:\/\/divertarte.com\/index.php\/wp-json\/wp\/v2\/product_brand?post=8997"},{"taxonomy":"product_cat","embeddable":true,"href":"https:\/\/divertarte.com\/index.php\/wp-json\/wp\/v2\/product_cat?post=8997"},{"taxonomy":"product_tag","embeddable":true,"href":"https:\/\/divertarte.com\/index.php\/wp-json\/wp\/v2\/product_tag?post=8997"}],"curies":[{"name":"wp","href":"https:\/\/api.w.org\/{rel}","templated":true}]}}