{"id":8379,"date":"2018-07-13T15:08:03","date_gmt":"2018-07-13T14:08:03","guid":{"rendered":"https:\/\/divertarte.com\/?post_type=product&#038;p=8379"},"modified":"2025-11-06T13:35:42","modified_gmt":"2025-11-06T13:35:42","slug":"glicerina-leite-de-burra-1kg","status":"publish","type":"product","link":"https:\/\/divertarte.com\/index.php\/produto\/glicerina-leite-de-burra-1kg\/","title":{"rendered":"Glicerina Leite de Burra 1kg &#8211; 5kg"},"content":{"rendered":"<p>Glicerina Leite de Burra 1kg &#8211; 5kg<\/p>\n<p>A glicerina com Leite de Burra \u00e9 rica em prote\u00ednas, vitaminas e sais minerais.<\/p>\n<p>Os seus benef\u00edcios passam pelo aumento da firmeza e elasticidade da pele.<br \/>\nAl\u00e9m disso os sabonetes feitos com a Glicerina Leite de Burra s\u00e3o tamb\u00e9m muito eficazes na redu\u00e7\u00e3o e controlo dos sintomas associados a doen\u00e7as dermatol\u00f3gicas, como a psor\u00edase, dermatites e eczemas.<\/p>\n<p>Al\u00e9m disso o leite de burra \u00e9 rico em prote\u00ednas de Lactosoro que por sua vez s\u00e3o ricas em amino\u00e1cidos, parte fundamental para o desenvolvimento natural de uma pele renovada.<\/p>\n<p>A utiliza\u00e7\u00e3o do leite de burra no fabrico de cosm\u00e9ticos foi iniciada com os eg\u00edpcios no ano 1400 a.c. Cle\u00f3patra, rainha do Egipto e a \u00faltima da dinastia de Ptolomeu, banhava-se com leite de Burra para manter sua pele macia e hidratada no ar seco e \u00e1rido do Egipto.<\/p>\n<p>Benef\u00edcios do produto Base vegetal<br \/>\nExcelente espuma<br \/>\nSensa\u00e7\u00e3o delicada na pele<br \/>\nCheio de nutrientes rejuvenescedores para a pele<br \/>\nPropriedades hidratantes com um alto teor de glicerina, proporcionando uma sensa\u00e7\u00e3o agrad\u00e1vel \u00e0 pele<br \/>\nEstabilidade de cor superior, mesmo quando mantida em alta temperatura por longos per\u00edodos<br \/>\nO odor neutro proporciona excelente aumento da fragr\u00e2ncia<br \/>\nBenef\u00edcios do leite de burra:<br \/>\nO leite de burra \u00e9 um poderoso hidratante, cheio de propriedades curativas, nutricionais e rejuvenescedoras da pele. Rico em \u00e1cidos gordos, permite a apar\u00eancia reduzida de linhas finas e rugas e ajuda a regenerar a pele danificada.<\/p>\n<p>Composi\u00e7\u00e3o: Agua, glicerina, leite de burro, propilenoglicol, laurilsulfato de s\u00f3dio, estearato de s\u00f3dio, laurato de s\u00f3dio<\/p>\n","protected":false},"excerpt":{"rendered":"<p>Glicerina Leite de Burra 1kg &#8211; 5kg<\/p>\n<p>Glicerina Base com Leite de Burra, rica em prote\u00ednas, vitaminas e sais minerais.<\/p>\n<p>Os seus benef\u00edcios passam pelo aumento da firmeza e elasticidade da pele.<br \/>\nAl\u00e9m disso os sabonetes feitos com a Glicerina Leite de Burra s\u00e3o tamb\u00e9m muito eficazes na redu\u00e7\u00e3o e controlo dos sintomas associados a doen\u00e7as dermatol\u00f3gicas, como a psor\u00edase, dermatites e eczemas.<\/p>\n","protected":false},"featured_media":8380,"comment_status":"closed","ping_status":"closed","template":"","meta":{"_exactmetrics_skip_tracking":false,"_exactmetrics_sitenote_active":false,"_exactmetrics_sitenote_note":"","_exactmetrics_sitenote_category":0},"product_brand":[],"product_cat":[385,58],"product_tag":[],"class_list":{"0":"post-8379","1":"product","2":"type-product","3":"status-publish","4":"has-post-thumbnail","6":"product_cat-bases-de-glicerina","7":"product_cat-glicerina-para-sabonetes","9":"first","10":"instock","11":"taxable","12":"shipping-taxable","13":"purchasable","14":"product-type-variable"},"yoast_head":"<!-- This site is optimized with the Yoast SEO plugin v27.5 - https:\/\/yoast.com\/product\/yoast-seo-wordpress\/ -->\n<title>Glicerina Leite de Burra 1kg - 5kg - glicerina para sabonetes<\/title>\n<meta name=\"description\" content=\"Glicerina Leite de Burra 1kg - 5kg A glicerina com Leite de Burra \u00e9 rica em prote\u00ednas, vitaminas e sais minerais o que beneficia muito os sabonetes\" \/>\n<meta name=\"robots\" content=\"index, follow, max-snippet:-1, max-image-preview:large, max-video-preview:-1\" \/>\n<link rel=\"canonical\" href=\"https:\/\/divertarte.com\/index.php\/produto\/glicerina-leite-de-burra-1kg\/\" \/>\n<meta property=\"og:locale\" content=\"pt_PT\" \/>\n<meta property=\"og:type\" content=\"article\" \/>\n<meta property=\"og:title\" content=\"Glicerina Leite de Burra 1kg - 5kg - glicerina para sabonetes\" \/>\n<meta property=\"og:description\" content=\"Glicerina Leite de Burra 1kg - 5kg A glicerina com Leite de Burra \u00e9 rica em prote\u00ednas, vitaminas e sais minerais o que beneficia muito os sabonetes\" \/>\n<meta property=\"og:url\" content=\"https:\/\/divertarte.com\/index.php\/produto\/glicerina-leite-de-burra-1kg\/\" \/>\n<meta property=\"article:modified_time\" content=\"2025-11-06T13:35:42+00:00\" \/>\n<meta property=\"og:image\" content=\"https:\/\/divertarte.com\/wp-content\/uploads\/2018\/07\/Glicerina-base-leite-de-burra.jpg\" \/>\n\t<meta property=\"og:image:width\" content=\"420\" \/>\n\t<meta property=\"og:image:height\" content=\"420\" \/>\n\t<meta property=\"og:image:type\" content=\"image\/jpeg\" \/>\n<meta name=\"twitter:card\" content=\"summary_large_image\" \/>\n<meta name=\"twitter:label1\" content=\"Tempo estimado de leitura\" \/>\n\t<meta name=\"twitter:data1\" content=\"1 minuto\" \/>\n<script type=\"application\/ld+json\" class=\"yoast-schema-graph\">{\"@context\":\"https:\\\/\\\/schema.org\",\"@graph\":[{\"@type\":\"WebPage\",\"@id\":\"https:\\\/\\\/divertarte.com\\\/index.php\\\/produto\\\/glicerina-leite-de-burra-1kg\\\/\",\"url\":\"https:\\\/\\\/divertarte.com\\\/index.php\\\/produto\\\/glicerina-leite-de-burra-1kg\\\/\",\"name\":\"Glicerina Leite de Burra 1kg - 5kg - glicerina para sabonetes\",\"isPartOf\":{\"@id\":\"https:\\\/\\\/divertarte.com\\\/#website\"},\"primaryImageOfPage\":{\"@id\":\"https:\\\/\\\/divertarte.com\\\/index.php\\\/produto\\\/glicerina-leite-de-burra-1kg\\\/#primaryimage\"},\"image\":{\"@id\":\"https:\\\/\\\/divertarte.com\\\/index.php\\\/produto\\\/glicerina-leite-de-burra-1kg\\\/#primaryimage\"},\"thumbnailUrl\":\"https:\\\/\\\/divertarte.com\\\/wp-content\\\/uploads\\\/2018\\\/07\\\/Glicerina-base-leite-de-burra.jpg\",\"datePublished\":\"2018-07-13T14:08:03+00:00\",\"dateModified\":\"2025-11-06T13:35:42+00:00\",\"description\":\"Glicerina Leite de Burra 1kg - 5kg A glicerina com Leite de Burra \u00e9 rica em prote\u00ednas, vitaminas e sais minerais o que beneficia muito os sabonetes\",\"breadcrumb\":{\"@id\":\"https:\\\/\\\/divertarte.com\\\/index.php\\\/produto\\\/glicerina-leite-de-burra-1kg\\\/#breadcrumb\"},\"inLanguage\":\"pt-PT\",\"potentialAction\":[{\"@type\":\"ReadAction\",\"target\":[\"https:\\\/\\\/divertarte.com\\\/index.php\\\/produto\\\/glicerina-leite-de-burra-1kg\\\/\"]}]},{\"@type\":\"ImageObject\",\"inLanguage\":\"pt-PT\",\"@id\":\"https:\\\/\\\/divertarte.com\\\/index.php\\\/produto\\\/glicerina-leite-de-burra-1kg\\\/#primaryimage\",\"url\":\"https:\\\/\\\/divertarte.com\\\/wp-content\\\/uploads\\\/2018\\\/07\\\/Glicerina-base-leite-de-burra.jpg\",\"contentUrl\":\"https:\\\/\\\/divertarte.com\\\/wp-content\\\/uploads\\\/2018\\\/07\\\/Glicerina-base-leite-de-burra.jpg\",\"width\":420,\"height\":420},{\"@type\":\"BreadcrumbList\",\"@id\":\"https:\\\/\\\/divertarte.com\\\/index.php\\\/produto\\\/glicerina-leite-de-burra-1kg\\\/#breadcrumb\",\"itemListElement\":[{\"@type\":\"ListItem\",\"position\":1,\"name\":\"In\u00edcio\",\"item\":\"https:\\\/\\\/divertarte.com\\\/\"},{\"@type\":\"ListItem\",\"position\":2,\"name\":\"Loja\",\"item\":\"https:\\\/\\\/divertarte.com\\\/index.php\\\/divertarte-produtos\\\/\"},{\"@type\":\"ListItem\",\"position\":3,\"name\":\"Glicerina Leite de Burra 1kg &#8211; 5kg\"}]},{\"@type\":\"WebSite\",\"@id\":\"https:\\\/\\\/divertarte.com\\\/#website\",\"url\":\"https:\\\/\\\/divertarte.com\\\/\",\"name\":\"Divertarte\",\"description\":\"\",\"publisher\":{\"@id\":\"https:\\\/\\\/divertarte.com\\\/#organization\"},\"potentialAction\":[{\"@type\":\"SearchAction\",\"target\":{\"@type\":\"EntryPoint\",\"urlTemplate\":\"https:\\\/\\\/divertarte.com\\\/?s={search_term_string}\"},\"query-input\":{\"@type\":\"PropertyValueSpecification\",\"valueRequired\":true,\"valueName\":\"search_term_string\"}}],\"inLanguage\":\"pt-PT\"},{\"@type\":\"Organization\",\"@id\":\"https:\\\/\\\/divertarte.com\\\/#organization\",\"name\":\"Divertarte\",\"url\":\"https:\\\/\\\/divertarte.com\\\/\",\"logo\":{\"@type\":\"ImageObject\",\"inLanguage\":\"pt-PT\",\"@id\":\"https:\\\/\\\/divertarte.com\\\/#\\\/schema\\\/logo\\\/image\\\/\",\"url\":\"https:\\\/\\\/divertarte.com\\\/wp-content\\\/uploads\\\/2018\\\/07\\\/logo-div.jpg\",\"contentUrl\":\"https:\\\/\\\/divertarte.com\\\/wp-content\\\/uploads\\\/2018\\\/07\\\/logo-div.jpg\",\"width\":295,\"height\":123,\"caption\":\"Divertarte\"},\"image\":{\"@id\":\"https:\\\/\\\/divertarte.com\\\/#\\\/schema\\\/logo\\\/image\\\/\"}}]}<\/script>\n<!-- \/ Yoast SEO plugin. -->","yoast_head_json":{"title":"Glicerina Leite de Burra 1kg - 5kg - glicerina para sabonetes","description":"Glicerina Leite de Burra 1kg - 5kg A glicerina com Leite de Burra \u00e9 rica em prote\u00ednas, vitaminas e sais minerais o que beneficia muito os sabonetes","robots":{"index":"index","follow":"follow","max-snippet":"max-snippet:-1","max-image-preview":"max-image-preview:large","max-video-preview":"max-video-preview:-1"},"canonical":"https:\/\/divertarte.com\/index.php\/produto\/glicerina-leite-de-burra-1kg\/","og_locale":"pt_PT","og_type":"article","og_title":"Glicerina Leite de Burra 1kg - 5kg - glicerina para sabonetes","og_description":"Glicerina Leite de Burra 1kg - 5kg A glicerina com Leite de Burra \u00e9 rica em prote\u00ednas, vitaminas e sais minerais o que beneficia muito os sabonetes","og_url":"https:\/\/divertarte.com\/index.php\/produto\/glicerina-leite-de-burra-1kg\/","article_modified_time":"2025-11-06T13:35:42+00:00","og_image":[{"width":420,"height":420,"url":"https:\/\/divertarte.com\/wp-content\/uploads\/2018\/07\/Glicerina-base-leite-de-burra.jpg","type":"image\/jpeg"}],"twitter_card":"summary_large_image","twitter_misc":{"Tempo estimado de leitura":"1 minuto"},"schema":{"@context":"https:\/\/schema.org","@graph":[{"@type":"WebPage","@id":"https:\/\/divertarte.com\/index.php\/produto\/glicerina-leite-de-burra-1kg\/","url":"https:\/\/divertarte.com\/index.php\/produto\/glicerina-leite-de-burra-1kg\/","name":"Glicerina Leite de Burra 1kg - 5kg - glicerina para sabonetes","isPartOf":{"@id":"https:\/\/divertarte.com\/#website"},"primaryImageOfPage":{"@id":"https:\/\/divertarte.com\/index.php\/produto\/glicerina-leite-de-burra-1kg\/#primaryimage"},"image":{"@id":"https:\/\/divertarte.com\/index.php\/produto\/glicerina-leite-de-burra-1kg\/#primaryimage"},"thumbnailUrl":"https:\/\/divertarte.com\/wp-content\/uploads\/2018\/07\/Glicerina-base-leite-de-burra.jpg","datePublished":"2018-07-13T14:08:03+00:00","dateModified":"2025-11-06T13:35:42+00:00","description":"Glicerina Leite de Burra 1kg - 5kg A glicerina com Leite de Burra \u00e9 rica em prote\u00ednas, vitaminas e sais minerais o que beneficia muito os sabonetes","breadcrumb":{"@id":"https:\/\/divertarte.com\/index.php\/produto\/glicerina-leite-de-burra-1kg\/#breadcrumb"},"inLanguage":"pt-PT","potentialAction":[{"@type":"ReadAction","target":["https:\/\/divertarte.com\/index.php\/produto\/glicerina-leite-de-burra-1kg\/"]}]},{"@type":"ImageObject","inLanguage":"pt-PT","@id":"https:\/\/divertarte.com\/index.php\/produto\/glicerina-leite-de-burra-1kg\/#primaryimage","url":"https:\/\/divertarte.com\/wp-content\/uploads\/2018\/07\/Glicerina-base-leite-de-burra.jpg","contentUrl":"https:\/\/divertarte.com\/wp-content\/uploads\/2018\/07\/Glicerina-base-leite-de-burra.jpg","width":420,"height":420},{"@type":"BreadcrumbList","@id":"https:\/\/divertarte.com\/index.php\/produto\/glicerina-leite-de-burra-1kg\/#breadcrumb","itemListElement":[{"@type":"ListItem","position":1,"name":"In\u00edcio","item":"https:\/\/divertarte.com\/"},{"@type":"ListItem","position":2,"name":"Loja","item":"https:\/\/divertarte.com\/index.php\/divertarte-produtos\/"},{"@type":"ListItem","position":3,"name":"Glicerina Leite de Burra 1kg &#8211; 5kg"}]},{"@type":"WebSite","@id":"https:\/\/divertarte.com\/#website","url":"https:\/\/divertarte.com\/","name":"Divertarte","description":"","publisher":{"@id":"https:\/\/divertarte.com\/#organization"},"potentialAction":[{"@type":"SearchAction","target":{"@type":"EntryPoint","urlTemplate":"https:\/\/divertarte.com\/?s={search_term_string}"},"query-input":{"@type":"PropertyValueSpecification","valueRequired":true,"valueName":"search_term_string"}}],"inLanguage":"pt-PT"},{"@type":"Organization","@id":"https:\/\/divertarte.com\/#organization","name":"Divertarte","url":"https:\/\/divertarte.com\/","logo":{"@type":"ImageObject","inLanguage":"pt-PT","@id":"https:\/\/divertarte.com\/#\/schema\/logo\/image\/","url":"https:\/\/divertarte.com\/wp-content\/uploads\/2018\/07\/logo-div.jpg","contentUrl":"https:\/\/divertarte.com\/wp-content\/uploads\/2018\/07\/logo-div.jpg","width":295,"height":123,"caption":"Divertarte"},"image":{"@id":"https:\/\/divertarte.com\/#\/schema\/logo\/image\/"}}]}},"_links":{"self":[{"href":"https:\/\/divertarte.com\/index.php\/wp-json\/wp\/v2\/product\/8379","targetHints":{"allow":["GET"]}}],"collection":[{"href":"https:\/\/divertarte.com\/index.php\/wp-json\/wp\/v2\/product"}],"about":[{"href":"https:\/\/divertarte.com\/index.php\/wp-json\/wp\/v2\/types\/product"}],"replies":[{"embeddable":true,"href":"https:\/\/divertarte.com\/index.php\/wp-json\/wp\/v2\/comments?post=8379"}],"wp:featuredmedia":[{"embeddable":true,"href":"https:\/\/divertarte.com\/index.php\/wp-json\/wp\/v2\/media\/8380"}],"wp:attachment":[{"href":"https:\/\/divertarte.com\/index.php\/wp-json\/wp\/v2\/media?parent=8379"}],"wp:term":[{"taxonomy":"product_brand","embeddable":true,"href":"https:\/\/divertarte.com\/index.php\/wp-json\/wp\/v2\/product_brand?post=8379"},{"taxonomy":"product_cat","embeddable":true,"href":"https:\/\/divertarte.com\/index.php\/wp-json\/wp\/v2\/product_cat?post=8379"},{"taxonomy":"product_tag","embeddable":true,"href":"https:\/\/divertarte.com\/index.php\/wp-json\/wp\/v2\/product_tag?post=8379"}],"curies":[{"name":"wp","href":"https:\/\/api.w.org\/{rel}","templated":true}]}}