{"id":4460,"date":"2018-06-07T14:10:46","date_gmt":"2018-06-07T13:10:46","guid":{"rendered":"https:\/\/divertarte.com\/index.php\/produto\/gesso-especial-alemao\/"},"modified":"2025-11-06T13:51:08","modified_gmt":"2025-11-06T13:51:08","slug":"gesso-especial-alemao-500-gr","status":"publish","type":"product","link":"https:\/\/divertarte.com\/index.php\/produto\/gesso-especial-alemao-500-gr\/","title":{"rendered":"Gesso Alem\u00e3o Profissional &#8211; 500 gr"},"content":{"rendered":"<p>Gesso Alem\u00e3o Profissional &#8211; 500 gr<br \/>\nConstitu\u00eddo por sulfato de c\u00e1lcio hemihidratado e pequenas quantidades de aditivos inorg\u00e2nicos e\/ou org\u00e2nicos portanto \u00e9 especialmente concebido para a conforma\u00e7\u00e3o de matrizes e moldagem.<\/p>\n<p>Al\u00e9m disso\u00a0 a sua apurada formula\u00e7\u00e3o, garante excelentes presta\u00e7\u00f5es em termos de resist\u00eancia e porosidade.\u00a0 Cor rosado<\/p>\n<p>A prepara\u00e7\u00e3o\/utiliza\u00e7\u00e3o \u00e9 simples e universal.<\/p>\n<p>Rela\u00e7\u00e3o Gesso\/\u00e1gua: 100 g de gesso\/80 g de \u00e1gua.<\/p>\n<p><strong>Mexer durante 1 minuto e s\u00f3 depois verter no molde, com cuidado para n\u00e3o levar bolhas de ar<\/strong><\/p>\n<p>Portanto tempo de In\u00edcio de Presa: 14min \u00b1 2min<br \/>\nExpans\u00e3o linear (1 hora): m\u00e1x. 0,12%<br \/>\nResist\u00eancia \u00e0\u00a0 compress\u00e3o (seco):~ 80 &#8211; 90 N\/mm2<\/p>\n","protected":false},"excerpt":{"rendered":"<p>Gesso Alem\u00e3o Profissional &#8211; 500 gr<br \/>\nConstitu\u00eddo por sulfato de c\u00e1lcio hemihidratado e pequenas quantidades de aditivos inorg\u00e2nicos e\/ou org\u00e2nicos.<br \/>\nEspecialmente concebido para a conforma\u00e7\u00e3o de <strong>matrizes, moldagem<\/strong>. Al\u00e9m disso a sua apurada formula\u00e7\u00e3o, garante excelentes presta\u00e7\u00f5es em termos de resist\u00eancia e porosidade.\u00a0 <strong>Cor rosado. <\/strong>A prepara\u00e7\u00e3o\/utiliza\u00e7\u00e3o \u00e9 simples e universal. Rela\u00e7\u00e3o Gesso\/\u00e1gua: 100 g de gesso\/80 g de \u00e1gua.<\/p>\n<p><strong>Mexer durante 1 minuto e s\u00f3 depois verter no molde, com cuidado para n\u00e3o levar bolhas de ar<\/strong><\/p>\n<p>Tempo de In\u00edcio de Presa: 14min \u00b1 2min<br \/>\nExpans\u00e3o linear (1 hora): m\u00e1x. 0,12%<br \/>\nResist\u00eancia \u00e0\u00a0 compress\u00e3o (seco):~ 80 &#8211; 90 N\/mm2<\/p>\n","protected":false},"featured_media":7988,"comment_status":"closed","ping_status":"closed","template":"","meta":{"_exactmetrics_skip_tracking":false,"_exactmetrics_sitenote_active":false,"_exactmetrics_sitenote_note":"","_exactmetrics_sitenote_category":0},"product_brand":[],"product_cat":[326,15],"product_tag":[],"class_list":{"0":"post-4460","1":"product","2":"type-product","3":"status-publish","4":"has-post-thumbnail","6":"product_cat-gessos-e-alginatos","7":"product_cat-ver-todos-os-produtos","9":"first","10":"instock","11":"taxable","12":"shipping-taxable","13":"purchasable","14":"product-type-simple"},"yoast_head":"<!-- This site is optimized with the Yoast SEO plugin v27.4 - https:\/\/yoast.com\/product\/yoast-seo-wordpress\/ -->\n<title>Gesso Alem\u00e3o Profissional - 500 gr -<\/title>\n<meta name=\"description\" content=\"Gesso especialmente concebido para a conforma\u00e7\u00e3o de matrizes e moldagem. Grande resist\u00eancia e porosidade.\u00a0 Cor rosado, resist\u00eancia e porosidade\" \/>\n<meta name=\"robots\" content=\"index, follow, max-snippet:-1, max-image-preview:large, max-video-preview:-1\" \/>\n<link rel=\"canonical\" href=\"https:\/\/divertarte.com\/index.php\/produto\/gesso-especial-alemao-500-gr\/\" \/>\n<meta property=\"og:locale\" content=\"pt_PT\" \/>\n<meta property=\"og:type\" content=\"article\" \/>\n<meta property=\"og:title\" content=\"Gesso Alem\u00e3o Profissional - 500 gr -\" \/>\n<meta property=\"og:description\" content=\"Gesso especialmente concebido para a conforma\u00e7\u00e3o de matrizes e moldagem. Grande resist\u00eancia e porosidade.\u00a0 Cor rosado, resist\u00eancia e porosidade\" \/>\n<meta property=\"og:url\" content=\"https:\/\/divertarte.com\/index.php\/produto\/gesso-especial-alemao-500-gr\/\" \/>\n<meta property=\"article:modified_time\" content=\"2025-11-06T13:51:08+00:00\" \/>\n<meta property=\"og:image\" content=\"https:\/\/divertarte.com\/wp-content\/uploads\/2018\/05\/Gesso_especial_500g.jpg\" \/>\n\t<meta property=\"og:image:width\" content=\"558\" \/>\n\t<meta property=\"og:image:height\" content=\"551\" \/>\n\t<meta property=\"og:image:type\" content=\"image\/jpeg\" \/>\n<meta name=\"twitter:card\" content=\"summary_large_image\" \/>\n<meta name=\"twitter:label1\" content=\"Tempo estimado de leitura\" \/>\n\t<meta name=\"twitter:data1\" content=\"1 minuto\" \/>\n<script type=\"application\/ld+json\" class=\"yoast-schema-graph\">{\"@context\":\"https:\\\/\\\/schema.org\",\"@graph\":[{\"@type\":\"WebPage\",\"@id\":\"https:\\\/\\\/divertarte.com\\\/index.php\\\/produto\\\/gesso-especial-alemao-500-gr\\\/\",\"url\":\"https:\\\/\\\/divertarte.com\\\/index.php\\\/produto\\\/gesso-especial-alemao-500-gr\\\/\",\"name\":\"Gesso Alem\u00e3o Profissional - 500 gr -\",\"isPartOf\":{\"@id\":\"https:\\\/\\\/divertarte.com\\\/#website\"},\"primaryImageOfPage\":{\"@id\":\"https:\\\/\\\/divertarte.com\\\/index.php\\\/produto\\\/gesso-especial-alemao-500-gr\\\/#primaryimage\"},\"image\":{\"@id\":\"https:\\\/\\\/divertarte.com\\\/index.php\\\/produto\\\/gesso-especial-alemao-500-gr\\\/#primaryimage\"},\"thumbnailUrl\":\"https:\\\/\\\/divertarte.com\\\/wp-content\\\/uploads\\\/2018\\\/05\\\/Gesso_especial_500g.jpg\",\"datePublished\":\"2018-06-07T13:10:46+00:00\",\"dateModified\":\"2025-11-06T13:51:08+00:00\",\"description\":\"Gesso especialmente concebido para a conforma\u00e7\u00e3o de matrizes e moldagem. Grande resist\u00eancia e porosidade.\u00a0 Cor rosado, resist\u00eancia e porosidade\",\"breadcrumb\":{\"@id\":\"https:\\\/\\\/divertarte.com\\\/index.php\\\/produto\\\/gesso-especial-alemao-500-gr\\\/#breadcrumb\"},\"inLanguage\":\"pt-PT\",\"potentialAction\":[{\"@type\":\"ReadAction\",\"target\":[\"https:\\\/\\\/divertarte.com\\\/index.php\\\/produto\\\/gesso-especial-alemao-500-gr\\\/\"]}]},{\"@type\":\"ImageObject\",\"inLanguage\":\"pt-PT\",\"@id\":\"https:\\\/\\\/divertarte.com\\\/index.php\\\/produto\\\/gesso-especial-alemao-500-gr\\\/#primaryimage\",\"url\":\"https:\\\/\\\/divertarte.com\\\/wp-content\\\/uploads\\\/2018\\\/05\\\/Gesso_especial_500g.jpg\",\"contentUrl\":\"https:\\\/\\\/divertarte.com\\\/wp-content\\\/uploads\\\/2018\\\/05\\\/Gesso_especial_500g.jpg\",\"width\":558,\"height\":551},{\"@type\":\"BreadcrumbList\",\"@id\":\"https:\\\/\\\/divertarte.com\\\/index.php\\\/produto\\\/gesso-especial-alemao-500-gr\\\/#breadcrumb\",\"itemListElement\":[{\"@type\":\"ListItem\",\"position\":1,\"name\":\"In\u00edcio\",\"item\":\"https:\\\/\\\/divertarte.com\\\/\"},{\"@type\":\"ListItem\",\"position\":2,\"name\":\"Loja\",\"item\":\"https:\\\/\\\/divertarte.com\\\/index.php\\\/divertarte-produtos\\\/\"},{\"@type\":\"ListItem\",\"position\":3,\"name\":\"Gesso Alem\u00e3o Profissional &#8211; 500 gr\"}]},{\"@type\":\"WebSite\",\"@id\":\"https:\\\/\\\/divertarte.com\\\/#website\",\"url\":\"https:\\\/\\\/divertarte.com\\\/\",\"name\":\"Divertarte\",\"description\":\"\",\"publisher\":{\"@id\":\"https:\\\/\\\/divertarte.com\\\/#organization\"},\"potentialAction\":[{\"@type\":\"SearchAction\",\"target\":{\"@type\":\"EntryPoint\",\"urlTemplate\":\"https:\\\/\\\/divertarte.com\\\/?s={search_term_string}\"},\"query-input\":{\"@type\":\"PropertyValueSpecification\",\"valueRequired\":true,\"valueName\":\"search_term_string\"}}],\"inLanguage\":\"pt-PT\"},{\"@type\":\"Organization\",\"@id\":\"https:\\\/\\\/divertarte.com\\\/#organization\",\"name\":\"Divertarte\",\"url\":\"https:\\\/\\\/divertarte.com\\\/\",\"logo\":{\"@type\":\"ImageObject\",\"inLanguage\":\"pt-PT\",\"@id\":\"https:\\\/\\\/divertarte.com\\\/#\\\/schema\\\/logo\\\/image\\\/\",\"url\":\"https:\\\/\\\/divertarte.com\\\/wp-content\\\/uploads\\\/2018\\\/07\\\/logo-div.jpg\",\"contentUrl\":\"https:\\\/\\\/divertarte.com\\\/wp-content\\\/uploads\\\/2018\\\/07\\\/logo-div.jpg\",\"width\":295,\"height\":123,\"caption\":\"Divertarte\"},\"image\":{\"@id\":\"https:\\\/\\\/divertarte.com\\\/#\\\/schema\\\/logo\\\/image\\\/\"}}]}<\/script>\n<!-- \/ Yoast SEO plugin. -->","yoast_head_json":{"title":"Gesso Alem\u00e3o Profissional - 500 gr -","description":"Gesso especialmente concebido para a conforma\u00e7\u00e3o de matrizes e moldagem. Grande resist\u00eancia e porosidade.\u00a0 Cor rosado, resist\u00eancia e porosidade","robots":{"index":"index","follow":"follow","max-snippet":"max-snippet:-1","max-image-preview":"max-image-preview:large","max-video-preview":"max-video-preview:-1"},"canonical":"https:\/\/divertarte.com\/index.php\/produto\/gesso-especial-alemao-500-gr\/","og_locale":"pt_PT","og_type":"article","og_title":"Gesso Alem\u00e3o Profissional - 500 gr -","og_description":"Gesso especialmente concebido para a conforma\u00e7\u00e3o de matrizes e moldagem. Grande resist\u00eancia e porosidade.\u00a0 Cor rosado, resist\u00eancia e porosidade","og_url":"https:\/\/divertarte.com\/index.php\/produto\/gesso-especial-alemao-500-gr\/","article_modified_time":"2025-11-06T13:51:08+00:00","og_image":[{"width":558,"height":551,"url":"https:\/\/divertarte.com\/wp-content\/uploads\/2018\/05\/Gesso_especial_500g.jpg","type":"image\/jpeg"}],"twitter_card":"summary_large_image","twitter_misc":{"Tempo estimado de leitura":"1 minuto"},"schema":{"@context":"https:\/\/schema.org","@graph":[{"@type":"WebPage","@id":"https:\/\/divertarte.com\/index.php\/produto\/gesso-especial-alemao-500-gr\/","url":"https:\/\/divertarte.com\/index.php\/produto\/gesso-especial-alemao-500-gr\/","name":"Gesso Alem\u00e3o Profissional - 500 gr -","isPartOf":{"@id":"https:\/\/divertarte.com\/#website"},"primaryImageOfPage":{"@id":"https:\/\/divertarte.com\/index.php\/produto\/gesso-especial-alemao-500-gr\/#primaryimage"},"image":{"@id":"https:\/\/divertarte.com\/index.php\/produto\/gesso-especial-alemao-500-gr\/#primaryimage"},"thumbnailUrl":"https:\/\/divertarte.com\/wp-content\/uploads\/2018\/05\/Gesso_especial_500g.jpg","datePublished":"2018-06-07T13:10:46+00:00","dateModified":"2025-11-06T13:51:08+00:00","description":"Gesso especialmente concebido para a conforma\u00e7\u00e3o de matrizes e moldagem. Grande resist\u00eancia e porosidade.\u00a0 Cor rosado, resist\u00eancia e porosidade","breadcrumb":{"@id":"https:\/\/divertarte.com\/index.php\/produto\/gesso-especial-alemao-500-gr\/#breadcrumb"},"inLanguage":"pt-PT","potentialAction":[{"@type":"ReadAction","target":["https:\/\/divertarte.com\/index.php\/produto\/gesso-especial-alemao-500-gr\/"]}]},{"@type":"ImageObject","inLanguage":"pt-PT","@id":"https:\/\/divertarte.com\/index.php\/produto\/gesso-especial-alemao-500-gr\/#primaryimage","url":"https:\/\/divertarte.com\/wp-content\/uploads\/2018\/05\/Gesso_especial_500g.jpg","contentUrl":"https:\/\/divertarte.com\/wp-content\/uploads\/2018\/05\/Gesso_especial_500g.jpg","width":558,"height":551},{"@type":"BreadcrumbList","@id":"https:\/\/divertarte.com\/index.php\/produto\/gesso-especial-alemao-500-gr\/#breadcrumb","itemListElement":[{"@type":"ListItem","position":1,"name":"In\u00edcio","item":"https:\/\/divertarte.com\/"},{"@type":"ListItem","position":2,"name":"Loja","item":"https:\/\/divertarte.com\/index.php\/divertarte-produtos\/"},{"@type":"ListItem","position":3,"name":"Gesso Alem\u00e3o Profissional &#8211; 500 gr"}]},{"@type":"WebSite","@id":"https:\/\/divertarte.com\/#website","url":"https:\/\/divertarte.com\/","name":"Divertarte","description":"","publisher":{"@id":"https:\/\/divertarte.com\/#organization"},"potentialAction":[{"@type":"SearchAction","target":{"@type":"EntryPoint","urlTemplate":"https:\/\/divertarte.com\/?s={search_term_string}"},"query-input":{"@type":"PropertyValueSpecification","valueRequired":true,"valueName":"search_term_string"}}],"inLanguage":"pt-PT"},{"@type":"Organization","@id":"https:\/\/divertarte.com\/#organization","name":"Divertarte","url":"https:\/\/divertarte.com\/","logo":{"@type":"ImageObject","inLanguage":"pt-PT","@id":"https:\/\/divertarte.com\/#\/schema\/logo\/image\/","url":"https:\/\/divertarte.com\/wp-content\/uploads\/2018\/07\/logo-div.jpg","contentUrl":"https:\/\/divertarte.com\/wp-content\/uploads\/2018\/07\/logo-div.jpg","width":295,"height":123,"caption":"Divertarte"},"image":{"@id":"https:\/\/divertarte.com\/#\/schema\/logo\/image\/"}}]}},"_links":{"self":[{"href":"https:\/\/divertarte.com\/index.php\/wp-json\/wp\/v2\/product\/4460","targetHints":{"allow":["GET"]}}],"collection":[{"href":"https:\/\/divertarte.com\/index.php\/wp-json\/wp\/v2\/product"}],"about":[{"href":"https:\/\/divertarte.com\/index.php\/wp-json\/wp\/v2\/types\/product"}],"replies":[{"embeddable":true,"href":"https:\/\/divertarte.com\/index.php\/wp-json\/wp\/v2\/comments?post=4460"}],"wp:featuredmedia":[{"embeddable":true,"href":"https:\/\/divertarte.com\/index.php\/wp-json\/wp\/v2\/media\/7988"}],"wp:attachment":[{"href":"https:\/\/divertarte.com\/index.php\/wp-json\/wp\/v2\/media?parent=4460"}],"wp:term":[{"taxonomy":"product_brand","embeddable":true,"href":"https:\/\/divertarte.com\/index.php\/wp-json\/wp\/v2\/product_brand?post=4460"},{"taxonomy":"product_cat","embeddable":true,"href":"https:\/\/divertarte.com\/index.php\/wp-json\/wp\/v2\/product_cat?post=4460"},{"taxonomy":"product_tag","embeddable":true,"href":"https:\/\/divertarte.com\/index.php\/wp-json\/wp\/v2\/product_tag?post=4460"}],"curies":[{"name":"wp","href":"https:\/\/api.w.org\/{rel}","templated":true}]}}