{"id":3994,"date":"2018-06-07T14:16:57","date_gmt":"2018-06-07T13:16:57","guid":{"rendered":"https:\/\/divertarte.com\/index.php\/produto\/alecrim-desidratado\/"},"modified":"2025-11-06T13:38:52","modified_gmt":"2025-11-06T13:38:52","slug":"alecrim-desidratado","status":"publish","type":"product","link":"https:\/\/divertarte.com\/index.php\/produto\/alecrim-desidratado\/","title":{"rendered":"ALECRIM DESIDRATADO"},"content":{"rendered":"<p>Pacote com peso l\u00edquido de 10g<br \/>\nModo de utiliza\u00e7\u00e3o: embalados em pequenos saquinhos de tecido de algod\u00e3o ou organza s\u00e3o utilizados para serem colocados entre as roupas do arm\u00e1rio para dar-lhes uma fragr\u00e2ncia fresca e agrad\u00e1vel, e tamb\u00e9m para impedir a presen\u00e7a de insectos e parasitas &#8211; SABONETES, VELAS, DECORA\u00c7\u00c3O COM ELEMETOS SECOS, PRENDINHAS DE CASAMENTO, ANIVERS\u00c1RIO.<br \/>\n\u00c1gua de flor de Alecrim para tonico de rosto: Cozer o 10 gramas Alecrim em 100ml de \u00e1gua e ferver durante um minuto. Coar. Deixar arrefecer a \u00e1gua de Alecrim. Aplicar no rosto com algod\u00e3o.<\/p>\n","protected":false},"excerpt":{"rendered":"<p>Pacote com peso l\u00edquido de 10g<br \/>\nModo de utiliza\u00e7\u00e3o: embalados em pequenos saquinhos de tecido de algod\u00e3o ou organza s\u00e3o utilizados para serem colocados entre as roupas do arm\u00e1rio para dar-lhes uma fragr\u00e2ncia fresca e agrad\u00e1vel, e tamb\u00e9m para impedir a presen\u00e7a de insectos e parasitas &#8211; SABONETES, VELAS, DECORA\u00c7\u00c3O COM ELEMETOS SECOS, PRENDINHAS DE CASAMENTO, ANIVERS\u00c1RIO.<br \/>\n\u00c1gua de flor de Alecrim para tonico de rosto: Cozer o 10 gramas Alecrim em 100ml de \u00e1gua e ferver durante um minuto. Coar. Deixar arrefecer a \u00e1gua de Alecrim. Aplicar no rosto com algod\u00e3o.<\/p>\n","protected":false},"featured_media":7573,"comment_status":"closed","ping_status":"closed","template":"","meta":{"_exactmetrics_skip_tracking":false,"_exactmetrics_sitenote_active":false,"_exactmetrics_sitenote_note":"","_exactmetrics_sitenote_category":0},"product_brand":[],"product_cat":[50,15],"product_tag":[],"class_list":{"0":"post-3994","1":"product","2":"type-product","3":"status-publish","4":"has-post-thumbnail","6":"product_cat-plantas-secas-desidratadas","7":"product_cat-ver-todos-os-produtos","9":"first","10":"instock","11":"taxable","12":"shipping-taxable","13":"purchasable","14":"product-type-simple"},"yoast_head":"<!-- This site is optimized with the Yoast SEO plugin v27.4 - https:\/\/yoast.com\/product\/yoast-seo-wordpress\/ -->\n<title>ALECRIM DESIDRATADO -<\/title>\n<meta name=\"robots\" content=\"index, follow, max-snippet:-1, max-image-preview:large, max-video-preview:-1\" \/>\n<link rel=\"canonical\" href=\"https:\/\/divertarte.com\/index.php\/produto\/alecrim-desidratado\/\" \/>\n<meta property=\"og:locale\" content=\"pt_PT\" \/>\n<meta property=\"og:type\" content=\"article\" \/>\n<meta property=\"og:title\" content=\"ALECRIM DESIDRATADO -\" \/>\n<meta property=\"og:description\" content=\"Pacote com peso l\u00edquido de 10g Modo de utiliza\u00e7\u00e3o: embalados em pequenos saquinhos de tecido de algod\u00e3o ou organza s\u00e3o utilizados para serem colocados entre as roupas do arm\u00e1rio para dar-lhes uma fragr\u00e2ncia fresca e agrad\u00e1vel, e tamb\u00e9m para impedir a presen\u00e7a de insectos e parasitas - SABONETES, VELAS, DECORA\u00c7\u00c3O COM ELEMETOS SECOS, PRENDINHAS DE CASAMENTO, ANIVERS\u00c1RIO. \u00c1gua de flor de Alecrim para tonico de rosto: Cozer o 10 gramas Alecrim em 100ml de \u00e1gua e ferver durante um minuto. Coar. Deixar arrefecer a \u00e1gua de Alecrim. Aplicar no rosto com algod\u00e3o.\" \/>\n<meta property=\"og:url\" content=\"https:\/\/divertarte.com\/index.php\/produto\/alecrim-desidratado\/\" \/>\n<meta property=\"article:modified_time\" content=\"2025-11-06T13:38:52+00:00\" \/>\n<meta property=\"og:image\" content=\"https:\/\/divertarte.com\/wp-content\/uploads\/2018\/05\/alecrim_desidratado.jpg\" \/>\n\t<meta property=\"og:image:width\" content=\"558\" \/>\n\t<meta property=\"og:image:height\" content=\"556\" \/>\n\t<meta property=\"og:image:type\" content=\"image\/jpeg\" \/>\n<meta name=\"twitter:card\" content=\"summary_large_image\" \/>\n<meta name=\"twitter:label1\" content=\"Tempo estimado de leitura\" \/>\n\t<meta name=\"twitter:data1\" content=\"1 minuto\" \/>\n<script type=\"application\/ld+json\" class=\"yoast-schema-graph\">{\"@context\":\"https:\\\/\\\/schema.org\",\"@graph\":[{\"@type\":\"WebPage\",\"@id\":\"https:\\\/\\\/divertarte.com\\\/index.php\\\/produto\\\/alecrim-desidratado\\\/\",\"url\":\"https:\\\/\\\/divertarte.com\\\/index.php\\\/produto\\\/alecrim-desidratado\\\/\",\"name\":\"ALECRIM DESIDRATADO -\",\"isPartOf\":{\"@id\":\"https:\\\/\\\/divertarte.com\\\/#website\"},\"primaryImageOfPage\":{\"@id\":\"https:\\\/\\\/divertarte.com\\\/index.php\\\/produto\\\/alecrim-desidratado\\\/#primaryimage\"},\"image\":{\"@id\":\"https:\\\/\\\/divertarte.com\\\/index.php\\\/produto\\\/alecrim-desidratado\\\/#primaryimage\"},\"thumbnailUrl\":\"https:\\\/\\\/divertarte.com\\\/wp-content\\\/uploads\\\/2018\\\/05\\\/alecrim_desidratado.jpg\",\"datePublished\":\"2018-06-07T13:16:57+00:00\",\"dateModified\":\"2025-11-06T13:38:52+00:00\",\"breadcrumb\":{\"@id\":\"https:\\\/\\\/divertarte.com\\\/index.php\\\/produto\\\/alecrim-desidratado\\\/#breadcrumb\"},\"inLanguage\":\"pt-PT\",\"potentialAction\":[{\"@type\":\"ReadAction\",\"target\":[\"https:\\\/\\\/divertarte.com\\\/index.php\\\/produto\\\/alecrim-desidratado\\\/\"]}]},{\"@type\":\"ImageObject\",\"inLanguage\":\"pt-PT\",\"@id\":\"https:\\\/\\\/divertarte.com\\\/index.php\\\/produto\\\/alecrim-desidratado\\\/#primaryimage\",\"url\":\"https:\\\/\\\/divertarte.com\\\/wp-content\\\/uploads\\\/2018\\\/05\\\/alecrim_desidratado.jpg\",\"contentUrl\":\"https:\\\/\\\/divertarte.com\\\/wp-content\\\/uploads\\\/2018\\\/05\\\/alecrim_desidratado.jpg\",\"width\":558,\"height\":556},{\"@type\":\"BreadcrumbList\",\"@id\":\"https:\\\/\\\/divertarte.com\\\/index.php\\\/produto\\\/alecrim-desidratado\\\/#breadcrumb\",\"itemListElement\":[{\"@type\":\"ListItem\",\"position\":1,\"name\":\"In\u00edcio\",\"item\":\"https:\\\/\\\/divertarte.com\\\/\"},{\"@type\":\"ListItem\",\"position\":2,\"name\":\"Loja\",\"item\":\"https:\\\/\\\/divertarte.com\\\/index.php\\\/divertarte-produtos\\\/\"},{\"@type\":\"ListItem\",\"position\":3,\"name\":\"ALECRIM DESIDRATADO\"}]},{\"@type\":\"WebSite\",\"@id\":\"https:\\\/\\\/divertarte.com\\\/#website\",\"url\":\"https:\\\/\\\/divertarte.com\\\/\",\"name\":\"Divertarte\",\"description\":\"\",\"publisher\":{\"@id\":\"https:\\\/\\\/divertarte.com\\\/#organization\"},\"potentialAction\":[{\"@type\":\"SearchAction\",\"target\":{\"@type\":\"EntryPoint\",\"urlTemplate\":\"https:\\\/\\\/divertarte.com\\\/?s={search_term_string}\"},\"query-input\":{\"@type\":\"PropertyValueSpecification\",\"valueRequired\":true,\"valueName\":\"search_term_string\"}}],\"inLanguage\":\"pt-PT\"},{\"@type\":\"Organization\",\"@id\":\"https:\\\/\\\/divertarte.com\\\/#organization\",\"name\":\"Divertarte\",\"url\":\"https:\\\/\\\/divertarte.com\\\/\",\"logo\":{\"@type\":\"ImageObject\",\"inLanguage\":\"pt-PT\",\"@id\":\"https:\\\/\\\/divertarte.com\\\/#\\\/schema\\\/logo\\\/image\\\/\",\"url\":\"https:\\\/\\\/divertarte.com\\\/wp-content\\\/uploads\\\/2018\\\/07\\\/logo-div.jpg\",\"contentUrl\":\"https:\\\/\\\/divertarte.com\\\/wp-content\\\/uploads\\\/2018\\\/07\\\/logo-div.jpg\",\"width\":295,\"height\":123,\"caption\":\"Divertarte\"},\"image\":{\"@id\":\"https:\\\/\\\/divertarte.com\\\/#\\\/schema\\\/logo\\\/image\\\/\"}}]}<\/script>\n<!-- \/ Yoast SEO plugin. -->","yoast_head_json":{"title":"ALECRIM DESIDRATADO -","robots":{"index":"index","follow":"follow","max-snippet":"max-snippet:-1","max-image-preview":"max-image-preview:large","max-video-preview":"max-video-preview:-1"},"canonical":"https:\/\/divertarte.com\/index.php\/produto\/alecrim-desidratado\/","og_locale":"pt_PT","og_type":"article","og_title":"ALECRIM DESIDRATADO -","og_description":"Pacote com peso l\u00edquido de 10g Modo de utiliza\u00e7\u00e3o: embalados em pequenos saquinhos de tecido de algod\u00e3o ou organza s\u00e3o utilizados para serem colocados entre as roupas do arm\u00e1rio para dar-lhes uma fragr\u00e2ncia fresca e agrad\u00e1vel, e tamb\u00e9m para impedir a presen\u00e7a de insectos e parasitas - SABONETES, VELAS, DECORA\u00c7\u00c3O COM ELEMETOS SECOS, PRENDINHAS DE CASAMENTO, ANIVERS\u00c1RIO. \u00c1gua de flor de Alecrim para tonico de rosto: Cozer o 10 gramas Alecrim em 100ml de \u00e1gua e ferver durante um minuto. Coar. Deixar arrefecer a \u00e1gua de Alecrim. Aplicar no rosto com algod\u00e3o.","og_url":"https:\/\/divertarte.com\/index.php\/produto\/alecrim-desidratado\/","article_modified_time":"2025-11-06T13:38:52+00:00","og_image":[{"width":558,"height":556,"url":"https:\/\/divertarte.com\/wp-content\/uploads\/2018\/05\/alecrim_desidratado.jpg","type":"image\/jpeg"}],"twitter_card":"summary_large_image","twitter_misc":{"Tempo estimado de leitura":"1 minuto"},"schema":{"@context":"https:\/\/schema.org","@graph":[{"@type":"WebPage","@id":"https:\/\/divertarte.com\/index.php\/produto\/alecrim-desidratado\/","url":"https:\/\/divertarte.com\/index.php\/produto\/alecrim-desidratado\/","name":"ALECRIM DESIDRATADO -","isPartOf":{"@id":"https:\/\/divertarte.com\/#website"},"primaryImageOfPage":{"@id":"https:\/\/divertarte.com\/index.php\/produto\/alecrim-desidratado\/#primaryimage"},"image":{"@id":"https:\/\/divertarte.com\/index.php\/produto\/alecrim-desidratado\/#primaryimage"},"thumbnailUrl":"https:\/\/divertarte.com\/wp-content\/uploads\/2018\/05\/alecrim_desidratado.jpg","datePublished":"2018-06-07T13:16:57+00:00","dateModified":"2025-11-06T13:38:52+00:00","breadcrumb":{"@id":"https:\/\/divertarte.com\/index.php\/produto\/alecrim-desidratado\/#breadcrumb"},"inLanguage":"pt-PT","potentialAction":[{"@type":"ReadAction","target":["https:\/\/divertarte.com\/index.php\/produto\/alecrim-desidratado\/"]}]},{"@type":"ImageObject","inLanguage":"pt-PT","@id":"https:\/\/divertarte.com\/index.php\/produto\/alecrim-desidratado\/#primaryimage","url":"https:\/\/divertarte.com\/wp-content\/uploads\/2018\/05\/alecrim_desidratado.jpg","contentUrl":"https:\/\/divertarte.com\/wp-content\/uploads\/2018\/05\/alecrim_desidratado.jpg","width":558,"height":556},{"@type":"BreadcrumbList","@id":"https:\/\/divertarte.com\/index.php\/produto\/alecrim-desidratado\/#breadcrumb","itemListElement":[{"@type":"ListItem","position":1,"name":"In\u00edcio","item":"https:\/\/divertarte.com\/"},{"@type":"ListItem","position":2,"name":"Loja","item":"https:\/\/divertarte.com\/index.php\/divertarte-produtos\/"},{"@type":"ListItem","position":3,"name":"ALECRIM DESIDRATADO"}]},{"@type":"WebSite","@id":"https:\/\/divertarte.com\/#website","url":"https:\/\/divertarte.com\/","name":"Divertarte","description":"","publisher":{"@id":"https:\/\/divertarte.com\/#organization"},"potentialAction":[{"@type":"SearchAction","target":{"@type":"EntryPoint","urlTemplate":"https:\/\/divertarte.com\/?s={search_term_string}"},"query-input":{"@type":"PropertyValueSpecification","valueRequired":true,"valueName":"search_term_string"}}],"inLanguage":"pt-PT"},{"@type":"Organization","@id":"https:\/\/divertarte.com\/#organization","name":"Divertarte","url":"https:\/\/divertarte.com\/","logo":{"@type":"ImageObject","inLanguage":"pt-PT","@id":"https:\/\/divertarte.com\/#\/schema\/logo\/image\/","url":"https:\/\/divertarte.com\/wp-content\/uploads\/2018\/07\/logo-div.jpg","contentUrl":"https:\/\/divertarte.com\/wp-content\/uploads\/2018\/07\/logo-div.jpg","width":295,"height":123,"caption":"Divertarte"},"image":{"@id":"https:\/\/divertarte.com\/#\/schema\/logo\/image\/"}}]}},"_links":{"self":[{"href":"https:\/\/divertarte.com\/index.php\/wp-json\/wp\/v2\/product\/3994","targetHints":{"allow":["GET"]}}],"collection":[{"href":"https:\/\/divertarte.com\/index.php\/wp-json\/wp\/v2\/product"}],"about":[{"href":"https:\/\/divertarte.com\/index.php\/wp-json\/wp\/v2\/types\/product"}],"replies":[{"embeddable":true,"href":"https:\/\/divertarte.com\/index.php\/wp-json\/wp\/v2\/comments?post=3994"}],"wp:featuredmedia":[{"embeddable":true,"href":"https:\/\/divertarte.com\/index.php\/wp-json\/wp\/v2\/media\/7573"}],"wp:attachment":[{"href":"https:\/\/divertarte.com\/index.php\/wp-json\/wp\/v2\/media?parent=3994"}],"wp:term":[{"taxonomy":"product_brand","embeddable":true,"href":"https:\/\/divertarte.com\/index.php\/wp-json\/wp\/v2\/product_brand?post=3994"},{"taxonomy":"product_cat","embeddable":true,"href":"https:\/\/divertarte.com\/index.php\/wp-json\/wp\/v2\/product_cat?post=3994"},{"taxonomy":"product_tag","embeddable":true,"href":"https:\/\/divertarte.com\/index.php\/wp-json\/wp\/v2\/product_tag?post=3994"}],"curies":[{"name":"wp","href":"https:\/\/api.w.org\/{rel}","templated":true}]}}