{"id":3957,"date":"2018-06-07T14:17:55","date_gmt":"2018-06-07T13:17:55","guid":{"rendered":"https:\/\/divertarte.com\/index.php\/produto\/folha-de-transferencia\/"},"modified":"2025-11-06T13:35:45","modified_gmt":"2025-11-06T13:35:45","slug":"folha-de-transferencia","status":"publish","type":"product","link":"https:\/\/divertarte.com\/index.php\/produto\/folha-de-transferencia\/","title":{"rendered":"FOLHA DE TRANSFERENCIA"},"content":{"rendered":"<p>A folha de transfer\u00eancia \u00e9 especialmente concebida para transferir todas as partes negativas dos contornos dos autocolantes, sem danificar a superf\u00edcie.<\/p>\n<p>A folha de transfer\u00eancia consiste numa pel\u00edcula adesiva transparente \u00e0\u00a0 qual se aderem os autocolantes. Uma vez que a pel\u00edcula adesiva tem menos cola, os autocolante s\u00e3o facilmente aplicados, sem danificar o projeto.<\/p>\n<p>Como usar a folha de transfer\u00eancia:<\/p>\n<p>1. Corte a folha de transfer\u00eancia um pouco maior que o autocolante a transferir.<\/p>\n<p>2. Retire o papel protetor da folha de transfer\u00eancia e cole sobre o seu autocolante.<\/p>\n<p>3. Pressione a folha de transfer\u00eancia sobre todas as partes do autocolante a transferir<\/p>\n<p>4. A partir de um canto bem definido, retire a folha de transfer\u00eancia certificando-se que o autocolante vem todo colado a ela.<\/p>\n<p>5. Cole a folha de transporte sobre a o seu projeto e pressione bem o autocolante para que adira bem \u00c3\u00a0 superf\u00edcie de trabalho.<\/p>\n<p>7. Mais uma vez, remova cuidadosamente a folha de transfer\u00eancia a partir de um canto bem definido, de modo que o pr\u00f3prio decalque permane\u00e7a intacto e no s\u00edtio certo do seu projeto .<\/p>\n","protected":false},"excerpt":{"rendered":"<p>A folha de transfer\u00eancia \u00e9 especialmente concebida para transferir todas as partes negativas dos contornos dos autocolantes, sem danificar a superf\u00edcie.<\/p>\n<p>A folha de transfer\u00eancia consiste numa pel\u00edcula adesiva transparente \u00e0\u00a0 qual se aderem os autocolantes. Uma vez que a pel\u00edcula adesiva tem menos cola, os autocolante s\u00e3o facilmente aplicados, sem danificar o projeto.<\/p>\n<p>&nbsp;<\/p>\n","protected":false},"featured_media":7540,"comment_status":"closed","ping_status":"closed","template":"","meta":{"_exactmetrics_skip_tracking":false,"_exactmetrics_sitenote_active":false,"_exactmetrics_sitenote_note":"","_exactmetrics_sitenote_category":0},"product_brand":[],"product_cat":[22,15],"product_tag":[],"class_list":{"0":"post-3957","1":"product","2":"type-product","3":"status-publish","4":"has-post-thumbnail","6":"product_cat-autocolantes-comunhao-batizado-crisma-profissao-de-fe-casamento-alfabeto-numeros-personalizado","7":"product_cat-ver-todos-os-produtos","9":"first","10":"instock","11":"taxable","12":"shipping-taxable","13":"purchasable","14":"product-type-simple"},"yoast_head":"<!-- This site is optimized with the Yoast SEO plugin v27.5 - https:\/\/yoast.com\/product\/yoast-seo-wordpress\/ -->\n<title>FOLHA DE TRANSFERENCIA -<\/title>\n<meta name=\"robots\" content=\"index, follow, max-snippet:-1, max-image-preview:large, max-video-preview:-1\" \/>\n<link rel=\"canonical\" href=\"https:\/\/divertarte.com\/index.php\/produto\/folha-de-transferencia\/\" \/>\n<meta property=\"og:locale\" content=\"pt_PT\" \/>\n<meta property=\"og:type\" content=\"article\" \/>\n<meta property=\"og:title\" content=\"FOLHA DE TRANSFERENCIA -\" \/>\n<meta property=\"og:description\" content=\"A folha de transfer\u00eancia \u00e9 especialmente concebida para transferir todas as partes negativas dos contornos dos autocolantes, sem danificar a superf\u00edcie.  A folha de transfer\u00eancia consiste numa pel\u00edcula adesiva transparente \u00e0\u00a0 qual se aderem os autocolantes. Uma vez que a pel\u00edcula adesiva tem menos cola, os autocolante s\u00e3o facilmente aplicados, sem danificar o projeto.  &nbsp;\" \/>\n<meta property=\"og:url\" content=\"https:\/\/divertarte.com\/index.php\/produto\/folha-de-transferencia\/\" \/>\n<meta property=\"article:modified_time\" content=\"2025-11-06T13:35:45+00:00\" \/>\n<meta property=\"og:image\" content=\"https:\/\/divertarte.com\/wp-content\/uploads\/2018\/05\/folha_transfer.jpg\" \/>\n\t<meta property=\"og:image:width\" content=\"558\" \/>\n\t<meta property=\"og:image:height\" content=\"558\" \/>\n\t<meta property=\"og:image:type\" content=\"image\/jpeg\" \/>\n<meta name=\"twitter:card\" content=\"summary_large_image\" \/>\n<meta name=\"twitter:label1\" content=\"Tempo estimado de leitura\" \/>\n\t<meta name=\"twitter:data1\" content=\"1 minuto\" \/>\n<script type=\"application\/ld+json\" class=\"yoast-schema-graph\">{\"@context\":\"https:\\\/\\\/schema.org\",\"@graph\":[{\"@type\":\"WebPage\",\"@id\":\"https:\\\/\\\/divertarte.com\\\/index.php\\\/produto\\\/folha-de-transferencia\\\/\",\"url\":\"https:\\\/\\\/divertarte.com\\\/index.php\\\/produto\\\/folha-de-transferencia\\\/\",\"name\":\"FOLHA DE TRANSFERENCIA -\",\"isPartOf\":{\"@id\":\"https:\\\/\\\/divertarte.com\\\/#website\"},\"primaryImageOfPage\":{\"@id\":\"https:\\\/\\\/divertarte.com\\\/index.php\\\/produto\\\/folha-de-transferencia\\\/#primaryimage\"},\"image\":{\"@id\":\"https:\\\/\\\/divertarte.com\\\/index.php\\\/produto\\\/folha-de-transferencia\\\/#primaryimage\"},\"thumbnailUrl\":\"https:\\\/\\\/divertarte.com\\\/wp-content\\\/uploads\\\/2018\\\/05\\\/folha_transfer.jpg\",\"datePublished\":\"2018-06-07T13:17:55+00:00\",\"dateModified\":\"2025-11-06T13:35:45+00:00\",\"breadcrumb\":{\"@id\":\"https:\\\/\\\/divertarte.com\\\/index.php\\\/produto\\\/folha-de-transferencia\\\/#breadcrumb\"},\"inLanguage\":\"pt-PT\",\"potentialAction\":[{\"@type\":\"ReadAction\",\"target\":[\"https:\\\/\\\/divertarte.com\\\/index.php\\\/produto\\\/folha-de-transferencia\\\/\"]}]},{\"@type\":\"ImageObject\",\"inLanguage\":\"pt-PT\",\"@id\":\"https:\\\/\\\/divertarte.com\\\/index.php\\\/produto\\\/folha-de-transferencia\\\/#primaryimage\",\"url\":\"https:\\\/\\\/divertarte.com\\\/wp-content\\\/uploads\\\/2018\\\/05\\\/folha_transfer.jpg\",\"contentUrl\":\"https:\\\/\\\/divertarte.com\\\/wp-content\\\/uploads\\\/2018\\\/05\\\/folha_transfer.jpg\",\"width\":558,\"height\":558},{\"@type\":\"BreadcrumbList\",\"@id\":\"https:\\\/\\\/divertarte.com\\\/index.php\\\/produto\\\/folha-de-transferencia\\\/#breadcrumb\",\"itemListElement\":[{\"@type\":\"ListItem\",\"position\":1,\"name\":\"In\u00edcio\",\"item\":\"https:\\\/\\\/divertarte.com\\\/\"},{\"@type\":\"ListItem\",\"position\":2,\"name\":\"Loja\",\"item\":\"https:\\\/\\\/divertarte.com\\\/index.php\\\/divertarte-produtos\\\/\"},{\"@type\":\"ListItem\",\"position\":3,\"name\":\"FOLHA DE TRANSFERENCIA\"}]},{\"@type\":\"WebSite\",\"@id\":\"https:\\\/\\\/divertarte.com\\\/#website\",\"url\":\"https:\\\/\\\/divertarte.com\\\/\",\"name\":\"Divertarte\",\"description\":\"\",\"publisher\":{\"@id\":\"https:\\\/\\\/divertarte.com\\\/#organization\"},\"potentialAction\":[{\"@type\":\"SearchAction\",\"target\":{\"@type\":\"EntryPoint\",\"urlTemplate\":\"https:\\\/\\\/divertarte.com\\\/?s={search_term_string}\"},\"query-input\":{\"@type\":\"PropertyValueSpecification\",\"valueRequired\":true,\"valueName\":\"search_term_string\"}}],\"inLanguage\":\"pt-PT\"},{\"@type\":\"Organization\",\"@id\":\"https:\\\/\\\/divertarte.com\\\/#organization\",\"name\":\"Divertarte\",\"url\":\"https:\\\/\\\/divertarte.com\\\/\",\"logo\":{\"@type\":\"ImageObject\",\"inLanguage\":\"pt-PT\",\"@id\":\"https:\\\/\\\/divertarte.com\\\/#\\\/schema\\\/logo\\\/image\\\/\",\"url\":\"https:\\\/\\\/divertarte.com\\\/wp-content\\\/uploads\\\/2018\\\/07\\\/logo-div.jpg\",\"contentUrl\":\"https:\\\/\\\/divertarte.com\\\/wp-content\\\/uploads\\\/2018\\\/07\\\/logo-div.jpg\",\"width\":295,\"height\":123,\"caption\":\"Divertarte\"},\"image\":{\"@id\":\"https:\\\/\\\/divertarte.com\\\/#\\\/schema\\\/logo\\\/image\\\/\"}}]}<\/script>\n<!-- \/ Yoast SEO plugin. -->","yoast_head_json":{"title":"FOLHA DE TRANSFERENCIA -","robots":{"index":"index","follow":"follow","max-snippet":"max-snippet:-1","max-image-preview":"max-image-preview:large","max-video-preview":"max-video-preview:-1"},"canonical":"https:\/\/divertarte.com\/index.php\/produto\/folha-de-transferencia\/","og_locale":"pt_PT","og_type":"article","og_title":"FOLHA DE TRANSFERENCIA -","og_description":"A folha de transfer\u00eancia \u00e9 especialmente concebida para transferir todas as partes negativas dos contornos dos autocolantes, sem danificar a superf\u00edcie.  A folha de transfer\u00eancia consiste numa pel\u00edcula adesiva transparente \u00e0\u00a0 qual se aderem os autocolantes. Uma vez que a pel\u00edcula adesiva tem menos cola, os autocolante s\u00e3o facilmente aplicados, sem danificar o projeto.  &nbsp;","og_url":"https:\/\/divertarte.com\/index.php\/produto\/folha-de-transferencia\/","article_modified_time":"2025-11-06T13:35:45+00:00","og_image":[{"width":558,"height":558,"url":"https:\/\/divertarte.com\/wp-content\/uploads\/2018\/05\/folha_transfer.jpg","type":"image\/jpeg"}],"twitter_card":"summary_large_image","twitter_misc":{"Tempo estimado de leitura":"1 minuto"},"schema":{"@context":"https:\/\/schema.org","@graph":[{"@type":"WebPage","@id":"https:\/\/divertarte.com\/index.php\/produto\/folha-de-transferencia\/","url":"https:\/\/divertarte.com\/index.php\/produto\/folha-de-transferencia\/","name":"FOLHA DE TRANSFERENCIA -","isPartOf":{"@id":"https:\/\/divertarte.com\/#website"},"primaryImageOfPage":{"@id":"https:\/\/divertarte.com\/index.php\/produto\/folha-de-transferencia\/#primaryimage"},"image":{"@id":"https:\/\/divertarte.com\/index.php\/produto\/folha-de-transferencia\/#primaryimage"},"thumbnailUrl":"https:\/\/divertarte.com\/wp-content\/uploads\/2018\/05\/folha_transfer.jpg","datePublished":"2018-06-07T13:17:55+00:00","dateModified":"2025-11-06T13:35:45+00:00","breadcrumb":{"@id":"https:\/\/divertarte.com\/index.php\/produto\/folha-de-transferencia\/#breadcrumb"},"inLanguage":"pt-PT","potentialAction":[{"@type":"ReadAction","target":["https:\/\/divertarte.com\/index.php\/produto\/folha-de-transferencia\/"]}]},{"@type":"ImageObject","inLanguage":"pt-PT","@id":"https:\/\/divertarte.com\/index.php\/produto\/folha-de-transferencia\/#primaryimage","url":"https:\/\/divertarte.com\/wp-content\/uploads\/2018\/05\/folha_transfer.jpg","contentUrl":"https:\/\/divertarte.com\/wp-content\/uploads\/2018\/05\/folha_transfer.jpg","width":558,"height":558},{"@type":"BreadcrumbList","@id":"https:\/\/divertarte.com\/index.php\/produto\/folha-de-transferencia\/#breadcrumb","itemListElement":[{"@type":"ListItem","position":1,"name":"In\u00edcio","item":"https:\/\/divertarte.com\/"},{"@type":"ListItem","position":2,"name":"Loja","item":"https:\/\/divertarte.com\/index.php\/divertarte-produtos\/"},{"@type":"ListItem","position":3,"name":"FOLHA DE TRANSFERENCIA"}]},{"@type":"WebSite","@id":"https:\/\/divertarte.com\/#website","url":"https:\/\/divertarte.com\/","name":"Divertarte","description":"","publisher":{"@id":"https:\/\/divertarte.com\/#organization"},"potentialAction":[{"@type":"SearchAction","target":{"@type":"EntryPoint","urlTemplate":"https:\/\/divertarte.com\/?s={search_term_string}"},"query-input":{"@type":"PropertyValueSpecification","valueRequired":true,"valueName":"search_term_string"}}],"inLanguage":"pt-PT"},{"@type":"Organization","@id":"https:\/\/divertarte.com\/#organization","name":"Divertarte","url":"https:\/\/divertarte.com\/","logo":{"@type":"ImageObject","inLanguage":"pt-PT","@id":"https:\/\/divertarte.com\/#\/schema\/logo\/image\/","url":"https:\/\/divertarte.com\/wp-content\/uploads\/2018\/07\/logo-div.jpg","contentUrl":"https:\/\/divertarte.com\/wp-content\/uploads\/2018\/07\/logo-div.jpg","width":295,"height":123,"caption":"Divertarte"},"image":{"@id":"https:\/\/divertarte.com\/#\/schema\/logo\/image\/"}}]}},"_links":{"self":[{"href":"https:\/\/divertarte.com\/index.php\/wp-json\/wp\/v2\/product\/3957","targetHints":{"allow":["GET"]}}],"collection":[{"href":"https:\/\/divertarte.com\/index.php\/wp-json\/wp\/v2\/product"}],"about":[{"href":"https:\/\/divertarte.com\/index.php\/wp-json\/wp\/v2\/types\/product"}],"replies":[{"embeddable":true,"href":"https:\/\/divertarte.com\/index.php\/wp-json\/wp\/v2\/comments?post=3957"}],"wp:featuredmedia":[{"embeddable":true,"href":"https:\/\/divertarte.com\/index.php\/wp-json\/wp\/v2\/media\/7540"}],"wp:attachment":[{"href":"https:\/\/divertarte.com\/index.php\/wp-json\/wp\/v2\/media?parent=3957"}],"wp:term":[{"taxonomy":"product_brand","embeddable":true,"href":"https:\/\/divertarte.com\/index.php\/wp-json\/wp\/v2\/product_brand?post=3957"},{"taxonomy":"product_cat","embeddable":true,"href":"https:\/\/divertarte.com\/index.php\/wp-json\/wp\/v2\/product_cat?post=3957"},{"taxonomy":"product_tag","embeddable":true,"href":"https:\/\/divertarte.com\/index.php\/wp-json\/wp\/v2\/product_tag?post=3957"}],"curies":[{"name":"wp","href":"https:\/\/api.w.org\/{rel}","templated":true}]}}