{"id":3858,"date":"2018-06-07T14:12:41","date_gmt":"2018-06-07T13:12:41","guid":{"rendered":"https:\/\/divertarte.com\/index.php\/produto\/petalas-de-rosa-desidratadas\/"},"modified":"2025-11-06T13:48:15","modified_gmt":"2025-11-06T13:48:15","slug":"petalas-de-rosa-desidratadas","status":"publish","type":"product","link":"https:\/\/divertarte.com\/index.php\/produto\/petalas-de-rosa-desidratadas\/","title":{"rendered":"PETALAS DE ROSA DESIDRATADAS"},"content":{"rendered":"<p>PETALAS DE ROSA DESIDRATADAS<\/p>\n<p>PAC 20g &#8211; SABONETES, VELAS, BANHOS, DECORA\u00c7\u00c3O COM ELEMENTOS SECOS, PRENDINHAS DE CASAMENTO, ANIVERS\u00c1RIO<br \/>\nA \u00e1gua de Rosas Rubras (Rosa Gallica) cont\u00e9m pequenas particulas calmantes que ajudam a acalmar a pele sens\u00edvel e envelhecida.<br \/>\nModo de usar: Ferver 100ml de \u00e1gua. Verter sobre 10 gramas de P\u00e9talas de Rosas Rubras. Deixar repousar um minuto com o recipiente tapado. Coar. Deixar arrefecer a \u00e1gua de Rosas Rubras.<\/p>\n<p>Aplicar no rosto com algod\u00e3o. O t\u00f3nico pode ser guardado no frigorifico durante uma semana em recipiente fechado de vidro ambar. \u00c9 aconselh\u00e1vel fazer pequenas quantidades para estar sempre fresco.<br \/>\nIndica\u00e7\u00f5es: Usar como um t\u00f3nico natural; colocar nos olhos para redu\u00e7\u00e3o de olheiras; borrifar o rosto para refrescar a pele no Ver\u00e3o; borrifar o cabelo para o perfumar.<br \/>\nTipos de pele: Todos os tipos de pele, especialmente pele sens\u00edvel e envelhecida.<\/p>\n","protected":false},"excerpt":{"rendered":"<p>PAC 20g &#8211; SABONETES, VELAS, BANHOS, DECORA\u00c7\u00c3O COM ELEMENTOS SECOS, PRENDINHAS DE CASAMENTO, ANIVERS\u00c1RIO<br \/>\nA \u00e1gua de Rosas Rubras (Rosa Gallica) cont\u00e9m pequenas particulas calmantes que ajudam a acalmar a pele sens\u00edvel e envelhecida.<br \/>\nModo de usar: Ferver 100ml de \u00e1gua. Verter sobre 10 gramas de P\u00e9talas de Rosas Rubras. Deixar repousar um minuto com o recipiente tapado. Coar. Deixar arrefecer a \u00e1gua de Rosas Rubras.<\/p>\n<p>Aplicar no rosto com algod\u00e3o. O t\u00f3nico pode ser guardado no frigorifico durante uma semana em recipiente fechado de vidro ambar. \u00c9 aconselh\u00e1vel fazer pequenas quantidades para estar sempre fresco.<br \/>\nIndica\u00e7\u00f5es: Usar como um t\u00f3nico natural; colocar nos olhos para redu\u00e7\u00e3o de olheiras; borrifar o rosto para refrescar a pele no Ver\u00e3o; borrifar o cabelo para o perfumar.<br \/>\nTipos de pele: Todos os tipos de pele, especialmente pele sens\u00edvel e envelhecida.<\/p>\n","protected":false},"featured_media":7455,"comment_status":"closed","ping_status":"closed","template":"","meta":{"_exactmetrics_skip_tracking":false,"_exactmetrics_sitenote_active":false,"_exactmetrics_sitenote_note":"","_exactmetrics_sitenote_category":0},"product_brand":[],"product_cat":[50,15],"product_tag":[1037,1035,1036],"class_list":{"0":"post-3858","1":"product","2":"type-product","3":"status-publish","4":"has-post-thumbnail","6":"product_cat-plantas-secas-desidratadas","7":"product_cat-ver-todos-os-produtos","8":"product_tag-petalas-de-rosa","9":"product_tag-plantas-desidratadas","10":"product_tag-secos","12":"first","13":"instock","14":"taxable","15":"shipping-taxable","16":"purchasable","17":"product-type-simple"},"yoast_head":"<!-- This site is optimized with the Yoast SEO plugin v27.5 - https:\/\/yoast.com\/product\/yoast-seo-wordpress\/ -->\n<title>PETALAS DE ROSA DESIDRATADAS -<\/title>\n<meta name=\"description\" content=\"PETALAS DE ROSA DESIDRATADAS SABONETES, VELAS, BANHOS, DECORA\u00c7\u00c3O COM ELEMENTOS SECOS, PRENDINHAS DE CASAMENTO, ANIVERS\u00c1RIO, POT-POURRI, AGUAS FLORAIS.\" \/>\n<meta name=\"robots\" content=\"index, follow, max-snippet:-1, max-image-preview:large, max-video-preview:-1\" \/>\n<link rel=\"canonical\" href=\"https:\/\/divertarte.com\/index.php\/produto\/petalas-de-rosa-desidratadas\/\" \/>\n<meta property=\"og:locale\" content=\"pt_PT\" \/>\n<meta property=\"og:type\" content=\"article\" \/>\n<meta property=\"og:title\" content=\"PETALAS DE ROSA DESIDRATADAS -\" \/>\n<meta property=\"og:description\" content=\"PETALAS DE ROSA DESIDRATADAS SABONETES, VELAS, BANHOS, DECORA\u00c7\u00c3O COM ELEMENTOS SECOS, PRENDINHAS DE CASAMENTO, ANIVERS\u00c1RIO, POT-POURRI, AGUAS FLORAIS.\" \/>\n<meta property=\"og:url\" content=\"https:\/\/divertarte.com\/index.php\/produto\/petalas-de-rosa-desidratadas\/\" \/>\n<meta property=\"article:modified_time\" content=\"2025-11-06T13:48:15+00:00\" \/>\n<meta property=\"og:image\" content=\"https:\/\/divertarte.com\/wp-content\/uploads\/2018\/05\/petalas_rosa_desidratadas.jpg\" \/>\n\t<meta property=\"og:image:width\" content=\"558\" \/>\n\t<meta property=\"og:image:height\" content=\"556\" \/>\n\t<meta property=\"og:image:type\" content=\"image\/jpeg\" \/>\n<meta name=\"twitter:card\" content=\"summary_large_image\" \/>\n<meta name=\"twitter:label1\" content=\"Tempo estimado de leitura\" \/>\n\t<meta name=\"twitter:data1\" content=\"1 minuto\" \/>\n<script type=\"application\/ld+json\" class=\"yoast-schema-graph\">{\"@context\":\"https:\\\/\\\/schema.org\",\"@graph\":[{\"@type\":\"WebPage\",\"@id\":\"https:\\\/\\\/divertarte.com\\\/index.php\\\/produto\\\/petalas-de-rosa-desidratadas\\\/\",\"url\":\"https:\\\/\\\/divertarte.com\\\/index.php\\\/produto\\\/petalas-de-rosa-desidratadas\\\/\",\"name\":\"PETALAS DE ROSA DESIDRATADAS -\",\"isPartOf\":{\"@id\":\"https:\\\/\\\/divertarte.com\\\/#website\"},\"primaryImageOfPage\":{\"@id\":\"https:\\\/\\\/divertarte.com\\\/index.php\\\/produto\\\/petalas-de-rosa-desidratadas\\\/#primaryimage\"},\"image\":{\"@id\":\"https:\\\/\\\/divertarte.com\\\/index.php\\\/produto\\\/petalas-de-rosa-desidratadas\\\/#primaryimage\"},\"thumbnailUrl\":\"https:\\\/\\\/divertarte.com\\\/wp-content\\\/uploads\\\/2018\\\/05\\\/petalas_rosa_desidratadas.jpg\",\"datePublished\":\"2018-06-07T13:12:41+00:00\",\"dateModified\":\"2025-11-06T13:48:15+00:00\",\"description\":\"PETALAS DE ROSA DESIDRATADAS SABONETES, VELAS, BANHOS, DECORA\u00c7\u00c3O COM ELEMENTOS SECOS, PRENDINHAS DE CASAMENTO, ANIVERS\u00c1RIO, POT-POURRI, AGUAS FLORAIS.\",\"breadcrumb\":{\"@id\":\"https:\\\/\\\/divertarte.com\\\/index.php\\\/produto\\\/petalas-de-rosa-desidratadas\\\/#breadcrumb\"},\"inLanguage\":\"pt-PT\",\"potentialAction\":[{\"@type\":\"ReadAction\",\"target\":[\"https:\\\/\\\/divertarte.com\\\/index.php\\\/produto\\\/petalas-de-rosa-desidratadas\\\/\"]}]},{\"@type\":\"ImageObject\",\"inLanguage\":\"pt-PT\",\"@id\":\"https:\\\/\\\/divertarte.com\\\/index.php\\\/produto\\\/petalas-de-rosa-desidratadas\\\/#primaryimage\",\"url\":\"https:\\\/\\\/divertarte.com\\\/wp-content\\\/uploads\\\/2018\\\/05\\\/petalas_rosa_desidratadas.jpg\",\"contentUrl\":\"https:\\\/\\\/divertarte.com\\\/wp-content\\\/uploads\\\/2018\\\/05\\\/petalas_rosa_desidratadas.jpg\",\"width\":558,\"height\":556},{\"@type\":\"BreadcrumbList\",\"@id\":\"https:\\\/\\\/divertarte.com\\\/index.php\\\/produto\\\/petalas-de-rosa-desidratadas\\\/#breadcrumb\",\"itemListElement\":[{\"@type\":\"ListItem\",\"position\":1,\"name\":\"In\u00edcio\",\"item\":\"https:\\\/\\\/divertarte.com\\\/\"},{\"@type\":\"ListItem\",\"position\":2,\"name\":\"Loja\",\"item\":\"https:\\\/\\\/divertarte.com\\\/index.php\\\/divertarte-produtos\\\/\"},{\"@type\":\"ListItem\",\"position\":3,\"name\":\"PETALAS DE ROSA DESIDRATADAS\"}]},{\"@type\":\"WebSite\",\"@id\":\"https:\\\/\\\/divertarte.com\\\/#website\",\"url\":\"https:\\\/\\\/divertarte.com\\\/\",\"name\":\"Divertarte\",\"description\":\"\",\"publisher\":{\"@id\":\"https:\\\/\\\/divertarte.com\\\/#organization\"},\"potentialAction\":[{\"@type\":\"SearchAction\",\"target\":{\"@type\":\"EntryPoint\",\"urlTemplate\":\"https:\\\/\\\/divertarte.com\\\/?s={search_term_string}\"},\"query-input\":{\"@type\":\"PropertyValueSpecification\",\"valueRequired\":true,\"valueName\":\"search_term_string\"}}],\"inLanguage\":\"pt-PT\"},{\"@type\":\"Organization\",\"@id\":\"https:\\\/\\\/divertarte.com\\\/#organization\",\"name\":\"Divertarte\",\"url\":\"https:\\\/\\\/divertarte.com\\\/\",\"logo\":{\"@type\":\"ImageObject\",\"inLanguage\":\"pt-PT\",\"@id\":\"https:\\\/\\\/divertarte.com\\\/#\\\/schema\\\/logo\\\/image\\\/\",\"url\":\"https:\\\/\\\/divertarte.com\\\/wp-content\\\/uploads\\\/2018\\\/07\\\/logo-div.jpg\",\"contentUrl\":\"https:\\\/\\\/divertarte.com\\\/wp-content\\\/uploads\\\/2018\\\/07\\\/logo-div.jpg\",\"width\":295,\"height\":123,\"caption\":\"Divertarte\"},\"image\":{\"@id\":\"https:\\\/\\\/divertarte.com\\\/#\\\/schema\\\/logo\\\/image\\\/\"}}]}<\/script>\n<!-- \/ Yoast SEO plugin. -->","yoast_head_json":{"title":"PETALAS DE ROSA DESIDRATADAS -","description":"PETALAS DE ROSA DESIDRATADAS SABONETES, VELAS, BANHOS, DECORA\u00c7\u00c3O COM ELEMENTOS SECOS, PRENDINHAS DE CASAMENTO, ANIVERS\u00c1RIO, POT-POURRI, AGUAS FLORAIS.","robots":{"index":"index","follow":"follow","max-snippet":"max-snippet:-1","max-image-preview":"max-image-preview:large","max-video-preview":"max-video-preview:-1"},"canonical":"https:\/\/divertarte.com\/index.php\/produto\/petalas-de-rosa-desidratadas\/","og_locale":"pt_PT","og_type":"article","og_title":"PETALAS DE ROSA DESIDRATADAS -","og_description":"PETALAS DE ROSA DESIDRATADAS SABONETES, VELAS, BANHOS, DECORA\u00c7\u00c3O COM ELEMENTOS SECOS, PRENDINHAS DE CASAMENTO, ANIVERS\u00c1RIO, POT-POURRI, AGUAS FLORAIS.","og_url":"https:\/\/divertarte.com\/index.php\/produto\/petalas-de-rosa-desidratadas\/","article_modified_time":"2025-11-06T13:48:15+00:00","og_image":[{"width":558,"height":556,"url":"https:\/\/divertarte.com\/wp-content\/uploads\/2018\/05\/petalas_rosa_desidratadas.jpg","type":"image\/jpeg"}],"twitter_card":"summary_large_image","twitter_misc":{"Tempo estimado de leitura":"1 minuto"},"schema":{"@context":"https:\/\/schema.org","@graph":[{"@type":"WebPage","@id":"https:\/\/divertarte.com\/index.php\/produto\/petalas-de-rosa-desidratadas\/","url":"https:\/\/divertarte.com\/index.php\/produto\/petalas-de-rosa-desidratadas\/","name":"PETALAS DE ROSA DESIDRATADAS -","isPartOf":{"@id":"https:\/\/divertarte.com\/#website"},"primaryImageOfPage":{"@id":"https:\/\/divertarte.com\/index.php\/produto\/petalas-de-rosa-desidratadas\/#primaryimage"},"image":{"@id":"https:\/\/divertarte.com\/index.php\/produto\/petalas-de-rosa-desidratadas\/#primaryimage"},"thumbnailUrl":"https:\/\/divertarte.com\/wp-content\/uploads\/2018\/05\/petalas_rosa_desidratadas.jpg","datePublished":"2018-06-07T13:12:41+00:00","dateModified":"2025-11-06T13:48:15+00:00","description":"PETALAS DE ROSA DESIDRATADAS SABONETES, VELAS, BANHOS, DECORA\u00c7\u00c3O COM ELEMENTOS SECOS, PRENDINHAS DE CASAMENTO, ANIVERS\u00c1RIO, POT-POURRI, AGUAS FLORAIS.","breadcrumb":{"@id":"https:\/\/divertarte.com\/index.php\/produto\/petalas-de-rosa-desidratadas\/#breadcrumb"},"inLanguage":"pt-PT","potentialAction":[{"@type":"ReadAction","target":["https:\/\/divertarte.com\/index.php\/produto\/petalas-de-rosa-desidratadas\/"]}]},{"@type":"ImageObject","inLanguage":"pt-PT","@id":"https:\/\/divertarte.com\/index.php\/produto\/petalas-de-rosa-desidratadas\/#primaryimage","url":"https:\/\/divertarte.com\/wp-content\/uploads\/2018\/05\/petalas_rosa_desidratadas.jpg","contentUrl":"https:\/\/divertarte.com\/wp-content\/uploads\/2018\/05\/petalas_rosa_desidratadas.jpg","width":558,"height":556},{"@type":"BreadcrumbList","@id":"https:\/\/divertarte.com\/index.php\/produto\/petalas-de-rosa-desidratadas\/#breadcrumb","itemListElement":[{"@type":"ListItem","position":1,"name":"In\u00edcio","item":"https:\/\/divertarte.com\/"},{"@type":"ListItem","position":2,"name":"Loja","item":"https:\/\/divertarte.com\/index.php\/divertarte-produtos\/"},{"@type":"ListItem","position":3,"name":"PETALAS DE ROSA DESIDRATADAS"}]},{"@type":"WebSite","@id":"https:\/\/divertarte.com\/#website","url":"https:\/\/divertarte.com\/","name":"Divertarte","description":"","publisher":{"@id":"https:\/\/divertarte.com\/#organization"},"potentialAction":[{"@type":"SearchAction","target":{"@type":"EntryPoint","urlTemplate":"https:\/\/divertarte.com\/?s={search_term_string}"},"query-input":{"@type":"PropertyValueSpecification","valueRequired":true,"valueName":"search_term_string"}}],"inLanguage":"pt-PT"},{"@type":"Organization","@id":"https:\/\/divertarte.com\/#organization","name":"Divertarte","url":"https:\/\/divertarte.com\/","logo":{"@type":"ImageObject","inLanguage":"pt-PT","@id":"https:\/\/divertarte.com\/#\/schema\/logo\/image\/","url":"https:\/\/divertarte.com\/wp-content\/uploads\/2018\/07\/logo-div.jpg","contentUrl":"https:\/\/divertarte.com\/wp-content\/uploads\/2018\/07\/logo-div.jpg","width":295,"height":123,"caption":"Divertarte"},"image":{"@id":"https:\/\/divertarte.com\/#\/schema\/logo\/image\/"}}]}},"_links":{"self":[{"href":"https:\/\/divertarte.com\/index.php\/wp-json\/wp\/v2\/product\/3858","targetHints":{"allow":["GET"]}}],"collection":[{"href":"https:\/\/divertarte.com\/index.php\/wp-json\/wp\/v2\/product"}],"about":[{"href":"https:\/\/divertarte.com\/index.php\/wp-json\/wp\/v2\/types\/product"}],"replies":[{"embeddable":true,"href":"https:\/\/divertarte.com\/index.php\/wp-json\/wp\/v2\/comments?post=3858"}],"wp:featuredmedia":[{"embeddable":true,"href":"https:\/\/divertarte.com\/index.php\/wp-json\/wp\/v2\/media\/7455"}],"wp:attachment":[{"href":"https:\/\/divertarte.com\/index.php\/wp-json\/wp\/v2\/media?parent=3858"}],"wp:term":[{"taxonomy":"product_brand","embeddable":true,"href":"https:\/\/divertarte.com\/index.php\/wp-json\/wp\/v2\/product_brand?post=3858"},{"taxonomy":"product_cat","embeddable":true,"href":"https:\/\/divertarte.com\/index.php\/wp-json\/wp\/v2\/product_cat?post=3858"},{"taxonomy":"product_tag","embeddable":true,"href":"https:\/\/divertarte.com\/index.php\/wp-json\/wp\/v2\/product_tag?post=3858"}],"curies":[{"name":"wp","href":"https:\/\/api.w.org\/{rel}","templated":true}]}}