{"id":3842,"date":"2018-06-07T14:04:44","date_gmt":"2018-06-07T13:04:44","guid":{"rendered":"https:\/\/divertarte.com\/index.php\/produto\/oleo-de-argan-biologico-30-ml\/"},"modified":"2025-11-06T14:05:03","modified_gmt":"2025-11-06T14:05:03","slug":"oleo-de-argan-biologico-30-ml","status":"publish","type":"product","link":"https:\/\/divertarte.com\/index.php\/produto\/oleo-de-argan-biologico-30-ml\/","title":{"rendered":"Oleo de Argan Biol\u00f3gico 30 ml"},"content":{"rendered":"<p>O \u00f3leo de argan tem a\u00e7\u00e3o de regenera\u00e7\u00e3o total dos cabelos. Ele deixa o cabelo sedoso e macio com brilho e maleabilidade, formando uma pel\u00edcula protectora sob o fio de cabelo. Assim, o \u00f3leo de argan garante uma hidrata\u00e7\u00e3o total e um cabelo com aspecto extremamente saud\u00e1vel.<\/p>\n<p>Como usar o \u00f3leo de argan em casa:<br \/>\nRealize a lavagem e condicionamento normal dos cabelos. Aplique nos cabelos h\u00famidos e deixe secar naturalmente. Ele tamb\u00e9m pode ser adicionado \u00e0 m\u00e1scara de tratamento, pois potencializa a a\u00e7\u00e3o do produto e ainda age como um protector t\u00e9rmico antes do brushing ou da prancha alisadora. Outra forma \u00e9 us\u00e1-lo como finalizador para dar brilho e deix\u00e1-lo bem liso.<\/p>\n","protected":false},"excerpt":{"rendered":"<p>O \u00f3leo de argan tem a\u00e7\u00e3o de regenera\u00e7\u00e3o total dos cabelos. Ele deixa o cabelo sedoso e macio com brilho e maleabilidade, formando uma pel\u00edcula protectora sob o fio de cabelo. Assim, o \u00f3leo de argan garante uma hidrata\u00e7\u00e3o total e um cabelo com aspecto extremamente saud\u00e1vel.<\/p>\n<p>Como usar o \u00f3leo de argan em casa:<br \/>\nRealize a lavagem e condicionamento normal dos cabelos. Aplique nos cabelos h\u00famidos e deixe secar naturalmente. Ele tamb\u00e9m pode ser adicionado \u00e0 m\u00e1scara de tratamento, pois potencializa a a\u00e7\u00e3o do produto e ainda age como um protector t\u00e9rmico antes do brushing ou da prancha alisadora. Outra forma \u00e9 us\u00e1-lo como finalizador para dar brilho e deix\u00e1-lo bem liso.<\/p>\n","protected":false},"featured_media":7441,"comment_status":"closed","ping_status":"closed","template":"","meta":{"_exactmetrics_skip_tracking":false,"_exactmetrics_sitenote_active":false,"_exactmetrics_sitenote_note":"","_exactmetrics_sitenote_category":0},"product_brand":[],"product_cat":[381,478,15],"product_tag":[],"class_list":{"0":"post-3842","1":"product","2":"type-product","3":"status-publish","4":"has-post-thumbnail","6":"product_cat-materiais-para-sabonetes","7":"product_cat-oleos-base-vegetais-materiais-para-sabonetes","8":"product_cat-ver-todos-os-produtos","10":"first","11":"instock","12":"taxable","13":"shipping-taxable","14":"purchasable","15":"product-type-simple"},"yoast_head":"<!-- This site is optimized with the Yoast SEO plugin v27.4 - https:\/\/yoast.com\/product\/yoast-seo-wordpress\/ -->\n<title>Oleo de Argan Biol\u00f3gico 30 ml -<\/title>\n<meta name=\"description\" content=\"O \u00f3leo de argan tem a\u00e7\u00e3o de regenera\u00e7\u00e3o total dos cabelos. Ele deixa o cabelo sedoso e macio com brilho e maleabilidade, formando uma pel\u00edcula protectora sob o fio de cabelo\" \/>\n<meta name=\"robots\" content=\"index, follow, max-snippet:-1, max-image-preview:large, max-video-preview:-1\" \/>\n<link rel=\"canonical\" href=\"https:\/\/divertarte.com\/index.php\/produto\/oleo-de-argan-biologico-30-ml\/\" \/>\n<meta property=\"og:locale\" content=\"pt_PT\" \/>\n<meta property=\"og:type\" content=\"article\" \/>\n<meta property=\"og:title\" content=\"Oleo de Argan Biol\u00f3gico 30 ml -\" \/>\n<meta property=\"og:description\" content=\"O \u00f3leo de argan tem a\u00e7\u00e3o de regenera\u00e7\u00e3o total dos cabelos. Ele deixa o cabelo sedoso e macio com brilho e maleabilidade, formando uma pel\u00edcula protectora sob o fio de cabelo\" \/>\n<meta property=\"og:url\" content=\"https:\/\/divertarte.com\/index.php\/produto\/oleo-de-argan-biologico-30-ml\/\" \/>\n<meta property=\"article:modified_time\" content=\"2025-11-06T14:05:03+00:00\" \/>\n<meta property=\"og:image\" content=\"https:\/\/divertarte.com\/wp-content\/uploads\/2018\/05\/Oleo_de_argan.jpg\" \/>\n\t<meta property=\"og:image:width\" content=\"556\" \/>\n\t<meta property=\"og:image:height\" content=\"558\" \/>\n\t<meta property=\"og:image:type\" content=\"image\/jpeg\" \/>\n<meta name=\"twitter:card\" content=\"summary_large_image\" \/>\n<meta name=\"twitter:label1\" content=\"Tempo estimado de leitura\" \/>\n\t<meta name=\"twitter:data1\" content=\"1 minuto\" \/>\n<script type=\"application\/ld+json\" class=\"yoast-schema-graph\">{\"@context\":\"https:\\\/\\\/schema.org\",\"@graph\":[{\"@type\":\"WebPage\",\"@id\":\"https:\\\/\\\/divertarte.com\\\/index.php\\\/produto\\\/oleo-de-argan-biologico-30-ml\\\/\",\"url\":\"https:\\\/\\\/divertarte.com\\\/index.php\\\/produto\\\/oleo-de-argan-biologico-30-ml\\\/\",\"name\":\"Oleo de Argan Biol\u00f3gico 30 ml -\",\"isPartOf\":{\"@id\":\"https:\\\/\\\/divertarte.com\\\/#website\"},\"primaryImageOfPage\":{\"@id\":\"https:\\\/\\\/divertarte.com\\\/index.php\\\/produto\\\/oleo-de-argan-biologico-30-ml\\\/#primaryimage\"},\"image\":{\"@id\":\"https:\\\/\\\/divertarte.com\\\/index.php\\\/produto\\\/oleo-de-argan-biologico-30-ml\\\/#primaryimage\"},\"thumbnailUrl\":\"https:\\\/\\\/divertarte.com\\\/wp-content\\\/uploads\\\/2018\\\/05\\\/Oleo_de_argan.jpg\",\"datePublished\":\"2018-06-07T13:04:44+00:00\",\"dateModified\":\"2025-11-06T14:05:03+00:00\",\"description\":\"O \u00f3leo de argan tem a\u00e7\u00e3o de regenera\u00e7\u00e3o total dos cabelos. Ele deixa o cabelo sedoso e macio com brilho e maleabilidade, formando uma pel\u00edcula protectora sob o fio de cabelo\",\"breadcrumb\":{\"@id\":\"https:\\\/\\\/divertarte.com\\\/index.php\\\/produto\\\/oleo-de-argan-biologico-30-ml\\\/#breadcrumb\"},\"inLanguage\":\"pt-PT\",\"potentialAction\":[{\"@type\":\"ReadAction\",\"target\":[\"https:\\\/\\\/divertarte.com\\\/index.php\\\/produto\\\/oleo-de-argan-biologico-30-ml\\\/\"]}]},{\"@type\":\"ImageObject\",\"inLanguage\":\"pt-PT\",\"@id\":\"https:\\\/\\\/divertarte.com\\\/index.php\\\/produto\\\/oleo-de-argan-biologico-30-ml\\\/#primaryimage\",\"url\":\"https:\\\/\\\/divertarte.com\\\/wp-content\\\/uploads\\\/2018\\\/05\\\/Oleo_de_argan.jpg\",\"contentUrl\":\"https:\\\/\\\/divertarte.com\\\/wp-content\\\/uploads\\\/2018\\\/05\\\/Oleo_de_argan.jpg\",\"width\":556,\"height\":558},{\"@type\":\"BreadcrumbList\",\"@id\":\"https:\\\/\\\/divertarte.com\\\/index.php\\\/produto\\\/oleo-de-argan-biologico-30-ml\\\/#breadcrumb\",\"itemListElement\":[{\"@type\":\"ListItem\",\"position\":1,\"name\":\"In\u00edcio\",\"item\":\"https:\\\/\\\/divertarte.com\\\/\"},{\"@type\":\"ListItem\",\"position\":2,\"name\":\"Loja\",\"item\":\"https:\\\/\\\/divertarte.com\\\/index.php\\\/divertarte-produtos\\\/\"},{\"@type\":\"ListItem\",\"position\":3,\"name\":\"Oleo de Argan Biol\u00f3gico 30 ml\"}]},{\"@type\":\"WebSite\",\"@id\":\"https:\\\/\\\/divertarte.com\\\/#website\",\"url\":\"https:\\\/\\\/divertarte.com\\\/\",\"name\":\"Divertarte\",\"description\":\"\",\"publisher\":{\"@id\":\"https:\\\/\\\/divertarte.com\\\/#organization\"},\"potentialAction\":[{\"@type\":\"SearchAction\",\"target\":{\"@type\":\"EntryPoint\",\"urlTemplate\":\"https:\\\/\\\/divertarte.com\\\/?s={search_term_string}\"},\"query-input\":{\"@type\":\"PropertyValueSpecification\",\"valueRequired\":true,\"valueName\":\"search_term_string\"}}],\"inLanguage\":\"pt-PT\"},{\"@type\":\"Organization\",\"@id\":\"https:\\\/\\\/divertarte.com\\\/#organization\",\"name\":\"Divertarte\",\"url\":\"https:\\\/\\\/divertarte.com\\\/\",\"logo\":{\"@type\":\"ImageObject\",\"inLanguage\":\"pt-PT\",\"@id\":\"https:\\\/\\\/divertarte.com\\\/#\\\/schema\\\/logo\\\/image\\\/\",\"url\":\"https:\\\/\\\/divertarte.com\\\/wp-content\\\/uploads\\\/2018\\\/07\\\/logo-div.jpg\",\"contentUrl\":\"https:\\\/\\\/divertarte.com\\\/wp-content\\\/uploads\\\/2018\\\/07\\\/logo-div.jpg\",\"width\":295,\"height\":123,\"caption\":\"Divertarte\"},\"image\":{\"@id\":\"https:\\\/\\\/divertarte.com\\\/#\\\/schema\\\/logo\\\/image\\\/\"}}]}<\/script>\n<!-- \/ Yoast SEO plugin. -->","yoast_head_json":{"title":"Oleo de Argan Biol\u00f3gico 30 ml -","description":"O \u00f3leo de argan tem a\u00e7\u00e3o de regenera\u00e7\u00e3o total dos cabelos. Ele deixa o cabelo sedoso e macio com brilho e maleabilidade, formando uma pel\u00edcula protectora sob o fio de cabelo","robots":{"index":"index","follow":"follow","max-snippet":"max-snippet:-1","max-image-preview":"max-image-preview:large","max-video-preview":"max-video-preview:-1"},"canonical":"https:\/\/divertarte.com\/index.php\/produto\/oleo-de-argan-biologico-30-ml\/","og_locale":"pt_PT","og_type":"article","og_title":"Oleo de Argan Biol\u00f3gico 30 ml -","og_description":"O \u00f3leo de argan tem a\u00e7\u00e3o de regenera\u00e7\u00e3o total dos cabelos. Ele deixa o cabelo sedoso e macio com brilho e maleabilidade, formando uma pel\u00edcula protectora sob o fio de cabelo","og_url":"https:\/\/divertarte.com\/index.php\/produto\/oleo-de-argan-biologico-30-ml\/","article_modified_time":"2025-11-06T14:05:03+00:00","og_image":[{"width":556,"height":558,"url":"https:\/\/divertarte.com\/wp-content\/uploads\/2018\/05\/Oleo_de_argan.jpg","type":"image\/jpeg"}],"twitter_card":"summary_large_image","twitter_misc":{"Tempo estimado de leitura":"1 minuto"},"schema":{"@context":"https:\/\/schema.org","@graph":[{"@type":"WebPage","@id":"https:\/\/divertarte.com\/index.php\/produto\/oleo-de-argan-biologico-30-ml\/","url":"https:\/\/divertarte.com\/index.php\/produto\/oleo-de-argan-biologico-30-ml\/","name":"Oleo de Argan Biol\u00f3gico 30 ml -","isPartOf":{"@id":"https:\/\/divertarte.com\/#website"},"primaryImageOfPage":{"@id":"https:\/\/divertarte.com\/index.php\/produto\/oleo-de-argan-biologico-30-ml\/#primaryimage"},"image":{"@id":"https:\/\/divertarte.com\/index.php\/produto\/oleo-de-argan-biologico-30-ml\/#primaryimage"},"thumbnailUrl":"https:\/\/divertarte.com\/wp-content\/uploads\/2018\/05\/Oleo_de_argan.jpg","datePublished":"2018-06-07T13:04:44+00:00","dateModified":"2025-11-06T14:05:03+00:00","description":"O \u00f3leo de argan tem a\u00e7\u00e3o de regenera\u00e7\u00e3o total dos cabelos. Ele deixa o cabelo sedoso e macio com brilho e maleabilidade, formando uma pel\u00edcula protectora sob o fio de cabelo","breadcrumb":{"@id":"https:\/\/divertarte.com\/index.php\/produto\/oleo-de-argan-biologico-30-ml\/#breadcrumb"},"inLanguage":"pt-PT","potentialAction":[{"@type":"ReadAction","target":["https:\/\/divertarte.com\/index.php\/produto\/oleo-de-argan-biologico-30-ml\/"]}]},{"@type":"ImageObject","inLanguage":"pt-PT","@id":"https:\/\/divertarte.com\/index.php\/produto\/oleo-de-argan-biologico-30-ml\/#primaryimage","url":"https:\/\/divertarte.com\/wp-content\/uploads\/2018\/05\/Oleo_de_argan.jpg","contentUrl":"https:\/\/divertarte.com\/wp-content\/uploads\/2018\/05\/Oleo_de_argan.jpg","width":556,"height":558},{"@type":"BreadcrumbList","@id":"https:\/\/divertarte.com\/index.php\/produto\/oleo-de-argan-biologico-30-ml\/#breadcrumb","itemListElement":[{"@type":"ListItem","position":1,"name":"In\u00edcio","item":"https:\/\/divertarte.com\/"},{"@type":"ListItem","position":2,"name":"Loja","item":"https:\/\/divertarte.com\/index.php\/divertarte-produtos\/"},{"@type":"ListItem","position":3,"name":"Oleo de Argan Biol\u00f3gico 30 ml"}]},{"@type":"WebSite","@id":"https:\/\/divertarte.com\/#website","url":"https:\/\/divertarte.com\/","name":"Divertarte","description":"","publisher":{"@id":"https:\/\/divertarte.com\/#organization"},"potentialAction":[{"@type":"SearchAction","target":{"@type":"EntryPoint","urlTemplate":"https:\/\/divertarte.com\/?s={search_term_string}"},"query-input":{"@type":"PropertyValueSpecification","valueRequired":true,"valueName":"search_term_string"}}],"inLanguage":"pt-PT"},{"@type":"Organization","@id":"https:\/\/divertarte.com\/#organization","name":"Divertarte","url":"https:\/\/divertarte.com\/","logo":{"@type":"ImageObject","inLanguage":"pt-PT","@id":"https:\/\/divertarte.com\/#\/schema\/logo\/image\/","url":"https:\/\/divertarte.com\/wp-content\/uploads\/2018\/07\/logo-div.jpg","contentUrl":"https:\/\/divertarte.com\/wp-content\/uploads\/2018\/07\/logo-div.jpg","width":295,"height":123,"caption":"Divertarte"},"image":{"@id":"https:\/\/divertarte.com\/#\/schema\/logo\/image\/"}}]}},"_links":{"self":[{"href":"https:\/\/divertarte.com\/index.php\/wp-json\/wp\/v2\/product\/3842","targetHints":{"allow":["GET"]}}],"collection":[{"href":"https:\/\/divertarte.com\/index.php\/wp-json\/wp\/v2\/product"}],"about":[{"href":"https:\/\/divertarte.com\/index.php\/wp-json\/wp\/v2\/types\/product"}],"replies":[{"embeddable":true,"href":"https:\/\/divertarte.com\/index.php\/wp-json\/wp\/v2\/comments?post=3842"}],"wp:featuredmedia":[{"embeddable":true,"href":"https:\/\/divertarte.com\/index.php\/wp-json\/wp\/v2\/media\/7441"}],"wp:attachment":[{"href":"https:\/\/divertarte.com\/index.php\/wp-json\/wp\/v2\/media?parent=3842"}],"wp:term":[{"taxonomy":"product_brand","embeddable":true,"href":"https:\/\/divertarte.com\/index.php\/wp-json\/wp\/v2\/product_brand?post=3842"},{"taxonomy":"product_cat","embeddable":true,"href":"https:\/\/divertarte.com\/index.php\/wp-json\/wp\/v2\/product_cat?post=3842"},{"taxonomy":"product_tag","embeddable":true,"href":"https:\/\/divertarte.com\/index.php\/wp-json\/wp\/v2\/product_tag?post=3842"}],"curies":[{"name":"wp","href":"https:\/\/api.w.org\/{rel}","templated":true}]}}