{"id":3823,"date":"2018-06-07T14:08:47","date_gmt":"2018-06-07T13:08:47","guid":{"rendered":"https:\/\/divertarte.com\/index.php\/produto\/base-esferovite-quadrado-20x20x8\/"},"modified":"2025-11-06T13:54:06","modified_gmt":"2025-11-06T13:54:06","slug":"base-esferovite-quadrado-20x20x8","status":"publish","type":"product","link":"https:\/\/divertarte.com\/index.php\/produto\/base-esferovite-quadrado-20x20x8\/","title":{"rendered":"BASE ESFEROVITE QUADRADO 20x20X8"},"content":{"rendered":"<p>20x20X8 CM &#8211; Base quadrada em esferovite maci\u00e7a para a confec\u00e7\u00e3o de bolos com pasta americana, massap\u00e3o, biscuit, E.V.A. e v\u00e1rios trabalhos artesanais<\/p>\n","protected":false},"excerpt":{"rendered":"<p>20x20X8 CM &#8211; Base quadrada em esferovite maci\u00e7a para a confec\u00e7\u00e3o de bolos com pasta americana, massap\u00e3o, biscuit, E.V.A. e v\u00e1rios trabalhos artesanais<\/p>\n","protected":false},"featured_media":7423,"comment_status":"closed","ping_status":"open","template":"","meta":{"_exactmetrics_skip_tracking":false,"_exactmetrics_sitenote_active":false,"_exactmetrics_sitenote_note":"","_exactmetrics_sitenote_category":0},"product_brand":[],"product_cat":[15],"product_tag":[],"class_list":{"0":"post-3823","1":"product","2":"type-product","3":"status-publish","4":"has-post-thumbnail","6":"product_cat-ver-todos-os-produtos","8":"first","9":"instock","10":"taxable","11":"shipping-taxable","12":"purchasable","13":"product-type-simple"},"yoast_head":"<!-- This site is optimized with the Yoast SEO plugin v27.4 - https:\/\/yoast.com\/product\/yoast-seo-wordpress\/ -->\n<title>BASE ESFEROVITE QUADRADO 20x20X8 -<\/title>\n<meta name=\"robots\" content=\"index, follow, max-snippet:-1, max-image-preview:large, max-video-preview:-1\" \/>\n<link rel=\"canonical\" href=\"https:\/\/divertarte.com\/index.php\/produto\/base-esferovite-quadrado-20x20x8\/\" \/>\n<meta property=\"og:locale\" content=\"pt_PT\" \/>\n<meta property=\"og:type\" content=\"article\" \/>\n<meta property=\"og:title\" content=\"BASE ESFEROVITE QUADRADO 20x20X8 -\" \/>\n<meta property=\"og:description\" content=\"20x20X8 CM - Base quadrada em esferovite maci\u00e7a para a confec\u00e7\u00e3o de bolos com pasta americana, massap\u00e3o, biscuit, E.V.A. e v\u00e1rios trabalhos artesanais\" \/>\n<meta property=\"og:url\" content=\"https:\/\/divertarte.com\/index.php\/produto\/base-esferovite-quadrado-20x20x8\/\" \/>\n<meta property=\"article:modified_time\" content=\"2025-11-06T13:54:06+00:00\" \/>\n<meta property=\"og:image\" content=\"https:\/\/divertarte.com\/wp-content\/uploads\/2018\/05\/base_bolo_20x20x8.jpg\" \/>\n\t<meta property=\"og:image:width\" content=\"558\" \/>\n\t<meta property=\"og:image:height\" content=\"556\" \/>\n\t<meta property=\"og:image:type\" content=\"image\/jpeg\" \/>\n<meta name=\"twitter:card\" content=\"summary_large_image\" \/>\n<script type=\"application\/ld+json\" class=\"yoast-schema-graph\">{\"@context\":\"https:\\\/\\\/schema.org\",\"@graph\":[{\"@type\":\"WebPage\",\"@id\":\"https:\\\/\\\/divertarte.com\\\/index.php\\\/produto\\\/base-esferovite-quadrado-20x20x8\\\/\",\"url\":\"https:\\\/\\\/divertarte.com\\\/index.php\\\/produto\\\/base-esferovite-quadrado-20x20x8\\\/\",\"name\":\"BASE ESFEROVITE QUADRADO 20x20X8 -\",\"isPartOf\":{\"@id\":\"https:\\\/\\\/divertarte.com\\\/#website\"},\"primaryImageOfPage\":{\"@id\":\"https:\\\/\\\/divertarte.com\\\/index.php\\\/produto\\\/base-esferovite-quadrado-20x20x8\\\/#primaryimage\"},\"image\":{\"@id\":\"https:\\\/\\\/divertarte.com\\\/index.php\\\/produto\\\/base-esferovite-quadrado-20x20x8\\\/#primaryimage\"},\"thumbnailUrl\":\"https:\\\/\\\/divertarte.com\\\/wp-content\\\/uploads\\\/2018\\\/05\\\/base_bolo_20x20x8.jpg\",\"datePublished\":\"2018-06-07T13:08:47+00:00\",\"dateModified\":\"2025-11-06T13:54:06+00:00\",\"breadcrumb\":{\"@id\":\"https:\\\/\\\/divertarte.com\\\/index.php\\\/produto\\\/base-esferovite-quadrado-20x20x8\\\/#breadcrumb\"},\"inLanguage\":\"pt-PT\",\"potentialAction\":[{\"@type\":\"ReadAction\",\"target\":[\"https:\\\/\\\/divertarte.com\\\/index.php\\\/produto\\\/base-esferovite-quadrado-20x20x8\\\/\"]}]},{\"@type\":\"ImageObject\",\"inLanguage\":\"pt-PT\",\"@id\":\"https:\\\/\\\/divertarte.com\\\/index.php\\\/produto\\\/base-esferovite-quadrado-20x20x8\\\/#primaryimage\",\"url\":\"https:\\\/\\\/divertarte.com\\\/wp-content\\\/uploads\\\/2018\\\/05\\\/base_bolo_20x20x8.jpg\",\"contentUrl\":\"https:\\\/\\\/divertarte.com\\\/wp-content\\\/uploads\\\/2018\\\/05\\\/base_bolo_20x20x8.jpg\",\"width\":558,\"height\":556},{\"@type\":\"BreadcrumbList\",\"@id\":\"https:\\\/\\\/divertarte.com\\\/index.php\\\/produto\\\/base-esferovite-quadrado-20x20x8\\\/#breadcrumb\",\"itemListElement\":[{\"@type\":\"ListItem\",\"position\":1,\"name\":\"In\u00edcio\",\"item\":\"https:\\\/\\\/divertarte.com\\\/\"},{\"@type\":\"ListItem\",\"position\":2,\"name\":\"Loja\",\"item\":\"https:\\\/\\\/divertarte.com\\\/index.php\\\/divertarte-produtos\\\/\"},{\"@type\":\"ListItem\",\"position\":3,\"name\":\"BASE ESFEROVITE QUADRADO 20x20X8\"}]},{\"@type\":\"WebSite\",\"@id\":\"https:\\\/\\\/divertarte.com\\\/#website\",\"url\":\"https:\\\/\\\/divertarte.com\\\/\",\"name\":\"Divertarte\",\"description\":\"\",\"publisher\":{\"@id\":\"https:\\\/\\\/divertarte.com\\\/#organization\"},\"potentialAction\":[{\"@type\":\"SearchAction\",\"target\":{\"@type\":\"EntryPoint\",\"urlTemplate\":\"https:\\\/\\\/divertarte.com\\\/?s={search_term_string}\"},\"query-input\":{\"@type\":\"PropertyValueSpecification\",\"valueRequired\":true,\"valueName\":\"search_term_string\"}}],\"inLanguage\":\"pt-PT\"},{\"@type\":\"Organization\",\"@id\":\"https:\\\/\\\/divertarte.com\\\/#organization\",\"name\":\"Divertarte\",\"url\":\"https:\\\/\\\/divertarte.com\\\/\",\"logo\":{\"@type\":\"ImageObject\",\"inLanguage\":\"pt-PT\",\"@id\":\"https:\\\/\\\/divertarte.com\\\/#\\\/schema\\\/logo\\\/image\\\/\",\"url\":\"https:\\\/\\\/divertarte.com\\\/wp-content\\\/uploads\\\/2018\\\/07\\\/logo-div.jpg\",\"contentUrl\":\"https:\\\/\\\/divertarte.com\\\/wp-content\\\/uploads\\\/2018\\\/07\\\/logo-div.jpg\",\"width\":295,\"height\":123,\"caption\":\"Divertarte\"},\"image\":{\"@id\":\"https:\\\/\\\/divertarte.com\\\/#\\\/schema\\\/logo\\\/image\\\/\"}}]}<\/script>\n<!-- \/ Yoast SEO plugin. -->","yoast_head_json":{"title":"BASE ESFEROVITE QUADRADO 20x20X8 -","robots":{"index":"index","follow":"follow","max-snippet":"max-snippet:-1","max-image-preview":"max-image-preview:large","max-video-preview":"max-video-preview:-1"},"canonical":"https:\/\/divertarte.com\/index.php\/produto\/base-esferovite-quadrado-20x20x8\/","og_locale":"pt_PT","og_type":"article","og_title":"BASE ESFEROVITE QUADRADO 20x20X8 -","og_description":"20x20X8 CM - Base quadrada em esferovite maci\u00e7a para a confec\u00e7\u00e3o de bolos com pasta americana, massap\u00e3o, biscuit, E.V.A. e v\u00e1rios trabalhos artesanais","og_url":"https:\/\/divertarte.com\/index.php\/produto\/base-esferovite-quadrado-20x20x8\/","article_modified_time":"2025-11-06T13:54:06+00:00","og_image":[{"width":558,"height":556,"url":"https:\/\/divertarte.com\/wp-content\/uploads\/2018\/05\/base_bolo_20x20x8.jpg","type":"image\/jpeg"}],"twitter_card":"summary_large_image","schema":{"@context":"https:\/\/schema.org","@graph":[{"@type":"WebPage","@id":"https:\/\/divertarte.com\/index.php\/produto\/base-esferovite-quadrado-20x20x8\/","url":"https:\/\/divertarte.com\/index.php\/produto\/base-esferovite-quadrado-20x20x8\/","name":"BASE ESFEROVITE QUADRADO 20x20X8 -","isPartOf":{"@id":"https:\/\/divertarte.com\/#website"},"primaryImageOfPage":{"@id":"https:\/\/divertarte.com\/index.php\/produto\/base-esferovite-quadrado-20x20x8\/#primaryimage"},"image":{"@id":"https:\/\/divertarte.com\/index.php\/produto\/base-esferovite-quadrado-20x20x8\/#primaryimage"},"thumbnailUrl":"https:\/\/divertarte.com\/wp-content\/uploads\/2018\/05\/base_bolo_20x20x8.jpg","datePublished":"2018-06-07T13:08:47+00:00","dateModified":"2025-11-06T13:54:06+00:00","breadcrumb":{"@id":"https:\/\/divertarte.com\/index.php\/produto\/base-esferovite-quadrado-20x20x8\/#breadcrumb"},"inLanguage":"pt-PT","potentialAction":[{"@type":"ReadAction","target":["https:\/\/divertarte.com\/index.php\/produto\/base-esferovite-quadrado-20x20x8\/"]}]},{"@type":"ImageObject","inLanguage":"pt-PT","@id":"https:\/\/divertarte.com\/index.php\/produto\/base-esferovite-quadrado-20x20x8\/#primaryimage","url":"https:\/\/divertarte.com\/wp-content\/uploads\/2018\/05\/base_bolo_20x20x8.jpg","contentUrl":"https:\/\/divertarte.com\/wp-content\/uploads\/2018\/05\/base_bolo_20x20x8.jpg","width":558,"height":556},{"@type":"BreadcrumbList","@id":"https:\/\/divertarte.com\/index.php\/produto\/base-esferovite-quadrado-20x20x8\/#breadcrumb","itemListElement":[{"@type":"ListItem","position":1,"name":"In\u00edcio","item":"https:\/\/divertarte.com\/"},{"@type":"ListItem","position":2,"name":"Loja","item":"https:\/\/divertarte.com\/index.php\/divertarte-produtos\/"},{"@type":"ListItem","position":3,"name":"BASE ESFEROVITE QUADRADO 20x20X8"}]},{"@type":"WebSite","@id":"https:\/\/divertarte.com\/#website","url":"https:\/\/divertarte.com\/","name":"Divertarte","description":"","publisher":{"@id":"https:\/\/divertarte.com\/#organization"},"potentialAction":[{"@type":"SearchAction","target":{"@type":"EntryPoint","urlTemplate":"https:\/\/divertarte.com\/?s={search_term_string}"},"query-input":{"@type":"PropertyValueSpecification","valueRequired":true,"valueName":"search_term_string"}}],"inLanguage":"pt-PT"},{"@type":"Organization","@id":"https:\/\/divertarte.com\/#organization","name":"Divertarte","url":"https:\/\/divertarte.com\/","logo":{"@type":"ImageObject","inLanguage":"pt-PT","@id":"https:\/\/divertarte.com\/#\/schema\/logo\/image\/","url":"https:\/\/divertarte.com\/wp-content\/uploads\/2018\/07\/logo-div.jpg","contentUrl":"https:\/\/divertarte.com\/wp-content\/uploads\/2018\/07\/logo-div.jpg","width":295,"height":123,"caption":"Divertarte"},"image":{"@id":"https:\/\/divertarte.com\/#\/schema\/logo\/image\/"}}]}},"_links":{"self":[{"href":"https:\/\/divertarte.com\/index.php\/wp-json\/wp\/v2\/product\/3823","targetHints":{"allow":["GET"]}}],"collection":[{"href":"https:\/\/divertarte.com\/index.php\/wp-json\/wp\/v2\/product"}],"about":[{"href":"https:\/\/divertarte.com\/index.php\/wp-json\/wp\/v2\/types\/product"}],"replies":[{"embeddable":true,"href":"https:\/\/divertarte.com\/index.php\/wp-json\/wp\/v2\/comments?post=3823"}],"wp:featuredmedia":[{"embeddable":true,"href":"https:\/\/divertarte.com\/index.php\/wp-json\/wp\/v2\/media\/7423"}],"wp:attachment":[{"href":"https:\/\/divertarte.com\/index.php\/wp-json\/wp\/v2\/media?parent=3823"}],"wp:term":[{"taxonomy":"product_brand","embeddable":true,"href":"https:\/\/divertarte.com\/index.php\/wp-json\/wp\/v2\/product_brand?post=3823"},{"taxonomy":"product_cat","embeddable":true,"href":"https:\/\/divertarte.com\/index.php\/wp-json\/wp\/v2\/product_cat?post=3823"},{"taxonomy":"product_tag","embeddable":true,"href":"https:\/\/divertarte.com\/index.php\/wp-json\/wp\/v2\/product_tag?post=3823"}],"curies":[{"name":"wp","href":"https:\/\/api.w.org\/{rel}","templated":true}]}}