{"id":3797,"date":"2018-06-07T14:10:31","date_gmt":"2018-06-07T13:10:31","guid":{"rendered":"https:\/\/divertarte.com\/index.php\/produto\/cupcakes-coracao\/"},"modified":"2025-11-06T13:51:13","modified_gmt":"2025-11-06T13:51:13","slug":"cupcakes-coracao","status":"publish","type":"product","link":"https:\/\/divertarte.com\/index.php\/produto\/cupcakes-coracao\/","title":{"rendered":"CUPCAKES CORA\u00c7\u00c3O"},"content":{"rendered":"<p>CUPCAKES CORA\u00c7\u00c3O<\/p>\n<p>CONJUNTO DE 3 &#8211; 6,5X6,5X3 CM &#8211; FORMAS EM SILICONE PARA BOLINHOS CUPCAKES FORMATO CORA\u00c7\u00c3O. TEMPERATURA M\u00c3\u0081XIMA 219\u00baC.<\/p>\n","protected":false},"excerpt":{"rendered":"<p>CONJUNTO DE 3 &#8211; 6,5X6,5X3 CM &#8211; FORMAS EM SILICONE PARA BOLINHOS CUPCAKES FORMATO CORA\u00c7\u00c3O. TEMPERATURA MAXIMA 219\u00baC.<\/p>\n","protected":false},"featured_media":9543,"comment_status":"closed","ping_status":"closed","template":"","meta":{"_exactmetrics_skip_tracking":false,"_exactmetrics_sitenote_active":false,"_exactmetrics_sitenote_note":"","_exactmetrics_sitenote_category":0},"product_brand":[],"product_cat":[273,297,15],"product_tag":[],"class_list":{"0":"post-3797","1":"product","2":"type-product","3":"status-publish","4":"has-post-thumbnail","6":"product_cat-moldes-cupcake","7":"product_cat-moldes-de-silicone-pastelaria-chocolates-e-bolos","8":"product_cat-ver-todos-os-produtos","10":"first","11":"instock","12":"taxable","13":"shipping-taxable","14":"purchasable","15":"product-type-simple"},"yoast_head":"<!-- This site is optimized with the Yoast SEO plugin v27.5 - https:\/\/yoast.com\/product\/yoast-seo-wordpress\/ -->\n<title>CUPCAKES CORA\u00c7\u00c3O -<\/title>\n<meta name=\"description\" content=\"CUPCAKES CORA\u00c7\u00c3OCONJUNTO DE 3 - 6,5X6,5X3 CM - FORMAS EM SILICONE PARA BOLINHOS CUPCAKES FORMATO CORA\u00c7\u00c3O. TEMPERATURA M\u00c3\u0081XIMA 219\u00baC.\" \/>\n<meta name=\"robots\" content=\"index, follow, max-snippet:-1, max-image-preview:large, max-video-preview:-1\" \/>\n<link rel=\"canonical\" href=\"https:\/\/divertarte.com\/index.php\/produto\/cupcakes-coracao\/\" \/>\n<meta property=\"og:locale\" content=\"pt_PT\" \/>\n<meta property=\"og:type\" content=\"article\" \/>\n<meta property=\"og:title\" content=\"CUPCAKES CORA\u00c7\u00c3O -\" \/>\n<meta property=\"og:description\" content=\"CUPCAKES CORA\u00c7\u00c3OCONJUNTO DE 3 - 6,5X6,5X3 CM - FORMAS EM SILICONE PARA BOLINHOS CUPCAKES FORMATO CORA\u00c7\u00c3O. TEMPERATURA M\u00c3\u0081XIMA 219\u00baC.\" \/>\n<meta property=\"og:url\" content=\"https:\/\/divertarte.com\/index.php\/produto\/cupcakes-coracao\/\" \/>\n<meta property=\"article:modified_time\" content=\"2025-11-06T13:51:13+00:00\" \/>\n<meta property=\"og:image\" content=\"https:\/\/divertarte.com\/wp-content\/uploads\/2018\/06\/cup-cakes-coracao-molde-silicone.jpg\" \/>\n\t<meta property=\"og:image:width\" content=\"400\" \/>\n\t<meta property=\"og:image:height\" content=\"401\" \/>\n\t<meta property=\"og:image:type\" content=\"image\/jpeg\" \/>\n<meta name=\"twitter:card\" content=\"summary_large_image\" \/>\n<script type=\"application\/ld+json\" class=\"yoast-schema-graph\">{\"@context\":\"https:\\\/\\\/schema.org\",\"@graph\":[{\"@type\":\"WebPage\",\"@id\":\"https:\\\/\\\/divertarte.com\\\/index.php\\\/produto\\\/cupcakes-coracao\\\/\",\"url\":\"https:\\\/\\\/divertarte.com\\\/index.php\\\/produto\\\/cupcakes-coracao\\\/\",\"name\":\"CUPCAKES CORA\u00c7\u00c3O -\",\"isPartOf\":{\"@id\":\"https:\\\/\\\/divertarte.com\\\/#website\"},\"primaryImageOfPage\":{\"@id\":\"https:\\\/\\\/divertarte.com\\\/index.php\\\/produto\\\/cupcakes-coracao\\\/#primaryimage\"},\"image\":{\"@id\":\"https:\\\/\\\/divertarte.com\\\/index.php\\\/produto\\\/cupcakes-coracao\\\/#primaryimage\"},\"thumbnailUrl\":\"https:\\\/\\\/divertarte.com\\\/wp-content\\\/uploads\\\/2018\\\/06\\\/cup-cakes-coracao-molde-silicone.jpg\",\"datePublished\":\"2018-06-07T13:10:31+00:00\",\"dateModified\":\"2025-11-06T13:51:13+00:00\",\"description\":\"CUPCAKES CORA\u00c7\u00c3OCONJUNTO DE 3 - 6,5X6,5X3 CM - FORMAS EM SILICONE PARA BOLINHOS CUPCAKES FORMATO CORA\u00c7\u00c3O. TEMPERATURA M\u00c3\u0081XIMA 219\u00baC.\",\"breadcrumb\":{\"@id\":\"https:\\\/\\\/divertarte.com\\\/index.php\\\/produto\\\/cupcakes-coracao\\\/#breadcrumb\"},\"inLanguage\":\"pt-PT\",\"potentialAction\":[{\"@type\":\"ReadAction\",\"target\":[\"https:\\\/\\\/divertarte.com\\\/index.php\\\/produto\\\/cupcakes-coracao\\\/\"]}]},{\"@type\":\"ImageObject\",\"inLanguage\":\"pt-PT\",\"@id\":\"https:\\\/\\\/divertarte.com\\\/index.php\\\/produto\\\/cupcakes-coracao\\\/#primaryimage\",\"url\":\"https:\\\/\\\/divertarte.com\\\/wp-content\\\/uploads\\\/2018\\\/06\\\/cup-cakes-coracao-molde-silicone.jpg\",\"contentUrl\":\"https:\\\/\\\/divertarte.com\\\/wp-content\\\/uploads\\\/2018\\\/06\\\/cup-cakes-coracao-molde-silicone.jpg\",\"width\":400,\"height\":401},{\"@type\":\"BreadcrumbList\",\"@id\":\"https:\\\/\\\/divertarte.com\\\/index.php\\\/produto\\\/cupcakes-coracao\\\/#breadcrumb\",\"itemListElement\":[{\"@type\":\"ListItem\",\"position\":1,\"name\":\"In\u00edcio\",\"item\":\"https:\\\/\\\/divertarte.com\\\/\"},{\"@type\":\"ListItem\",\"position\":2,\"name\":\"Loja\",\"item\":\"https:\\\/\\\/divertarte.com\\\/index.php\\\/divertarte-produtos\\\/\"},{\"@type\":\"ListItem\",\"position\":3,\"name\":\"CUPCAKES CORA\u00c7\u00c3O\"}]},{\"@type\":\"WebSite\",\"@id\":\"https:\\\/\\\/divertarte.com\\\/#website\",\"url\":\"https:\\\/\\\/divertarte.com\\\/\",\"name\":\"Divertarte\",\"description\":\"\",\"publisher\":{\"@id\":\"https:\\\/\\\/divertarte.com\\\/#organization\"},\"potentialAction\":[{\"@type\":\"SearchAction\",\"target\":{\"@type\":\"EntryPoint\",\"urlTemplate\":\"https:\\\/\\\/divertarte.com\\\/?s={search_term_string}\"},\"query-input\":{\"@type\":\"PropertyValueSpecification\",\"valueRequired\":true,\"valueName\":\"search_term_string\"}}],\"inLanguage\":\"pt-PT\"},{\"@type\":\"Organization\",\"@id\":\"https:\\\/\\\/divertarte.com\\\/#organization\",\"name\":\"Divertarte\",\"url\":\"https:\\\/\\\/divertarte.com\\\/\",\"logo\":{\"@type\":\"ImageObject\",\"inLanguage\":\"pt-PT\",\"@id\":\"https:\\\/\\\/divertarte.com\\\/#\\\/schema\\\/logo\\\/image\\\/\",\"url\":\"https:\\\/\\\/divertarte.com\\\/wp-content\\\/uploads\\\/2018\\\/07\\\/logo-div.jpg\",\"contentUrl\":\"https:\\\/\\\/divertarte.com\\\/wp-content\\\/uploads\\\/2018\\\/07\\\/logo-div.jpg\",\"width\":295,\"height\":123,\"caption\":\"Divertarte\"},\"image\":{\"@id\":\"https:\\\/\\\/divertarte.com\\\/#\\\/schema\\\/logo\\\/image\\\/\"}}]}<\/script>\n<!-- \/ Yoast SEO plugin. -->","yoast_head_json":{"title":"CUPCAKES CORA\u00c7\u00c3O -","description":"CUPCAKES CORA\u00c7\u00c3OCONJUNTO DE 3 - 6,5X6,5X3 CM - FORMAS EM SILICONE PARA BOLINHOS CUPCAKES FORMATO CORA\u00c7\u00c3O. TEMPERATURA M\u00c3\u0081XIMA 219\u00baC.","robots":{"index":"index","follow":"follow","max-snippet":"max-snippet:-1","max-image-preview":"max-image-preview:large","max-video-preview":"max-video-preview:-1"},"canonical":"https:\/\/divertarte.com\/index.php\/produto\/cupcakes-coracao\/","og_locale":"pt_PT","og_type":"article","og_title":"CUPCAKES CORA\u00c7\u00c3O -","og_description":"CUPCAKES CORA\u00c7\u00c3OCONJUNTO DE 3 - 6,5X6,5X3 CM - FORMAS EM SILICONE PARA BOLINHOS CUPCAKES FORMATO CORA\u00c7\u00c3O. TEMPERATURA M\u00c3\u0081XIMA 219\u00baC.","og_url":"https:\/\/divertarte.com\/index.php\/produto\/cupcakes-coracao\/","article_modified_time":"2025-11-06T13:51:13+00:00","og_image":[{"width":400,"height":401,"url":"https:\/\/divertarte.com\/wp-content\/uploads\/2018\/06\/cup-cakes-coracao-molde-silicone.jpg","type":"image\/jpeg"}],"twitter_card":"summary_large_image","schema":{"@context":"https:\/\/schema.org","@graph":[{"@type":"WebPage","@id":"https:\/\/divertarte.com\/index.php\/produto\/cupcakes-coracao\/","url":"https:\/\/divertarte.com\/index.php\/produto\/cupcakes-coracao\/","name":"CUPCAKES CORA\u00c7\u00c3O -","isPartOf":{"@id":"https:\/\/divertarte.com\/#website"},"primaryImageOfPage":{"@id":"https:\/\/divertarte.com\/index.php\/produto\/cupcakes-coracao\/#primaryimage"},"image":{"@id":"https:\/\/divertarte.com\/index.php\/produto\/cupcakes-coracao\/#primaryimage"},"thumbnailUrl":"https:\/\/divertarte.com\/wp-content\/uploads\/2018\/06\/cup-cakes-coracao-molde-silicone.jpg","datePublished":"2018-06-07T13:10:31+00:00","dateModified":"2025-11-06T13:51:13+00:00","description":"CUPCAKES CORA\u00c7\u00c3OCONJUNTO DE 3 - 6,5X6,5X3 CM - FORMAS EM SILICONE PARA BOLINHOS CUPCAKES FORMATO CORA\u00c7\u00c3O. TEMPERATURA M\u00c3\u0081XIMA 219\u00baC.","breadcrumb":{"@id":"https:\/\/divertarte.com\/index.php\/produto\/cupcakes-coracao\/#breadcrumb"},"inLanguage":"pt-PT","potentialAction":[{"@type":"ReadAction","target":["https:\/\/divertarte.com\/index.php\/produto\/cupcakes-coracao\/"]}]},{"@type":"ImageObject","inLanguage":"pt-PT","@id":"https:\/\/divertarte.com\/index.php\/produto\/cupcakes-coracao\/#primaryimage","url":"https:\/\/divertarte.com\/wp-content\/uploads\/2018\/06\/cup-cakes-coracao-molde-silicone.jpg","contentUrl":"https:\/\/divertarte.com\/wp-content\/uploads\/2018\/06\/cup-cakes-coracao-molde-silicone.jpg","width":400,"height":401},{"@type":"BreadcrumbList","@id":"https:\/\/divertarte.com\/index.php\/produto\/cupcakes-coracao\/#breadcrumb","itemListElement":[{"@type":"ListItem","position":1,"name":"In\u00edcio","item":"https:\/\/divertarte.com\/"},{"@type":"ListItem","position":2,"name":"Loja","item":"https:\/\/divertarte.com\/index.php\/divertarte-produtos\/"},{"@type":"ListItem","position":3,"name":"CUPCAKES CORA\u00c7\u00c3O"}]},{"@type":"WebSite","@id":"https:\/\/divertarte.com\/#website","url":"https:\/\/divertarte.com\/","name":"Divertarte","description":"","publisher":{"@id":"https:\/\/divertarte.com\/#organization"},"potentialAction":[{"@type":"SearchAction","target":{"@type":"EntryPoint","urlTemplate":"https:\/\/divertarte.com\/?s={search_term_string}"},"query-input":{"@type":"PropertyValueSpecification","valueRequired":true,"valueName":"search_term_string"}}],"inLanguage":"pt-PT"},{"@type":"Organization","@id":"https:\/\/divertarte.com\/#organization","name":"Divertarte","url":"https:\/\/divertarte.com\/","logo":{"@type":"ImageObject","inLanguage":"pt-PT","@id":"https:\/\/divertarte.com\/#\/schema\/logo\/image\/","url":"https:\/\/divertarte.com\/wp-content\/uploads\/2018\/07\/logo-div.jpg","contentUrl":"https:\/\/divertarte.com\/wp-content\/uploads\/2018\/07\/logo-div.jpg","width":295,"height":123,"caption":"Divertarte"},"image":{"@id":"https:\/\/divertarte.com\/#\/schema\/logo\/image\/"}}]}},"_links":{"self":[{"href":"https:\/\/divertarte.com\/index.php\/wp-json\/wp\/v2\/product\/3797","targetHints":{"allow":["GET"]}}],"collection":[{"href":"https:\/\/divertarte.com\/index.php\/wp-json\/wp\/v2\/product"}],"about":[{"href":"https:\/\/divertarte.com\/index.php\/wp-json\/wp\/v2\/types\/product"}],"replies":[{"embeddable":true,"href":"https:\/\/divertarte.com\/index.php\/wp-json\/wp\/v2\/comments?post=3797"}],"wp:featuredmedia":[{"embeddable":true,"href":"https:\/\/divertarte.com\/index.php\/wp-json\/wp\/v2\/media\/9543"}],"wp:attachment":[{"href":"https:\/\/divertarte.com\/index.php\/wp-json\/wp\/v2\/media?parent=3797"}],"wp:term":[{"taxonomy":"product_brand","embeddable":true,"href":"https:\/\/divertarte.com\/index.php\/wp-json\/wp\/v2\/product_brand?post=3797"},{"taxonomy":"product_cat","embeddable":true,"href":"https:\/\/divertarte.com\/index.php\/wp-json\/wp\/v2\/product_cat?post=3797"},{"taxonomy":"product_tag","embeddable":true,"href":"https:\/\/divertarte.com\/index.php\/wp-json\/wp\/v2\/product_tag?post=3797"}],"curies":[{"name":"wp","href":"https:\/\/api.w.org\/{rel}","templated":true}]}}