{"id":3796,"date":"2018-06-07T14:17:26","date_gmt":"2018-06-07T13:17:26","guid":{"rendered":"https:\/\/divertarte.com\/index.php\/produto\/frasco-vidro-500-ml-quadrado\/"},"modified":"2025-11-06T13:35:57","modified_gmt":"2025-11-06T13:35:57","slug":"frasco-vidro-500-ml-quadrado","status":"publish","type":"product","link":"https:\/\/divertarte.com\/index.php\/produto\/frasco-vidro-500-ml-quadrado\/","title":{"rendered":"FRASCO VIDRO 500 ML QUADRADO"},"content":{"rendered":"<p>FRASCO DE VIDRO 500 ML QUADRADO COM ROLHA DE CORTI\u00c7A.<\/p>\n<p>FRASCO PARA LICORES, AGUARDENTES, AZEITES, VINAGRES, GOURMETS, \u00c1GUAS AROMATIZADAS, GEL BANHO, T\u00d3NICO. AL\u00c9M DISSO D\u00c3O PARA OFERTAS E BRINDES DE CASAMENTO E BAPTIZADO.<\/p>\n<p>MULTIUSOS TRANSPARENTE BOCA ESTREITA REF.: Q100 Capacidade: 500 ml Frasco: Alt 19cm x 6,5cm Rolha: CORTI\u00c7A &#8211; Peso do frasco com rolha: 380gr<\/p>\n","protected":false},"excerpt":{"rendered":"<p>Temporariamente esgotado<br \/>\nFRASCO DE VIDRO COM ROLHA DE CORTI\u00c7A 500 ML &#8211; FORMATO QUADRADO &#8211; FRASCO PARA LICORES, AGUARDENTES, AZEITES, VINAGRES, GOURMETS, \u00c3\u0081GUAS AROMATIZADAS, GEL BANHO, T\u00d3NICO &#8211; OFERTAS E BRINDES DE CASAMENTO E BAPTIZADO &#8211; MULTIUSOS TRANSPARENTE BOCA ESTREITA REF.: Q100 Capacidade: 500 ml Frasco: Alt 19cm x 6,5cm Rolha: CORTI\u00c7A &#8211; Peso do frasco com rolha: 380gr<\/p>\n","protected":false},"featured_media":9710,"comment_status":"closed","ping_status":"closed","template":"","meta":{"_exactmetrics_skip_tracking":false,"_exactmetrics_sitenote_active":false,"_exactmetrics_sitenote_note":"","_exactmetrics_sitenote_category":0},"product_brand":[],"product_cat":[27,110,15],"product_tag":[],"class_list":{"0":"post-3796","1":"product","2":"type-product","3":"status-publish","4":"has-post-thumbnail","6":"product_cat-frascos-de-vidro","7":"product_cat-frascos-licor-aguardentes-vinhos","8":"product_cat-ver-todos-os-produtos","10":"first","11":"instock","12":"taxable","13":"shipping-taxable","14":"purchasable","15":"product-type-simple"},"yoast_head":"<!-- This site is optimized with the Yoast SEO plugin v27.4 - https:\/\/yoast.com\/product\/yoast-seo-wordpress\/ -->\n<title>FRASCO VIDRO 500 ML QUADRADO -<\/title>\n<meta name=\"description\" content=\"Frascos licores, aguardentes, vinagres, azeites, gel banho, tonico,brindes casamento e batizado. FRASCO DE VIDRO 500 ML QUADRADO COM ROLHA DE CORTI\u00c7A.\" \/>\n<meta name=\"robots\" content=\"index, follow, max-snippet:-1, max-image-preview:large, max-video-preview:-1\" \/>\n<link rel=\"canonical\" href=\"https:\/\/divertarte.com\/index.php\/produto\/frasco-vidro-500-ml-quadrado\/\" \/>\n<meta property=\"og:locale\" content=\"pt_PT\" \/>\n<meta property=\"og:type\" content=\"article\" \/>\n<meta property=\"og:title\" content=\"FRASCO VIDRO 500 ML QUADRADO -\" \/>\n<meta property=\"og:description\" content=\"Frascos licores, aguardentes, vinagres, azeites, gel banho, tonico,brindes casamento e batizado. FRASCO DE VIDRO 500 ML QUADRADO COM ROLHA DE CORTI\u00c7A.\" \/>\n<meta property=\"og:url\" content=\"https:\/\/divertarte.com\/index.php\/produto\/frasco-vidro-500-ml-quadrado\/\" \/>\n<meta property=\"article:modified_time\" content=\"2025-11-06T13:35:57+00:00\" \/>\n<meta property=\"og:image\" content=\"https:\/\/divertarte.com\/wp-content\/uploads\/2018\/06\/Frasco-Vidro-500ml-quadrado.jpg\" \/>\n\t<meta property=\"og:image:width\" content=\"350\" \/>\n\t<meta property=\"og:image:height\" content=\"353\" \/>\n\t<meta property=\"og:image:type\" content=\"image\/jpeg\" \/>\n<meta name=\"twitter:card\" content=\"summary_large_image\" \/>\n<script type=\"application\/ld+json\" class=\"yoast-schema-graph\">{\"@context\":\"https:\\\/\\\/schema.org\",\"@graph\":[{\"@type\":\"WebPage\",\"@id\":\"https:\\\/\\\/divertarte.com\\\/index.php\\\/produto\\\/frasco-vidro-500-ml-quadrado\\\/\",\"url\":\"https:\\\/\\\/divertarte.com\\\/index.php\\\/produto\\\/frasco-vidro-500-ml-quadrado\\\/\",\"name\":\"FRASCO VIDRO 500 ML QUADRADO -\",\"isPartOf\":{\"@id\":\"https:\\\/\\\/divertarte.com\\\/#website\"},\"primaryImageOfPage\":{\"@id\":\"https:\\\/\\\/divertarte.com\\\/index.php\\\/produto\\\/frasco-vidro-500-ml-quadrado\\\/#primaryimage\"},\"image\":{\"@id\":\"https:\\\/\\\/divertarte.com\\\/index.php\\\/produto\\\/frasco-vidro-500-ml-quadrado\\\/#primaryimage\"},\"thumbnailUrl\":\"https:\\\/\\\/divertarte.com\\\/wp-content\\\/uploads\\\/2018\\\/06\\\/Frasco-Vidro-500ml-quadrado.jpg\",\"datePublished\":\"2018-06-07T13:17:26+00:00\",\"dateModified\":\"2025-11-06T13:35:57+00:00\",\"description\":\"Frascos licores, aguardentes, vinagres, azeites, gel banho, tonico,brindes casamento e batizado. FRASCO DE VIDRO 500 ML QUADRADO COM ROLHA DE CORTI\u00c7A.\",\"breadcrumb\":{\"@id\":\"https:\\\/\\\/divertarte.com\\\/index.php\\\/produto\\\/frasco-vidro-500-ml-quadrado\\\/#breadcrumb\"},\"inLanguage\":\"pt-PT\",\"potentialAction\":[{\"@type\":\"ReadAction\",\"target\":[\"https:\\\/\\\/divertarte.com\\\/index.php\\\/produto\\\/frasco-vidro-500-ml-quadrado\\\/\"]}]},{\"@type\":\"ImageObject\",\"inLanguage\":\"pt-PT\",\"@id\":\"https:\\\/\\\/divertarte.com\\\/index.php\\\/produto\\\/frasco-vidro-500-ml-quadrado\\\/#primaryimage\",\"url\":\"https:\\\/\\\/divertarte.com\\\/wp-content\\\/uploads\\\/2018\\\/06\\\/Frasco-Vidro-500ml-quadrado.jpg\",\"contentUrl\":\"https:\\\/\\\/divertarte.com\\\/wp-content\\\/uploads\\\/2018\\\/06\\\/Frasco-Vidro-500ml-quadrado.jpg\",\"width\":350,\"height\":353},{\"@type\":\"BreadcrumbList\",\"@id\":\"https:\\\/\\\/divertarte.com\\\/index.php\\\/produto\\\/frasco-vidro-500-ml-quadrado\\\/#breadcrumb\",\"itemListElement\":[{\"@type\":\"ListItem\",\"position\":1,\"name\":\"In\u00edcio\",\"item\":\"https:\\\/\\\/divertarte.com\\\/\"},{\"@type\":\"ListItem\",\"position\":2,\"name\":\"Loja\",\"item\":\"https:\\\/\\\/divertarte.com\\\/index.php\\\/divertarte-produtos\\\/\"},{\"@type\":\"ListItem\",\"position\":3,\"name\":\"FRASCO VIDRO 500 ML QUADRADO\"}]},{\"@type\":\"WebSite\",\"@id\":\"https:\\\/\\\/divertarte.com\\\/#website\",\"url\":\"https:\\\/\\\/divertarte.com\\\/\",\"name\":\"Divertarte\",\"description\":\"\",\"publisher\":{\"@id\":\"https:\\\/\\\/divertarte.com\\\/#organization\"},\"potentialAction\":[{\"@type\":\"SearchAction\",\"target\":{\"@type\":\"EntryPoint\",\"urlTemplate\":\"https:\\\/\\\/divertarte.com\\\/?s={search_term_string}\"},\"query-input\":{\"@type\":\"PropertyValueSpecification\",\"valueRequired\":true,\"valueName\":\"search_term_string\"}}],\"inLanguage\":\"pt-PT\"},{\"@type\":\"Organization\",\"@id\":\"https:\\\/\\\/divertarte.com\\\/#organization\",\"name\":\"Divertarte\",\"url\":\"https:\\\/\\\/divertarte.com\\\/\",\"logo\":{\"@type\":\"ImageObject\",\"inLanguage\":\"pt-PT\",\"@id\":\"https:\\\/\\\/divertarte.com\\\/#\\\/schema\\\/logo\\\/image\\\/\",\"url\":\"https:\\\/\\\/divertarte.com\\\/wp-content\\\/uploads\\\/2018\\\/07\\\/logo-div.jpg\",\"contentUrl\":\"https:\\\/\\\/divertarte.com\\\/wp-content\\\/uploads\\\/2018\\\/07\\\/logo-div.jpg\",\"width\":295,\"height\":123,\"caption\":\"Divertarte\"},\"image\":{\"@id\":\"https:\\\/\\\/divertarte.com\\\/#\\\/schema\\\/logo\\\/image\\\/\"}}]}<\/script>\n<!-- \/ Yoast SEO plugin. -->","yoast_head_json":{"title":"FRASCO VIDRO 500 ML QUADRADO -","description":"Frascos licores, aguardentes, vinagres, azeites, gel banho, tonico,brindes casamento e batizado. FRASCO DE VIDRO 500 ML QUADRADO COM ROLHA DE CORTI\u00c7A.","robots":{"index":"index","follow":"follow","max-snippet":"max-snippet:-1","max-image-preview":"max-image-preview:large","max-video-preview":"max-video-preview:-1"},"canonical":"https:\/\/divertarte.com\/index.php\/produto\/frasco-vidro-500-ml-quadrado\/","og_locale":"pt_PT","og_type":"article","og_title":"FRASCO VIDRO 500 ML QUADRADO -","og_description":"Frascos licores, aguardentes, vinagres, azeites, gel banho, tonico,brindes casamento e batizado. FRASCO DE VIDRO 500 ML QUADRADO COM ROLHA DE CORTI\u00c7A.","og_url":"https:\/\/divertarte.com\/index.php\/produto\/frasco-vidro-500-ml-quadrado\/","article_modified_time":"2025-11-06T13:35:57+00:00","og_image":[{"width":350,"height":353,"url":"https:\/\/divertarte.com\/wp-content\/uploads\/2018\/06\/Frasco-Vidro-500ml-quadrado.jpg","type":"image\/jpeg"}],"twitter_card":"summary_large_image","schema":{"@context":"https:\/\/schema.org","@graph":[{"@type":"WebPage","@id":"https:\/\/divertarte.com\/index.php\/produto\/frasco-vidro-500-ml-quadrado\/","url":"https:\/\/divertarte.com\/index.php\/produto\/frasco-vidro-500-ml-quadrado\/","name":"FRASCO VIDRO 500 ML QUADRADO -","isPartOf":{"@id":"https:\/\/divertarte.com\/#website"},"primaryImageOfPage":{"@id":"https:\/\/divertarte.com\/index.php\/produto\/frasco-vidro-500-ml-quadrado\/#primaryimage"},"image":{"@id":"https:\/\/divertarte.com\/index.php\/produto\/frasco-vidro-500-ml-quadrado\/#primaryimage"},"thumbnailUrl":"https:\/\/divertarte.com\/wp-content\/uploads\/2018\/06\/Frasco-Vidro-500ml-quadrado.jpg","datePublished":"2018-06-07T13:17:26+00:00","dateModified":"2025-11-06T13:35:57+00:00","description":"Frascos licores, aguardentes, vinagres, azeites, gel banho, tonico,brindes casamento e batizado. FRASCO DE VIDRO 500 ML QUADRADO COM ROLHA DE CORTI\u00c7A.","breadcrumb":{"@id":"https:\/\/divertarte.com\/index.php\/produto\/frasco-vidro-500-ml-quadrado\/#breadcrumb"},"inLanguage":"pt-PT","potentialAction":[{"@type":"ReadAction","target":["https:\/\/divertarte.com\/index.php\/produto\/frasco-vidro-500-ml-quadrado\/"]}]},{"@type":"ImageObject","inLanguage":"pt-PT","@id":"https:\/\/divertarte.com\/index.php\/produto\/frasco-vidro-500-ml-quadrado\/#primaryimage","url":"https:\/\/divertarte.com\/wp-content\/uploads\/2018\/06\/Frasco-Vidro-500ml-quadrado.jpg","contentUrl":"https:\/\/divertarte.com\/wp-content\/uploads\/2018\/06\/Frasco-Vidro-500ml-quadrado.jpg","width":350,"height":353},{"@type":"BreadcrumbList","@id":"https:\/\/divertarte.com\/index.php\/produto\/frasco-vidro-500-ml-quadrado\/#breadcrumb","itemListElement":[{"@type":"ListItem","position":1,"name":"In\u00edcio","item":"https:\/\/divertarte.com\/"},{"@type":"ListItem","position":2,"name":"Loja","item":"https:\/\/divertarte.com\/index.php\/divertarte-produtos\/"},{"@type":"ListItem","position":3,"name":"FRASCO VIDRO 500 ML QUADRADO"}]},{"@type":"WebSite","@id":"https:\/\/divertarte.com\/#website","url":"https:\/\/divertarte.com\/","name":"Divertarte","description":"","publisher":{"@id":"https:\/\/divertarte.com\/#organization"},"potentialAction":[{"@type":"SearchAction","target":{"@type":"EntryPoint","urlTemplate":"https:\/\/divertarte.com\/?s={search_term_string}"},"query-input":{"@type":"PropertyValueSpecification","valueRequired":true,"valueName":"search_term_string"}}],"inLanguage":"pt-PT"},{"@type":"Organization","@id":"https:\/\/divertarte.com\/#organization","name":"Divertarte","url":"https:\/\/divertarte.com\/","logo":{"@type":"ImageObject","inLanguage":"pt-PT","@id":"https:\/\/divertarte.com\/#\/schema\/logo\/image\/","url":"https:\/\/divertarte.com\/wp-content\/uploads\/2018\/07\/logo-div.jpg","contentUrl":"https:\/\/divertarte.com\/wp-content\/uploads\/2018\/07\/logo-div.jpg","width":295,"height":123,"caption":"Divertarte"},"image":{"@id":"https:\/\/divertarte.com\/#\/schema\/logo\/image\/"}}]}},"_links":{"self":[{"href":"https:\/\/divertarte.com\/index.php\/wp-json\/wp\/v2\/product\/3796","targetHints":{"allow":["GET"]}}],"collection":[{"href":"https:\/\/divertarte.com\/index.php\/wp-json\/wp\/v2\/product"}],"about":[{"href":"https:\/\/divertarte.com\/index.php\/wp-json\/wp\/v2\/types\/product"}],"replies":[{"embeddable":true,"href":"https:\/\/divertarte.com\/index.php\/wp-json\/wp\/v2\/comments?post=3796"}],"wp:featuredmedia":[{"embeddable":true,"href":"https:\/\/divertarte.com\/index.php\/wp-json\/wp\/v2\/media\/9710"}],"wp:attachment":[{"href":"https:\/\/divertarte.com\/index.php\/wp-json\/wp\/v2\/media?parent=3796"}],"wp:term":[{"taxonomy":"product_brand","embeddable":true,"href":"https:\/\/divertarte.com\/index.php\/wp-json\/wp\/v2\/product_brand?post=3796"},{"taxonomy":"product_cat","embeddable":true,"href":"https:\/\/divertarte.com\/index.php\/wp-json\/wp\/v2\/product_cat?post=3796"},{"taxonomy":"product_tag","embeddable":true,"href":"https:\/\/divertarte.com\/index.php\/wp-json\/wp\/v2\/product_tag?post=3796"}],"curies":[{"name":"wp","href":"https:\/\/api.w.org\/{rel}","templated":true}]}}