{"id":3319,"date":"2018-05-08T16:55:24","date_gmt":"2018-05-08T15:55:24","guid":{"rendered":"https:\/\/divertarte.com\/index.php\/produto\/ovos-6x5-cm-pac-6\/"},"modified":"2025-11-06T14:15:37","modified_gmt":"2025-11-06T14:15:37","slug":"ovos-6x5-cm-pac-6","status":"publish","type":"product","link":"https:\/\/divertarte.com\/index.php\/produto\/ovos-6x5-cm-pac-6\/","title":{"rendered":"Ovos Esferovite 6cm -Pac 3"},"content":{"rendered":"<p>OVOS ESFEROVITE 6cm X 5cm &#8211; PAC 3<\/p>\n<p>s\u00e3o \u00f3timos para feltragem de agulha, para pintura para trabalhos manuais nas escolas e infant\u00e1rios, trabalhos em biscuit, decora\u00e7\u00e3o de mesas da p\u00e1scoa, decoupage, artes decorativas, pachwork.<br \/>\nS\u00e3o leves, ir\u00e1 pendur\u00e1-los facilmente nas \u00e1rvores de galho e s\u00e3o perfeitos para a P\u00e1scoa<\/p>\n<p>Fa\u00e7a a sua \u00e1rvore de P\u00e1scoa linda com seus pr\u00f3prios ovos decorados \u00e0\u00a0 m\u00e3o<\/p>\n","protected":false},"excerpt":{"rendered":"<p>OVOS ESFEROVITE 6cm X 5cm &#8211; PAC 3<\/p>\n","protected":false},"featured_media":16016,"comment_status":"open","ping_status":"closed","template":"","meta":{"_exactmetrics_skip_tracking":false,"_exactmetrics_sitenote_active":false,"_exactmetrics_sitenote_note":"","_exactmetrics_sitenote_category":0},"product_brand":[],"product_cat":[59,626,15],"product_tag":[624,625],"class_list":{"0":"post-3319","1":"product","2":"type-product","3":"status-publish","4":"has-post-thumbnail","6":"product_cat-esferovite","7":"product_cat-ovos-de-esferovite-esferovite","8":"product_cat-ver-todos-os-produtos","9":"product_tag-esferovite","10":"product_tag-ovos-de-esferovite","12":"first","13":"instock","14":"taxable","15":"shipping-taxable","16":"purchasable","17":"product-type-simple"},"yoast_head":"<!-- This site is optimized with the Yoast SEO plugin v27.4 - https:\/\/yoast.com\/product\/yoast-seo-wordpress\/ -->\n<title>Ovos Esferovite 6cm -Pac 3 -<\/title>\n<meta name=\"description\" content=\"Ovos de Esferovite - 6 cm - Pacote de 6 ovos - arvores de p\u00e1scoa, trabalhos manuais, ovos de coelho pintados, decoupage\" \/>\n<meta name=\"robots\" content=\"index, follow, max-snippet:-1, max-image-preview:large, max-video-preview:-1\" \/>\n<link rel=\"canonical\" href=\"https:\/\/divertarte.com\/index.php\/produto\/ovos-6x5-cm-pac-6\/\" \/>\n<meta property=\"og:locale\" content=\"pt_PT\" \/>\n<meta property=\"og:type\" content=\"article\" \/>\n<meta property=\"og:title\" content=\"Ovos Esferovite 6cm -Pac 3 -\" \/>\n<meta property=\"og:description\" content=\"Ovos de Esferovite - 6 cm - Pacote de 6 ovos - arvores de p\u00e1scoa, trabalhos manuais, ovos de coelho pintados, decoupage\" \/>\n<meta property=\"og:url\" content=\"https:\/\/divertarte.com\/index.php\/produto\/ovos-6x5-cm-pac-6\/\" \/>\n<meta property=\"article:modified_time\" content=\"2025-11-06T14:15:37+00:00\" \/>\n<meta property=\"og:image\" content=\"https:\/\/divertarte.com\/wp-content\/uploads\/2018\/05\/ovo-esferovite-6.jpg\" \/>\n\t<meta property=\"og:image:width\" content=\"301\" \/>\n\t<meta property=\"og:image:height\" content=\"301\" \/>\n\t<meta property=\"og:image:type\" content=\"image\/jpeg\" \/>\n<meta name=\"twitter:card\" content=\"summary_large_image\" \/>\n<meta name=\"twitter:label1\" content=\"Tempo estimado de leitura\" \/>\n\t<meta name=\"twitter:data1\" content=\"1 minuto\" \/>\n<script type=\"application\/ld+json\" class=\"yoast-schema-graph\">{\"@context\":\"https:\\\/\\\/schema.org\",\"@graph\":[{\"@type\":\"WebPage\",\"@id\":\"https:\\\/\\\/divertarte.com\\\/index.php\\\/produto\\\/ovos-6x5-cm-pac-6\\\/\",\"url\":\"https:\\\/\\\/divertarte.com\\\/index.php\\\/produto\\\/ovos-6x5-cm-pac-6\\\/\",\"name\":\"Ovos Esferovite 6cm -Pac 3 -\",\"isPartOf\":{\"@id\":\"https:\\\/\\\/divertarte.com\\\/#website\"},\"primaryImageOfPage\":{\"@id\":\"https:\\\/\\\/divertarte.com\\\/index.php\\\/produto\\\/ovos-6x5-cm-pac-6\\\/#primaryimage\"},\"image\":{\"@id\":\"https:\\\/\\\/divertarte.com\\\/index.php\\\/produto\\\/ovos-6x5-cm-pac-6\\\/#primaryimage\"},\"thumbnailUrl\":\"https:\\\/\\\/divertarte.com\\\/wp-content\\\/uploads\\\/2018\\\/05\\\/ovo-esferovite-6.jpg\",\"datePublished\":\"2018-05-08T15:55:24+00:00\",\"dateModified\":\"2025-11-06T14:15:37+00:00\",\"description\":\"Ovos de Esferovite - 6 cm - Pacote de 6 ovos - arvores de p\u00e1scoa, trabalhos manuais, ovos de coelho pintados, decoupage\",\"breadcrumb\":{\"@id\":\"https:\\\/\\\/divertarte.com\\\/index.php\\\/produto\\\/ovos-6x5-cm-pac-6\\\/#breadcrumb\"},\"inLanguage\":\"pt-PT\",\"potentialAction\":[{\"@type\":\"ReadAction\",\"target\":[\"https:\\\/\\\/divertarte.com\\\/index.php\\\/produto\\\/ovos-6x5-cm-pac-6\\\/\"]}]},{\"@type\":\"ImageObject\",\"inLanguage\":\"pt-PT\",\"@id\":\"https:\\\/\\\/divertarte.com\\\/index.php\\\/produto\\\/ovos-6x5-cm-pac-6\\\/#primaryimage\",\"url\":\"https:\\\/\\\/divertarte.com\\\/wp-content\\\/uploads\\\/2018\\\/05\\\/ovo-esferovite-6.jpg\",\"contentUrl\":\"https:\\\/\\\/divertarte.com\\\/wp-content\\\/uploads\\\/2018\\\/05\\\/ovo-esferovite-6.jpg\",\"width\":301,\"height\":301},{\"@type\":\"BreadcrumbList\",\"@id\":\"https:\\\/\\\/divertarte.com\\\/index.php\\\/produto\\\/ovos-6x5-cm-pac-6\\\/#breadcrumb\",\"itemListElement\":[{\"@type\":\"ListItem\",\"position\":1,\"name\":\"In\u00edcio\",\"item\":\"https:\\\/\\\/divertarte.com\\\/\"},{\"@type\":\"ListItem\",\"position\":2,\"name\":\"Loja\",\"item\":\"https:\\\/\\\/divertarte.com\\\/index.php\\\/divertarte-produtos\\\/\"},{\"@type\":\"ListItem\",\"position\":3,\"name\":\"Ovos Esferovite 6cm -Pac 3\"}]},{\"@type\":\"WebSite\",\"@id\":\"https:\\\/\\\/divertarte.com\\\/#website\",\"url\":\"https:\\\/\\\/divertarte.com\\\/\",\"name\":\"Divertarte\",\"description\":\"\",\"publisher\":{\"@id\":\"https:\\\/\\\/divertarte.com\\\/#organization\"},\"potentialAction\":[{\"@type\":\"SearchAction\",\"target\":{\"@type\":\"EntryPoint\",\"urlTemplate\":\"https:\\\/\\\/divertarte.com\\\/?s={search_term_string}\"},\"query-input\":{\"@type\":\"PropertyValueSpecification\",\"valueRequired\":true,\"valueName\":\"search_term_string\"}}],\"inLanguage\":\"pt-PT\"},{\"@type\":\"Organization\",\"@id\":\"https:\\\/\\\/divertarte.com\\\/#organization\",\"name\":\"Divertarte\",\"url\":\"https:\\\/\\\/divertarte.com\\\/\",\"logo\":{\"@type\":\"ImageObject\",\"inLanguage\":\"pt-PT\",\"@id\":\"https:\\\/\\\/divertarte.com\\\/#\\\/schema\\\/logo\\\/image\\\/\",\"url\":\"https:\\\/\\\/divertarte.com\\\/wp-content\\\/uploads\\\/2018\\\/07\\\/logo-div.jpg\",\"contentUrl\":\"https:\\\/\\\/divertarte.com\\\/wp-content\\\/uploads\\\/2018\\\/07\\\/logo-div.jpg\",\"width\":295,\"height\":123,\"caption\":\"Divertarte\"},\"image\":{\"@id\":\"https:\\\/\\\/divertarte.com\\\/#\\\/schema\\\/logo\\\/image\\\/\"}}]}<\/script>\n<!-- \/ Yoast SEO plugin. -->","yoast_head_json":{"title":"Ovos Esferovite 6cm -Pac 3 -","description":"Ovos de Esferovite - 6 cm - Pacote de 6 ovos - arvores de p\u00e1scoa, trabalhos manuais, ovos de coelho pintados, decoupage","robots":{"index":"index","follow":"follow","max-snippet":"max-snippet:-1","max-image-preview":"max-image-preview:large","max-video-preview":"max-video-preview:-1"},"canonical":"https:\/\/divertarte.com\/index.php\/produto\/ovos-6x5-cm-pac-6\/","og_locale":"pt_PT","og_type":"article","og_title":"Ovos Esferovite 6cm -Pac 3 -","og_description":"Ovos de Esferovite - 6 cm - Pacote de 6 ovos - arvores de p\u00e1scoa, trabalhos manuais, ovos de coelho pintados, decoupage","og_url":"https:\/\/divertarte.com\/index.php\/produto\/ovos-6x5-cm-pac-6\/","article_modified_time":"2025-11-06T14:15:37+00:00","og_image":[{"width":301,"height":301,"url":"https:\/\/divertarte.com\/wp-content\/uploads\/2018\/05\/ovo-esferovite-6.jpg","type":"image\/jpeg"}],"twitter_card":"summary_large_image","twitter_misc":{"Tempo estimado de leitura":"1 minuto"},"schema":{"@context":"https:\/\/schema.org","@graph":[{"@type":"WebPage","@id":"https:\/\/divertarte.com\/index.php\/produto\/ovos-6x5-cm-pac-6\/","url":"https:\/\/divertarte.com\/index.php\/produto\/ovos-6x5-cm-pac-6\/","name":"Ovos Esferovite 6cm -Pac 3 -","isPartOf":{"@id":"https:\/\/divertarte.com\/#website"},"primaryImageOfPage":{"@id":"https:\/\/divertarte.com\/index.php\/produto\/ovos-6x5-cm-pac-6\/#primaryimage"},"image":{"@id":"https:\/\/divertarte.com\/index.php\/produto\/ovos-6x5-cm-pac-6\/#primaryimage"},"thumbnailUrl":"https:\/\/divertarte.com\/wp-content\/uploads\/2018\/05\/ovo-esferovite-6.jpg","datePublished":"2018-05-08T15:55:24+00:00","dateModified":"2025-11-06T14:15:37+00:00","description":"Ovos de Esferovite - 6 cm - Pacote de 6 ovos - arvores de p\u00e1scoa, trabalhos manuais, ovos de coelho pintados, decoupage","breadcrumb":{"@id":"https:\/\/divertarte.com\/index.php\/produto\/ovos-6x5-cm-pac-6\/#breadcrumb"},"inLanguage":"pt-PT","potentialAction":[{"@type":"ReadAction","target":["https:\/\/divertarte.com\/index.php\/produto\/ovos-6x5-cm-pac-6\/"]}]},{"@type":"ImageObject","inLanguage":"pt-PT","@id":"https:\/\/divertarte.com\/index.php\/produto\/ovos-6x5-cm-pac-6\/#primaryimage","url":"https:\/\/divertarte.com\/wp-content\/uploads\/2018\/05\/ovo-esferovite-6.jpg","contentUrl":"https:\/\/divertarte.com\/wp-content\/uploads\/2018\/05\/ovo-esferovite-6.jpg","width":301,"height":301},{"@type":"BreadcrumbList","@id":"https:\/\/divertarte.com\/index.php\/produto\/ovos-6x5-cm-pac-6\/#breadcrumb","itemListElement":[{"@type":"ListItem","position":1,"name":"In\u00edcio","item":"https:\/\/divertarte.com\/"},{"@type":"ListItem","position":2,"name":"Loja","item":"https:\/\/divertarte.com\/index.php\/divertarte-produtos\/"},{"@type":"ListItem","position":3,"name":"Ovos Esferovite 6cm -Pac 3"}]},{"@type":"WebSite","@id":"https:\/\/divertarte.com\/#website","url":"https:\/\/divertarte.com\/","name":"Divertarte","description":"","publisher":{"@id":"https:\/\/divertarte.com\/#organization"},"potentialAction":[{"@type":"SearchAction","target":{"@type":"EntryPoint","urlTemplate":"https:\/\/divertarte.com\/?s={search_term_string}"},"query-input":{"@type":"PropertyValueSpecification","valueRequired":true,"valueName":"search_term_string"}}],"inLanguage":"pt-PT"},{"@type":"Organization","@id":"https:\/\/divertarte.com\/#organization","name":"Divertarte","url":"https:\/\/divertarte.com\/","logo":{"@type":"ImageObject","inLanguage":"pt-PT","@id":"https:\/\/divertarte.com\/#\/schema\/logo\/image\/","url":"https:\/\/divertarte.com\/wp-content\/uploads\/2018\/07\/logo-div.jpg","contentUrl":"https:\/\/divertarte.com\/wp-content\/uploads\/2018\/07\/logo-div.jpg","width":295,"height":123,"caption":"Divertarte"},"image":{"@id":"https:\/\/divertarte.com\/#\/schema\/logo\/image\/"}}]}},"_links":{"self":[{"href":"https:\/\/divertarte.com\/index.php\/wp-json\/wp\/v2\/product\/3319","targetHints":{"allow":["GET"]}}],"collection":[{"href":"https:\/\/divertarte.com\/index.php\/wp-json\/wp\/v2\/product"}],"about":[{"href":"https:\/\/divertarte.com\/index.php\/wp-json\/wp\/v2\/types\/product"}],"replies":[{"embeddable":true,"href":"https:\/\/divertarte.com\/index.php\/wp-json\/wp\/v2\/comments?post=3319"}],"wp:featuredmedia":[{"embeddable":true,"href":"https:\/\/divertarte.com\/index.php\/wp-json\/wp\/v2\/media\/16016"}],"wp:attachment":[{"href":"https:\/\/divertarte.com\/index.php\/wp-json\/wp\/v2\/media?parent=3319"}],"wp:term":[{"taxonomy":"product_brand","embeddable":true,"href":"https:\/\/divertarte.com\/index.php\/wp-json\/wp\/v2\/product_brand?post=3319"},{"taxonomy":"product_cat","embeddable":true,"href":"https:\/\/divertarte.com\/index.php\/wp-json\/wp\/v2\/product_cat?post=3319"},{"taxonomy":"product_tag","embeddable":true,"href":"https:\/\/divertarte.com\/index.php\/wp-json\/wp\/v2\/product_tag?post=3319"}],"curies":[{"name":"wp","href":"https:\/\/api.w.org\/{rel}","templated":true}]}}