{"id":3201,"date":"2018-05-08T16:54:49","date_gmt":"2018-05-08T15:54:49","guid":{"rendered":"https:\/\/divertarte.com\/index.php\/produto\/tubo-pet-75x1cm-tp\/"},"modified":"2025-11-06T14:15:40","modified_gmt":"2025-11-06T14:15:40","slug":"tubo-pet-75x1cm-tp","status":"publish","type":"product","link":"https:\/\/divertarte.com\/index.php\/produto\/tubo-pet-75x1cm-tp\/","title":{"rendered":"TUBO PET 7,5X1cm TP"},"content":{"rendered":"<p>TUBOS DE ENSAIO PET CRISTAL COM TAMPA ESTANQUE &#8211; ESS\u00caNCIAS, CH\u00c1S, ERVAS AROM\u00c1TICAS. AL\u00c9M DISSO PODE USAR MISSANGAS, GRANULADO DE CHOCOLATE, BRINDES CASAMENTO, BATIZADO, FESTAS DE CRIAN\u00c7AS, NOVIDADE<br \/>\nTubo 5ml, Alt 7.5cm x 1cm &#8211; Rolha: ESTANQUE PVC<\/p>\n","protected":false},"excerpt":{"rendered":"<p>TUBOS DE ENSAIO PET CRISTAL COM TAMPA ESTANQUE &#8211; ESS\u00caNCIAS, CH\u00c1S, ERVAS AROM\u00c1TICAS. AL\u00c9M DISSO PODE USAR MISSANGAS, GRANULADO DE CHOCOLATE, BRINDES CASAMENTO, BATIZADO, FESTAS DE CRIAN\u00c7AS, NOVIDADE<br \/>\nTubo 5ml, Alt 7.5cm x 1cm &#8211; Rolha: ESTANQUE PVC<\/p>\n","protected":false},"featured_media":9488,"comment_status":"closed","ping_status":"closed","template":"","meta":{"_exactmetrics_skip_tracking":false,"_exactmetrics_sitenote_active":false,"_exactmetrics_sitenote_note":"","_exactmetrics_sitenote_category":0},"product_brand":[],"product_cat":[195],"product_tag":[],"class_list":{"0":"post-3201","1":"product","2":"type-product","3":"status-publish","4":"has-post-thumbnail","6":"product_cat-tubos-de-ensaio-acrilico-plastico-pet","8":"first","9":"instock","10":"taxable","11":"shipping-taxable","12":"purchasable","13":"product-type-simple"},"yoast_head":"<!-- This site is optimized with the Yoast SEO plugin v27.4 - https:\/\/yoast.com\/product\/yoast-seo-wordpress\/ -->\n<title>TUBO PET 7,5X1cm TP -<\/title>\n<meta name=\"robots\" content=\"index, follow, max-snippet:-1, max-image-preview:large, max-video-preview:-1\" \/>\n<link rel=\"canonical\" href=\"https:\/\/divertarte.com\/index.php\/produto\/tubo-pet-75x1cm-tp\/\" \/>\n<meta property=\"og:locale\" content=\"pt_PT\" \/>\n<meta property=\"og:type\" content=\"article\" \/>\n<meta property=\"og:title\" content=\"TUBO PET 7,5X1cm TP -\" \/>\n<meta property=\"og:description\" content=\"TUBOS DE ENSAIO PET CRISTAL COM TAMPA ESTANQUE - ESS\u00caNCIAS, CH\u00c1S, ERVAS AROM\u00c1TICAS. AL\u00c9M DISSO PODE USAR MISSANGAS, GRANULADO DE CHOCOLATE, BRINDES CASAMENTO, BATIZADO, FESTAS DE CRIAN\u00c7AS, NOVIDADE Tubo 5ml, Alt 7.5cm x 1cm - Rolha: ESTANQUE PVC\" \/>\n<meta property=\"og:url\" content=\"https:\/\/divertarte.com\/index.php\/produto\/tubo-pet-75x1cm-tp\/\" \/>\n<meta property=\"article:modified_time\" content=\"2025-11-06T14:15:40+00:00\" \/>\n<meta property=\"og:image\" content=\"https:\/\/divertarte.com\/wp-content\/uploads\/2018\/05\/tubo-de-ensaio-pet-7.5x1cm.jpg\" \/>\n\t<meta property=\"og:image:width\" content=\"453\" \/>\n\t<meta property=\"og:image:height\" content=\"453\" \/>\n\t<meta property=\"og:image:type\" content=\"image\/jpeg\" \/>\n<meta name=\"twitter:card\" content=\"summary_large_image\" \/>\n<script type=\"application\/ld+json\" class=\"yoast-schema-graph\">{\"@context\":\"https:\\\/\\\/schema.org\",\"@graph\":[{\"@type\":\"WebPage\",\"@id\":\"https:\\\/\\\/divertarte.com\\\/index.php\\\/produto\\\/tubo-pet-75x1cm-tp\\\/\",\"url\":\"https:\\\/\\\/divertarte.com\\\/index.php\\\/produto\\\/tubo-pet-75x1cm-tp\\\/\",\"name\":\"TUBO PET 7,5X1cm TP -\",\"isPartOf\":{\"@id\":\"https:\\\/\\\/divertarte.com\\\/#website\"},\"primaryImageOfPage\":{\"@id\":\"https:\\\/\\\/divertarte.com\\\/index.php\\\/produto\\\/tubo-pet-75x1cm-tp\\\/#primaryimage\"},\"image\":{\"@id\":\"https:\\\/\\\/divertarte.com\\\/index.php\\\/produto\\\/tubo-pet-75x1cm-tp\\\/#primaryimage\"},\"thumbnailUrl\":\"https:\\\/\\\/divertarte.com\\\/wp-content\\\/uploads\\\/2018\\\/05\\\/tubo-de-ensaio-pet-7.5x1cm.jpg\",\"datePublished\":\"2018-05-08T15:54:49+00:00\",\"dateModified\":\"2025-11-06T14:15:40+00:00\",\"breadcrumb\":{\"@id\":\"https:\\\/\\\/divertarte.com\\\/index.php\\\/produto\\\/tubo-pet-75x1cm-tp\\\/#breadcrumb\"},\"inLanguage\":\"pt-PT\",\"potentialAction\":[{\"@type\":\"ReadAction\",\"target\":[\"https:\\\/\\\/divertarte.com\\\/index.php\\\/produto\\\/tubo-pet-75x1cm-tp\\\/\"]}]},{\"@type\":\"ImageObject\",\"inLanguage\":\"pt-PT\",\"@id\":\"https:\\\/\\\/divertarte.com\\\/index.php\\\/produto\\\/tubo-pet-75x1cm-tp\\\/#primaryimage\",\"url\":\"https:\\\/\\\/divertarte.com\\\/wp-content\\\/uploads\\\/2018\\\/05\\\/tubo-de-ensaio-pet-7.5x1cm.jpg\",\"contentUrl\":\"https:\\\/\\\/divertarte.com\\\/wp-content\\\/uploads\\\/2018\\\/05\\\/tubo-de-ensaio-pet-7.5x1cm.jpg\",\"width\":453,\"height\":453},{\"@type\":\"BreadcrumbList\",\"@id\":\"https:\\\/\\\/divertarte.com\\\/index.php\\\/produto\\\/tubo-pet-75x1cm-tp\\\/#breadcrumb\",\"itemListElement\":[{\"@type\":\"ListItem\",\"position\":1,\"name\":\"In\u00edcio\",\"item\":\"https:\\\/\\\/divertarte.com\\\/\"},{\"@type\":\"ListItem\",\"position\":2,\"name\":\"Loja\",\"item\":\"https:\\\/\\\/divertarte.com\\\/index.php\\\/divertarte-produtos\\\/\"},{\"@type\":\"ListItem\",\"position\":3,\"name\":\"TUBO PET 7,5X1cm TP\"}]},{\"@type\":\"WebSite\",\"@id\":\"https:\\\/\\\/divertarte.com\\\/#website\",\"url\":\"https:\\\/\\\/divertarte.com\\\/\",\"name\":\"Divertarte\",\"description\":\"\",\"publisher\":{\"@id\":\"https:\\\/\\\/divertarte.com\\\/#organization\"},\"potentialAction\":[{\"@type\":\"SearchAction\",\"target\":{\"@type\":\"EntryPoint\",\"urlTemplate\":\"https:\\\/\\\/divertarte.com\\\/?s={search_term_string}\"},\"query-input\":{\"@type\":\"PropertyValueSpecification\",\"valueRequired\":true,\"valueName\":\"search_term_string\"}}],\"inLanguage\":\"pt-PT\"},{\"@type\":\"Organization\",\"@id\":\"https:\\\/\\\/divertarte.com\\\/#organization\",\"name\":\"Divertarte\",\"url\":\"https:\\\/\\\/divertarte.com\\\/\",\"logo\":{\"@type\":\"ImageObject\",\"inLanguage\":\"pt-PT\",\"@id\":\"https:\\\/\\\/divertarte.com\\\/#\\\/schema\\\/logo\\\/image\\\/\",\"url\":\"https:\\\/\\\/divertarte.com\\\/wp-content\\\/uploads\\\/2018\\\/07\\\/logo-div.jpg\",\"contentUrl\":\"https:\\\/\\\/divertarte.com\\\/wp-content\\\/uploads\\\/2018\\\/07\\\/logo-div.jpg\",\"width\":295,\"height\":123,\"caption\":\"Divertarte\"},\"image\":{\"@id\":\"https:\\\/\\\/divertarte.com\\\/#\\\/schema\\\/logo\\\/image\\\/\"}}]}<\/script>\n<!-- \/ Yoast SEO plugin. -->","yoast_head_json":{"title":"TUBO PET 7,5X1cm TP -","robots":{"index":"index","follow":"follow","max-snippet":"max-snippet:-1","max-image-preview":"max-image-preview:large","max-video-preview":"max-video-preview:-1"},"canonical":"https:\/\/divertarte.com\/index.php\/produto\/tubo-pet-75x1cm-tp\/","og_locale":"pt_PT","og_type":"article","og_title":"TUBO PET 7,5X1cm TP -","og_description":"TUBOS DE ENSAIO PET CRISTAL COM TAMPA ESTANQUE - ESS\u00caNCIAS, CH\u00c1S, ERVAS AROM\u00c1TICAS. AL\u00c9M DISSO PODE USAR MISSANGAS, GRANULADO DE CHOCOLATE, BRINDES CASAMENTO, BATIZADO, FESTAS DE CRIAN\u00c7AS, NOVIDADE Tubo 5ml, Alt 7.5cm x 1cm - Rolha: ESTANQUE PVC","og_url":"https:\/\/divertarte.com\/index.php\/produto\/tubo-pet-75x1cm-tp\/","article_modified_time":"2025-11-06T14:15:40+00:00","og_image":[{"width":453,"height":453,"url":"https:\/\/divertarte.com\/wp-content\/uploads\/2018\/05\/tubo-de-ensaio-pet-7.5x1cm.jpg","type":"image\/jpeg"}],"twitter_card":"summary_large_image","schema":{"@context":"https:\/\/schema.org","@graph":[{"@type":"WebPage","@id":"https:\/\/divertarte.com\/index.php\/produto\/tubo-pet-75x1cm-tp\/","url":"https:\/\/divertarte.com\/index.php\/produto\/tubo-pet-75x1cm-tp\/","name":"TUBO PET 7,5X1cm TP -","isPartOf":{"@id":"https:\/\/divertarte.com\/#website"},"primaryImageOfPage":{"@id":"https:\/\/divertarte.com\/index.php\/produto\/tubo-pet-75x1cm-tp\/#primaryimage"},"image":{"@id":"https:\/\/divertarte.com\/index.php\/produto\/tubo-pet-75x1cm-tp\/#primaryimage"},"thumbnailUrl":"https:\/\/divertarte.com\/wp-content\/uploads\/2018\/05\/tubo-de-ensaio-pet-7.5x1cm.jpg","datePublished":"2018-05-08T15:54:49+00:00","dateModified":"2025-11-06T14:15:40+00:00","breadcrumb":{"@id":"https:\/\/divertarte.com\/index.php\/produto\/tubo-pet-75x1cm-tp\/#breadcrumb"},"inLanguage":"pt-PT","potentialAction":[{"@type":"ReadAction","target":["https:\/\/divertarte.com\/index.php\/produto\/tubo-pet-75x1cm-tp\/"]}]},{"@type":"ImageObject","inLanguage":"pt-PT","@id":"https:\/\/divertarte.com\/index.php\/produto\/tubo-pet-75x1cm-tp\/#primaryimage","url":"https:\/\/divertarte.com\/wp-content\/uploads\/2018\/05\/tubo-de-ensaio-pet-7.5x1cm.jpg","contentUrl":"https:\/\/divertarte.com\/wp-content\/uploads\/2018\/05\/tubo-de-ensaio-pet-7.5x1cm.jpg","width":453,"height":453},{"@type":"BreadcrumbList","@id":"https:\/\/divertarte.com\/index.php\/produto\/tubo-pet-75x1cm-tp\/#breadcrumb","itemListElement":[{"@type":"ListItem","position":1,"name":"In\u00edcio","item":"https:\/\/divertarte.com\/"},{"@type":"ListItem","position":2,"name":"Loja","item":"https:\/\/divertarte.com\/index.php\/divertarte-produtos\/"},{"@type":"ListItem","position":3,"name":"TUBO PET 7,5X1cm TP"}]},{"@type":"WebSite","@id":"https:\/\/divertarte.com\/#website","url":"https:\/\/divertarte.com\/","name":"Divertarte","description":"","publisher":{"@id":"https:\/\/divertarte.com\/#organization"},"potentialAction":[{"@type":"SearchAction","target":{"@type":"EntryPoint","urlTemplate":"https:\/\/divertarte.com\/?s={search_term_string}"},"query-input":{"@type":"PropertyValueSpecification","valueRequired":true,"valueName":"search_term_string"}}],"inLanguage":"pt-PT"},{"@type":"Organization","@id":"https:\/\/divertarte.com\/#organization","name":"Divertarte","url":"https:\/\/divertarte.com\/","logo":{"@type":"ImageObject","inLanguage":"pt-PT","@id":"https:\/\/divertarte.com\/#\/schema\/logo\/image\/","url":"https:\/\/divertarte.com\/wp-content\/uploads\/2018\/07\/logo-div.jpg","contentUrl":"https:\/\/divertarte.com\/wp-content\/uploads\/2018\/07\/logo-div.jpg","width":295,"height":123,"caption":"Divertarte"},"image":{"@id":"https:\/\/divertarte.com\/#\/schema\/logo\/image\/"}}]}},"_links":{"self":[{"href":"https:\/\/divertarte.com\/index.php\/wp-json\/wp\/v2\/product\/3201","targetHints":{"allow":["GET"]}}],"collection":[{"href":"https:\/\/divertarte.com\/index.php\/wp-json\/wp\/v2\/product"}],"about":[{"href":"https:\/\/divertarte.com\/index.php\/wp-json\/wp\/v2\/types\/product"}],"replies":[{"embeddable":true,"href":"https:\/\/divertarte.com\/index.php\/wp-json\/wp\/v2\/comments?post=3201"}],"wp:featuredmedia":[{"embeddable":true,"href":"https:\/\/divertarte.com\/index.php\/wp-json\/wp\/v2\/media\/9488"}],"wp:attachment":[{"href":"https:\/\/divertarte.com\/index.php\/wp-json\/wp\/v2\/media?parent=3201"}],"wp:term":[{"taxonomy":"product_brand","embeddable":true,"href":"https:\/\/divertarte.com\/index.php\/wp-json\/wp\/v2\/product_brand?post=3201"},{"taxonomy":"product_cat","embeddable":true,"href":"https:\/\/divertarte.com\/index.php\/wp-json\/wp\/v2\/product_cat?post=3201"},{"taxonomy":"product_tag","embeddable":true,"href":"https:\/\/divertarte.com\/index.php\/wp-json\/wp\/v2\/product_tag?post=3201"}],"curies":[{"name":"wp","href":"https:\/\/api.w.org\/{rel}","templated":true}]}}