{"id":2904,"date":"2018-06-07T14:17:48","date_gmt":"2018-06-07T13:17:48","guid":{"rendered":"https:\/\/divertarte.com\/index.php\/produto\/ametista-2\/"},"modified":"2025-11-06T13:35:46","modified_gmt":"2025-11-06T13:35:46","slug":"ametista-2","status":"publish","type":"product","link":"https:\/\/divertarte.com\/index.php\/produto\/ametista-2\/","title":{"rendered":"AMETISTA"},"content":{"rendered":"<p>AMETISTA &#8211; Ajuda a dormir, pedra da paz, transforma\u00e7\u00e3o e sabedoria. Auxilia no al\u00edvio do &#8220;stress&#8221; e dos medos. Eleva o esp\u00edrito e promove espiritualidade. Ajuda a controlar os v\u00edcios e maus h\u00e1bitos. Eleva a medita\u00e7\u00e3o, a generosidade e a consci\u00eancia de Deus. Poderosa cura, especialmente para os olhos, pele, c\u00e9rebro, sistema imunol\u00f3gico. Energia: receptiva. Ametista tem a capacidade de atrair energias espirituais e proporcionar paz de esp\u00edrito. Conex\u00e3o com a nossa natureza superior \u00e9 o primeiro passo para a cura. &#8211; Com orif\u00edcio para passar o cord\u00e3o<\/p>\n","protected":false},"excerpt":{"rendered":"<p>AMETISTA &#8211; Ajuda a dormir, pedra da paz, transforma\u00e7\u00e3o e sabedoria. Auxilia no al\u00edvio do &#8220;stress&#8221; e dos medos. Eleva o esp\u00edrito e promove espiritualidade. Ajuda a controlar os v\u00edcios e maus h\u00e1bitos. Eleva a medita\u00e7\u00e3o, a generosidade e a consci\u00eancia de Deus. Poderosa cura, especialmente para os olhos, pele, c\u00e9rebro, sistema imunol\u00f3gico. Energia: receptiva. Ametista tem a capacidade de atrair energias espirituais e proporcionar paz de esp\u00edrito. Conex\u00e3o com a nossa natureza superior \u00e9 o primeiro passo para a cura. &#8211; Com orif\u00edcio para passar o cord\u00e3o<\/p>\n","protected":false},"featured_media":0,"comment_status":"closed","ping_status":"open","template":"","meta":{"_exactmetrics_skip_tracking":false,"_exactmetrics_sitenote_active":false,"_exactmetrics_sitenote_note":"","_exactmetrics_sitenote_category":0},"product_brand":[],"product_cat":[15],"product_tag":[],"class_list":{"0":"post-2904","1":"product","2":"type-product","3":"status-publish","5":"product_cat-ver-todos-os-produtos","7":"first","8":"instock","9":"taxable","10":"shipping-taxable","11":"purchasable","12":"product-type-simple"},"yoast_head":"<!-- This site is optimized with the Yoast SEO plugin v27.4 - https:\/\/yoast.com\/product\/yoast-seo-wordpress\/ -->\n<title>AMETISTA -<\/title>\n<meta name=\"robots\" content=\"index, follow, max-snippet:-1, max-image-preview:large, max-video-preview:-1\" \/>\n<link rel=\"canonical\" href=\"https:\/\/divertarte.com\/index.php\/produto\/ametista-2\/\" \/>\n<meta property=\"og:locale\" content=\"pt_PT\" \/>\n<meta property=\"og:type\" content=\"article\" \/>\n<meta property=\"og:title\" content=\"AMETISTA -\" \/>\n<meta property=\"og:description\" content=\"AMETISTA - Ajuda a dormir, pedra da paz, transforma\u00e7\u00e3o e sabedoria. Auxilia no al\u00edvio do &quot;stress&quot; e dos medos. Eleva o esp\u00edrito e promove espiritualidade. Ajuda a controlar os v\u00edcios e maus h\u00e1bitos. Eleva a medita\u00e7\u00e3o, a generosidade e a consci\u00eancia de Deus. Poderosa cura, especialmente para os olhos, pele, c\u00e9rebro, sistema imunol\u00f3gico. Energia: receptiva. Ametista tem a capacidade de atrair energias espirituais e proporcionar paz de esp\u00edrito. Conex\u00e3o com a nossa natureza superior \u00e9 o primeiro passo para a cura. - Com orif\u00edcio para passar o cord\u00e3o\" \/>\n<meta property=\"og:url\" content=\"https:\/\/divertarte.com\/index.php\/produto\/ametista-2\/\" \/>\n<meta property=\"article:modified_time\" content=\"2025-11-06T13:35:46+00:00\" \/>\n<meta name=\"twitter:card\" content=\"summary_large_image\" \/>\n<meta name=\"twitter:label1\" content=\"Tempo estimado de leitura\" \/>\n\t<meta name=\"twitter:data1\" content=\"1 minuto\" \/>\n<script type=\"application\/ld+json\" class=\"yoast-schema-graph\">{\"@context\":\"https:\\\/\\\/schema.org\",\"@graph\":[{\"@type\":\"WebPage\",\"@id\":\"https:\\\/\\\/divertarte.com\\\/index.php\\\/produto\\\/ametista-2\\\/\",\"url\":\"https:\\\/\\\/divertarte.com\\\/index.php\\\/produto\\\/ametista-2\\\/\",\"name\":\"AMETISTA -\",\"isPartOf\":{\"@id\":\"https:\\\/\\\/divertarte.com\\\/#website\"},\"datePublished\":\"2018-06-07T13:17:48+00:00\",\"dateModified\":\"2025-11-06T13:35:46+00:00\",\"breadcrumb\":{\"@id\":\"https:\\\/\\\/divertarte.com\\\/index.php\\\/produto\\\/ametista-2\\\/#breadcrumb\"},\"inLanguage\":\"pt-PT\",\"potentialAction\":[{\"@type\":\"ReadAction\",\"target\":[\"https:\\\/\\\/divertarte.com\\\/index.php\\\/produto\\\/ametista-2\\\/\"]}]},{\"@type\":\"BreadcrumbList\",\"@id\":\"https:\\\/\\\/divertarte.com\\\/index.php\\\/produto\\\/ametista-2\\\/#breadcrumb\",\"itemListElement\":[{\"@type\":\"ListItem\",\"position\":1,\"name\":\"In\u00edcio\",\"item\":\"https:\\\/\\\/divertarte.com\\\/\"},{\"@type\":\"ListItem\",\"position\":2,\"name\":\"Loja\",\"item\":\"https:\\\/\\\/divertarte.com\\\/index.php\\\/divertarte-produtos\\\/\"},{\"@type\":\"ListItem\",\"position\":3,\"name\":\"AMETISTA\"}]},{\"@type\":\"WebSite\",\"@id\":\"https:\\\/\\\/divertarte.com\\\/#website\",\"url\":\"https:\\\/\\\/divertarte.com\\\/\",\"name\":\"Divertarte\",\"description\":\"\",\"publisher\":{\"@id\":\"https:\\\/\\\/divertarte.com\\\/#organization\"},\"potentialAction\":[{\"@type\":\"SearchAction\",\"target\":{\"@type\":\"EntryPoint\",\"urlTemplate\":\"https:\\\/\\\/divertarte.com\\\/?s={search_term_string}\"},\"query-input\":{\"@type\":\"PropertyValueSpecification\",\"valueRequired\":true,\"valueName\":\"search_term_string\"}}],\"inLanguage\":\"pt-PT\"},{\"@type\":\"Organization\",\"@id\":\"https:\\\/\\\/divertarte.com\\\/#organization\",\"name\":\"Divertarte\",\"url\":\"https:\\\/\\\/divertarte.com\\\/\",\"logo\":{\"@type\":\"ImageObject\",\"inLanguage\":\"pt-PT\",\"@id\":\"https:\\\/\\\/divertarte.com\\\/#\\\/schema\\\/logo\\\/image\\\/\",\"url\":\"https:\\\/\\\/divertarte.com\\\/wp-content\\\/uploads\\\/2018\\\/07\\\/logo-div.jpg\",\"contentUrl\":\"https:\\\/\\\/divertarte.com\\\/wp-content\\\/uploads\\\/2018\\\/07\\\/logo-div.jpg\",\"width\":295,\"height\":123,\"caption\":\"Divertarte\"},\"image\":{\"@id\":\"https:\\\/\\\/divertarte.com\\\/#\\\/schema\\\/logo\\\/image\\\/\"}}]}<\/script>\n<!-- \/ Yoast SEO plugin. -->","yoast_head_json":{"title":"AMETISTA -","robots":{"index":"index","follow":"follow","max-snippet":"max-snippet:-1","max-image-preview":"max-image-preview:large","max-video-preview":"max-video-preview:-1"},"canonical":"https:\/\/divertarte.com\/index.php\/produto\/ametista-2\/","og_locale":"pt_PT","og_type":"article","og_title":"AMETISTA -","og_description":"AMETISTA - Ajuda a dormir, pedra da paz, transforma\u00e7\u00e3o e sabedoria. Auxilia no al\u00edvio do \"stress\" e dos medos. Eleva o esp\u00edrito e promove espiritualidade. Ajuda a controlar os v\u00edcios e maus h\u00e1bitos. Eleva a medita\u00e7\u00e3o, a generosidade e a consci\u00eancia de Deus. Poderosa cura, especialmente para os olhos, pele, c\u00e9rebro, sistema imunol\u00f3gico. Energia: receptiva. Ametista tem a capacidade de atrair energias espirituais e proporcionar paz de esp\u00edrito. Conex\u00e3o com a nossa natureza superior \u00e9 o primeiro passo para a cura. - Com orif\u00edcio para passar o cord\u00e3o","og_url":"https:\/\/divertarte.com\/index.php\/produto\/ametista-2\/","article_modified_time":"2025-11-06T13:35:46+00:00","twitter_card":"summary_large_image","twitter_misc":{"Tempo estimado de leitura":"1 minuto"},"schema":{"@context":"https:\/\/schema.org","@graph":[{"@type":"WebPage","@id":"https:\/\/divertarte.com\/index.php\/produto\/ametista-2\/","url":"https:\/\/divertarte.com\/index.php\/produto\/ametista-2\/","name":"AMETISTA -","isPartOf":{"@id":"https:\/\/divertarte.com\/#website"},"datePublished":"2018-06-07T13:17:48+00:00","dateModified":"2025-11-06T13:35:46+00:00","breadcrumb":{"@id":"https:\/\/divertarte.com\/index.php\/produto\/ametista-2\/#breadcrumb"},"inLanguage":"pt-PT","potentialAction":[{"@type":"ReadAction","target":["https:\/\/divertarte.com\/index.php\/produto\/ametista-2\/"]}]},{"@type":"BreadcrumbList","@id":"https:\/\/divertarte.com\/index.php\/produto\/ametista-2\/#breadcrumb","itemListElement":[{"@type":"ListItem","position":1,"name":"In\u00edcio","item":"https:\/\/divertarte.com\/"},{"@type":"ListItem","position":2,"name":"Loja","item":"https:\/\/divertarte.com\/index.php\/divertarte-produtos\/"},{"@type":"ListItem","position":3,"name":"AMETISTA"}]},{"@type":"WebSite","@id":"https:\/\/divertarte.com\/#website","url":"https:\/\/divertarte.com\/","name":"Divertarte","description":"","publisher":{"@id":"https:\/\/divertarte.com\/#organization"},"potentialAction":[{"@type":"SearchAction","target":{"@type":"EntryPoint","urlTemplate":"https:\/\/divertarte.com\/?s={search_term_string}"},"query-input":{"@type":"PropertyValueSpecification","valueRequired":true,"valueName":"search_term_string"}}],"inLanguage":"pt-PT"},{"@type":"Organization","@id":"https:\/\/divertarte.com\/#organization","name":"Divertarte","url":"https:\/\/divertarte.com\/","logo":{"@type":"ImageObject","inLanguage":"pt-PT","@id":"https:\/\/divertarte.com\/#\/schema\/logo\/image\/","url":"https:\/\/divertarte.com\/wp-content\/uploads\/2018\/07\/logo-div.jpg","contentUrl":"https:\/\/divertarte.com\/wp-content\/uploads\/2018\/07\/logo-div.jpg","width":295,"height":123,"caption":"Divertarte"},"image":{"@id":"https:\/\/divertarte.com\/#\/schema\/logo\/image\/"}}]}},"_links":{"self":[{"href":"https:\/\/divertarte.com\/index.php\/wp-json\/wp\/v2\/product\/2904","targetHints":{"allow":["GET"]}}],"collection":[{"href":"https:\/\/divertarte.com\/index.php\/wp-json\/wp\/v2\/product"}],"about":[{"href":"https:\/\/divertarte.com\/index.php\/wp-json\/wp\/v2\/types\/product"}],"replies":[{"embeddable":true,"href":"https:\/\/divertarte.com\/index.php\/wp-json\/wp\/v2\/comments?post=2904"}],"wp:attachment":[{"href":"https:\/\/divertarte.com\/index.php\/wp-json\/wp\/v2\/media?parent=2904"}],"wp:term":[{"taxonomy":"product_brand","embeddable":true,"href":"https:\/\/divertarte.com\/index.php\/wp-json\/wp\/v2\/product_brand?post=2904"},{"taxonomy":"product_cat","embeddable":true,"href":"https:\/\/divertarte.com\/index.php\/wp-json\/wp\/v2\/product_cat?post=2904"},{"taxonomy":"product_tag","embeddable":true,"href":"https:\/\/divertarte.com\/index.php\/wp-json\/wp\/v2\/product_tag?post=2904"}],"curies":[{"name":"wp","href":"https:\/\/api.w.org\/{rel}","templated":true}]}}