{"id":22163,"date":"2025-11-30T15:29:36","date_gmt":"2025-11-30T15:29:36","guid":{"rendered":"https:\/\/divertarte.com\/?post_type=product&#038;p=22163"},"modified":"2025-11-30T15:29:36","modified_gmt":"2025-11-30T15:29:36","slug":"arvore-de-natal-boas-festas-em-gesso","status":"publish","type":"product","link":"https:\/\/divertarte.com\/index.php\/produto\/arvore-de-natal-boas-festas-em-gesso\/","title":{"rendered":"Arvore de Natal Boas-Festas em gesso"},"content":{"rendered":"<p>Arvore de Natal Boas-Festas em gesso.<\/p>\n<p>Pe\u00e7a simples. (sem aroma, sem fita e sem saquinho).<\/p>\n<p>Pre\u00e7o mais econ\u00f3mico, com 2 op\u00e7\u00f5es: \u00e0 unidade, ou em pac de 50 unidades, portanto trata-se de uma prendinha de Natal original , 10x8x1cm<\/p>\n<p>Pode escolher a essencia em: \u00a0<a href=\"https:\/\/divertarte.com\/index.php\/categoria-produto\/essencias-para-gesso-perfumado\/\">https:\/\/divertarte.com\/index.php\/categoria-produto\/essencias-para-gesso-perfumado\/<\/a><\/p>\n","protected":false},"excerpt":{"rendered":"<p>Arvore de Natal Boas-Festas em gesso.<\/p>\n<p>Pe\u00e7a simples. (sem aroma, sem fita e sem saquinho).<\/p>\n<p>Pre\u00e7o mais econ\u00f3mico, com 2 op\u00e7\u00f5es: \u00e0 unidade, ou em pac de 50 unidades, portanto trata-se de uma prendinha de Natal original , 10x8x1cm<\/p>\n<p>Pode escolher a essencia em: \u00a0<a href=\"https:\/\/divertarte.com\/index.php\/categoria-produto\/essencias-para-gesso-perfumado\/\">https:\/\/divertarte.com\/index.php\/categoria-produto\/essencias-para-gesso-perfumado\/<\/a><\/p>\n","protected":false},"featured_media":22165,"comment_status":"open","ping_status":"closed","template":"","meta":{"_exactmetrics_skip_tracking":false,"_exactmetrics_sitenote_active":false,"_exactmetrics_sitenote_note":"","_exactmetrics_sitenote_category":0},"product_brand":[],"product_cat":[336],"product_tag":[1625,1168],"class_list":{"0":"post-22163","1":"product","2":"type-product","3":"status-publish","4":"has-post-thumbnail","6":"product_cat-gesso-perfumado-figuras","7":"product_tag-arvore-de-natal-gesso","8":"product_tag-pecas-em-gesso","10":"first","11":"instock","12":"taxable","13":"shipping-taxable","14":"purchasable","15":"product-type-variable"},"yoast_head":"<!-- This site is optimized with the Yoast SEO plugin v27.4 - https:\/\/yoast.com\/product\/yoast-seo-wordpress\/ -->\n<title>Arvore de Natal Boas-Festas em gesso -<\/title>\n<meta name=\"description\" content=\"Arvore de Natal Boas-Festas em gesso.\u00a0Pe\u00e7a simples. (sem aroma, sem fita e sem saquinho) trata-se de uma prendinha de Natal original , 10x8x1cm\" \/>\n<meta name=\"robots\" content=\"index, follow, max-snippet:-1, max-image-preview:large, max-video-preview:-1\" \/>\n<link rel=\"canonical\" href=\"https:\/\/divertarte.com\/index.php\/produto\/arvore-de-natal-boas-festas-em-gesso\/\" \/>\n<meta property=\"og:locale\" content=\"pt_PT\" \/>\n<meta property=\"og:type\" content=\"article\" \/>\n<meta property=\"og:title\" content=\"Arvore de Natal Boas-Festas em gesso -\" \/>\n<meta property=\"og:description\" content=\"Arvore de Natal Boas-Festas em gesso.\u00a0Pe\u00e7a simples. (sem aroma, sem fita e sem saquinho) trata-se de uma prendinha de Natal original , 10x8x1cm\" \/>\n<meta property=\"og:url\" content=\"https:\/\/divertarte.com\/index.php\/produto\/arvore-de-natal-boas-festas-em-gesso\/\" \/>\n<meta property=\"og:image\" content=\"https:\/\/divertarte.com\/wp-content\/uploads\/2025\/11\/arvore-natal-boas-festas-gesso-1.jpg\" \/>\n\t<meta property=\"og:image:width\" content=\"300\" \/>\n\t<meta property=\"og:image:height\" content=\"302\" \/>\n\t<meta property=\"og:image:type\" content=\"image\/jpeg\" \/>\n<meta name=\"twitter:card\" content=\"summary_large_image\" \/>\n<script type=\"application\/ld+json\" class=\"yoast-schema-graph\">{\"@context\":\"https:\\\/\\\/schema.org\",\"@graph\":[{\"@type\":\"WebPage\",\"@id\":\"https:\\\/\\\/divertarte.com\\\/index.php\\\/produto\\\/arvore-de-natal-boas-festas-em-gesso\\\/\",\"url\":\"https:\\\/\\\/divertarte.com\\\/index.php\\\/produto\\\/arvore-de-natal-boas-festas-em-gesso\\\/\",\"name\":\"Arvore de Natal Boas-Festas em gesso -\",\"isPartOf\":{\"@id\":\"https:\\\/\\\/divertarte.com\\\/#website\"},\"primaryImageOfPage\":{\"@id\":\"https:\\\/\\\/divertarte.com\\\/index.php\\\/produto\\\/arvore-de-natal-boas-festas-em-gesso\\\/#primaryimage\"},\"image\":{\"@id\":\"https:\\\/\\\/divertarte.com\\\/index.php\\\/produto\\\/arvore-de-natal-boas-festas-em-gesso\\\/#primaryimage\"},\"thumbnailUrl\":\"https:\\\/\\\/divertarte.com\\\/wp-content\\\/uploads\\\/2025\\\/11\\\/arvore-natal-boas-festas-gesso-1.jpg\",\"datePublished\":\"2025-11-30T15:29:36+00:00\",\"description\":\"Arvore de Natal Boas-Festas em gesso.\u00a0Pe\u00e7a simples. (sem aroma, sem fita e sem saquinho) trata-se de uma prendinha de Natal original , 10x8x1cm\",\"breadcrumb\":{\"@id\":\"https:\\\/\\\/divertarte.com\\\/index.php\\\/produto\\\/arvore-de-natal-boas-festas-em-gesso\\\/#breadcrumb\"},\"inLanguage\":\"pt-PT\",\"potentialAction\":[{\"@type\":\"ReadAction\",\"target\":[\"https:\\\/\\\/divertarte.com\\\/index.php\\\/produto\\\/arvore-de-natal-boas-festas-em-gesso\\\/\"]}]},{\"@type\":\"ImageObject\",\"inLanguage\":\"pt-PT\",\"@id\":\"https:\\\/\\\/divertarte.com\\\/index.php\\\/produto\\\/arvore-de-natal-boas-festas-em-gesso\\\/#primaryimage\",\"url\":\"https:\\\/\\\/divertarte.com\\\/wp-content\\\/uploads\\\/2025\\\/11\\\/arvore-natal-boas-festas-gesso-1.jpg\",\"contentUrl\":\"https:\\\/\\\/divertarte.com\\\/wp-content\\\/uploads\\\/2025\\\/11\\\/arvore-natal-boas-festas-gesso-1.jpg\",\"width\":300,\"height\":302},{\"@type\":\"BreadcrumbList\",\"@id\":\"https:\\\/\\\/divertarte.com\\\/index.php\\\/produto\\\/arvore-de-natal-boas-festas-em-gesso\\\/#breadcrumb\",\"itemListElement\":[{\"@type\":\"ListItem\",\"position\":1,\"name\":\"In\u00edcio\",\"item\":\"https:\\\/\\\/divertarte.com\\\/\"},{\"@type\":\"ListItem\",\"position\":2,\"name\":\"Loja\",\"item\":\"https:\\\/\\\/divertarte.com\\\/index.php\\\/divertarte-produtos\\\/\"},{\"@type\":\"ListItem\",\"position\":3,\"name\":\"Arvore de Natal Boas-Festas em gesso\"}]},{\"@type\":\"WebSite\",\"@id\":\"https:\\\/\\\/divertarte.com\\\/#website\",\"url\":\"https:\\\/\\\/divertarte.com\\\/\",\"name\":\"Divertarte\",\"description\":\"\",\"publisher\":{\"@id\":\"https:\\\/\\\/divertarte.com\\\/#organization\"},\"potentialAction\":[{\"@type\":\"SearchAction\",\"target\":{\"@type\":\"EntryPoint\",\"urlTemplate\":\"https:\\\/\\\/divertarte.com\\\/?s={search_term_string}\"},\"query-input\":{\"@type\":\"PropertyValueSpecification\",\"valueRequired\":true,\"valueName\":\"search_term_string\"}}],\"inLanguage\":\"pt-PT\"},{\"@type\":\"Organization\",\"@id\":\"https:\\\/\\\/divertarte.com\\\/#organization\",\"name\":\"Divertarte\",\"url\":\"https:\\\/\\\/divertarte.com\\\/\",\"logo\":{\"@type\":\"ImageObject\",\"inLanguage\":\"pt-PT\",\"@id\":\"https:\\\/\\\/divertarte.com\\\/#\\\/schema\\\/logo\\\/image\\\/\",\"url\":\"https:\\\/\\\/divertarte.com\\\/wp-content\\\/uploads\\\/2018\\\/07\\\/logo-div.jpg\",\"contentUrl\":\"https:\\\/\\\/divertarte.com\\\/wp-content\\\/uploads\\\/2018\\\/07\\\/logo-div.jpg\",\"width\":295,\"height\":123,\"caption\":\"Divertarte\"},\"image\":{\"@id\":\"https:\\\/\\\/divertarte.com\\\/#\\\/schema\\\/logo\\\/image\\\/\"}}]}<\/script>\n<!-- \/ Yoast SEO plugin. -->","yoast_head_json":{"title":"Arvore de Natal Boas-Festas em gesso -","description":"Arvore de Natal Boas-Festas em gesso.\u00a0Pe\u00e7a simples. (sem aroma, sem fita e sem saquinho) trata-se de uma prendinha de Natal original , 10x8x1cm","robots":{"index":"index","follow":"follow","max-snippet":"max-snippet:-1","max-image-preview":"max-image-preview:large","max-video-preview":"max-video-preview:-1"},"canonical":"https:\/\/divertarte.com\/index.php\/produto\/arvore-de-natal-boas-festas-em-gesso\/","og_locale":"pt_PT","og_type":"article","og_title":"Arvore de Natal Boas-Festas em gesso -","og_description":"Arvore de Natal Boas-Festas em gesso.\u00a0Pe\u00e7a simples. (sem aroma, sem fita e sem saquinho) trata-se de uma prendinha de Natal original , 10x8x1cm","og_url":"https:\/\/divertarte.com\/index.php\/produto\/arvore-de-natal-boas-festas-em-gesso\/","og_image":[{"width":300,"height":302,"url":"https:\/\/divertarte.com\/wp-content\/uploads\/2025\/11\/arvore-natal-boas-festas-gesso-1.jpg","type":"image\/jpeg"}],"twitter_card":"summary_large_image","schema":{"@context":"https:\/\/schema.org","@graph":[{"@type":"WebPage","@id":"https:\/\/divertarte.com\/index.php\/produto\/arvore-de-natal-boas-festas-em-gesso\/","url":"https:\/\/divertarte.com\/index.php\/produto\/arvore-de-natal-boas-festas-em-gesso\/","name":"Arvore de Natal Boas-Festas em gesso -","isPartOf":{"@id":"https:\/\/divertarte.com\/#website"},"primaryImageOfPage":{"@id":"https:\/\/divertarte.com\/index.php\/produto\/arvore-de-natal-boas-festas-em-gesso\/#primaryimage"},"image":{"@id":"https:\/\/divertarte.com\/index.php\/produto\/arvore-de-natal-boas-festas-em-gesso\/#primaryimage"},"thumbnailUrl":"https:\/\/divertarte.com\/wp-content\/uploads\/2025\/11\/arvore-natal-boas-festas-gesso-1.jpg","datePublished":"2025-11-30T15:29:36+00:00","description":"Arvore de Natal Boas-Festas em gesso.\u00a0Pe\u00e7a simples. (sem aroma, sem fita e sem saquinho) trata-se de uma prendinha de Natal original , 10x8x1cm","breadcrumb":{"@id":"https:\/\/divertarte.com\/index.php\/produto\/arvore-de-natal-boas-festas-em-gesso\/#breadcrumb"},"inLanguage":"pt-PT","potentialAction":[{"@type":"ReadAction","target":["https:\/\/divertarte.com\/index.php\/produto\/arvore-de-natal-boas-festas-em-gesso\/"]}]},{"@type":"ImageObject","inLanguage":"pt-PT","@id":"https:\/\/divertarte.com\/index.php\/produto\/arvore-de-natal-boas-festas-em-gesso\/#primaryimage","url":"https:\/\/divertarte.com\/wp-content\/uploads\/2025\/11\/arvore-natal-boas-festas-gesso-1.jpg","contentUrl":"https:\/\/divertarte.com\/wp-content\/uploads\/2025\/11\/arvore-natal-boas-festas-gesso-1.jpg","width":300,"height":302},{"@type":"BreadcrumbList","@id":"https:\/\/divertarte.com\/index.php\/produto\/arvore-de-natal-boas-festas-em-gesso\/#breadcrumb","itemListElement":[{"@type":"ListItem","position":1,"name":"In\u00edcio","item":"https:\/\/divertarte.com\/"},{"@type":"ListItem","position":2,"name":"Loja","item":"https:\/\/divertarte.com\/index.php\/divertarte-produtos\/"},{"@type":"ListItem","position":3,"name":"Arvore de Natal Boas-Festas em gesso"}]},{"@type":"WebSite","@id":"https:\/\/divertarte.com\/#website","url":"https:\/\/divertarte.com\/","name":"Divertarte","description":"","publisher":{"@id":"https:\/\/divertarte.com\/#organization"},"potentialAction":[{"@type":"SearchAction","target":{"@type":"EntryPoint","urlTemplate":"https:\/\/divertarte.com\/?s={search_term_string}"},"query-input":{"@type":"PropertyValueSpecification","valueRequired":true,"valueName":"search_term_string"}}],"inLanguage":"pt-PT"},{"@type":"Organization","@id":"https:\/\/divertarte.com\/#organization","name":"Divertarte","url":"https:\/\/divertarte.com\/","logo":{"@type":"ImageObject","inLanguage":"pt-PT","@id":"https:\/\/divertarte.com\/#\/schema\/logo\/image\/","url":"https:\/\/divertarte.com\/wp-content\/uploads\/2018\/07\/logo-div.jpg","contentUrl":"https:\/\/divertarte.com\/wp-content\/uploads\/2018\/07\/logo-div.jpg","width":295,"height":123,"caption":"Divertarte"},"image":{"@id":"https:\/\/divertarte.com\/#\/schema\/logo\/image\/"}}]}},"_links":{"self":[{"href":"https:\/\/divertarte.com\/index.php\/wp-json\/wp\/v2\/product\/22163","targetHints":{"allow":["GET"]}}],"collection":[{"href":"https:\/\/divertarte.com\/index.php\/wp-json\/wp\/v2\/product"}],"about":[{"href":"https:\/\/divertarte.com\/index.php\/wp-json\/wp\/v2\/types\/product"}],"replies":[{"embeddable":true,"href":"https:\/\/divertarte.com\/index.php\/wp-json\/wp\/v2\/comments?post=22163"}],"wp:featuredmedia":[{"embeddable":true,"href":"https:\/\/divertarte.com\/index.php\/wp-json\/wp\/v2\/media\/22165"}],"wp:attachment":[{"href":"https:\/\/divertarte.com\/index.php\/wp-json\/wp\/v2\/media?parent=22163"}],"wp:term":[{"taxonomy":"product_brand","embeddable":true,"href":"https:\/\/divertarte.com\/index.php\/wp-json\/wp\/v2\/product_brand?post=22163"},{"taxonomy":"product_cat","embeddable":true,"href":"https:\/\/divertarte.com\/index.php\/wp-json\/wp\/v2\/product_cat?post=22163"},{"taxonomy":"product_tag","embeddable":true,"href":"https:\/\/divertarte.com\/index.php\/wp-json\/wp\/v2\/product_tag?post=22163"}],"curies":[{"name":"wp","href":"https:\/\/api.w.org\/{rel}","templated":true}]}}