{"id":21633,"date":"2025-04-07T21:38:02","date_gmt":"2025-04-07T20:38:02","guid":{"rendered":"https:\/\/divertarte.com\/?post_type=product&#038;p=21633"},"modified":"2025-11-06T13:23:26","modified_gmt":"2025-11-06T13:23:26","slug":"pombinha-em-gesso","status":"publish","type":"product","link":"https:\/\/divertarte.com\/index.php\/produto\/pombinha-em-gesso\/","title":{"rendered":"Pombinha em gesso simples"},"content":{"rendered":"<p>Pombinha em gesso simples. Pe\u00e7a simples. (sem aroma, sem fita e sem saquinho).<\/p>\n<p>Pre\u00e7o mais econ\u00f3mico, com 2 op\u00e7\u00f5es:<\/p>\n<p><strong>\u00e0 unidade, <\/strong><strong>ou <\/strong><\/p>\n<p><strong>pac de 50 unidades,\u00a0<\/strong><\/p>\n<p>Portanto trata-se de uma prendinha de batizado, comunh\u00e3o, crisma, 8,5\u00d75.5\u00d70.8 cm.<\/p>\n<p>Pode escolher a essencia em: \u00a0<a href=\"https:\/\/divertarte.com\/index.php\/categoria-produto\/essencias-para-gesso-perfumado\/\">https:\/\/divertarte.com\/index.php\/categoria-produto\/essencias-para-gesso-perfumado\/<\/a><\/p>\n","protected":false},"excerpt":{"rendered":"<p>Pombinha em gesso simples. Pe\u00e7a simples. (sem aroma, sem fita e sem saquinho).<\/p>\n<p>Pre\u00e7o mais econ\u00f3mico, com 2 op\u00e7\u00f5es:<\/p>\n<p><strong>\u00e0 unidade, <\/strong><strong>ou <\/strong><\/p>\n<p><strong>pac de 50 unidades,\u00a0<\/strong><\/p>\n<p>Portanto trata-se de uma prendinha de batizado, comunh\u00e3o, crisma, 8,5\u00d75.5\u00d70.8 cm.<\/p>\n<p>Pode escolher a essencia em: \u00a0<a href=\"https:\/\/divertarte.com\/index.php\/categoria-produto\/essencias-para-gesso-perfumado\/\">https:\/\/divertarte.com\/index.php\/categoria-produto\/essencias-para-gesso-perfumado\/<\/a><\/p>\n","protected":false},"featured_media":20636,"comment_status":"open","ping_status":"closed","template":"","meta":{"_exactmetrics_skip_tracking":false,"_exactmetrics_sitenote_active":false,"_exactmetrics_sitenote_note":"","_exactmetrics_sitenote_category":0},"product_brand":[],"product_cat":[336],"product_tag":[1168,1162],"class_list":{"0":"post-21633","1":"product","2":"type-product","3":"status-publish","4":"has-post-thumbnail","6":"product_cat-gesso-perfumado-figuras","7":"product_tag-pecas-em-gesso","8":"product_tag-pecas-em-gesso-perfumado","10":"first","11":"instock","12":"taxable","13":"shipping-taxable","14":"purchasable","15":"product-type-variable"},"yoast_head":"<!-- This site is optimized with the Yoast SEO plugin v27.4 - https:\/\/yoast.com\/product\/yoast-seo-wordpress\/ -->\n<title>Pombinha em gesso simples -<\/title>\n<meta name=\"description\" content=\"Pombinha em gessosimples. Pe\u00e7a simples. (sem aroma, sem fita e sem saquinho).Pre\u00e7o mais econ\u00f3mico, com 2 op\u00e7\u00f5es:\u00e0 unidade, oupac de 50 unidades,\u00a0\" \/>\n<meta name=\"robots\" content=\"index, follow, max-snippet:-1, max-image-preview:large, max-video-preview:-1\" \/>\n<link rel=\"canonical\" href=\"https:\/\/divertarte.com\/index.php\/produto\/pombinha-em-gesso\/\" \/>\n<meta property=\"og:locale\" content=\"pt_PT\" \/>\n<meta property=\"og:type\" content=\"article\" \/>\n<meta property=\"og:title\" content=\"Pombinha em gesso simples -\" \/>\n<meta property=\"og:description\" content=\"Pombinha em gessosimples. Pe\u00e7a simples. (sem aroma, sem fita e sem saquinho).Pre\u00e7o mais econ\u00f3mico, com 2 op\u00e7\u00f5es:\u00e0 unidade, oupac de 50 unidades,\u00a0\" \/>\n<meta property=\"og:url\" content=\"https:\/\/divertarte.com\/index.php\/produto\/pombinha-em-gesso\/\" \/>\n<meta property=\"article:modified_time\" content=\"2025-11-06T13:23:26+00:00\" \/>\n<meta property=\"og:image\" content=\"https:\/\/divertarte.com\/wp-content\/uploads\/2023\/09\/pombinha-em-gesso-com-espiga-pomba-da-paz.jpg\" \/>\n\t<meta property=\"og:image:width\" content=\"300\" \/>\n\t<meta property=\"og:image:height\" content=\"298\" \/>\n\t<meta property=\"og:image:type\" content=\"image\/jpeg\" \/>\n<meta name=\"twitter:card\" content=\"summary_large_image\" \/>\n<script type=\"application\/ld+json\" class=\"yoast-schema-graph\">{\"@context\":\"https:\\\/\\\/schema.org\",\"@graph\":[{\"@type\":\"WebPage\",\"@id\":\"https:\\\/\\\/divertarte.com\\\/index.php\\\/produto\\\/pombinha-em-gesso\\\/\",\"url\":\"https:\\\/\\\/divertarte.com\\\/index.php\\\/produto\\\/pombinha-em-gesso\\\/\",\"name\":\"Pombinha em gesso simples -\",\"isPartOf\":{\"@id\":\"https:\\\/\\\/divertarte.com\\\/#website\"},\"primaryImageOfPage\":{\"@id\":\"https:\\\/\\\/divertarte.com\\\/index.php\\\/produto\\\/pombinha-em-gesso\\\/#primaryimage\"},\"image\":{\"@id\":\"https:\\\/\\\/divertarte.com\\\/index.php\\\/produto\\\/pombinha-em-gesso\\\/#primaryimage\"},\"thumbnailUrl\":\"https:\\\/\\\/divertarte.com\\\/wp-content\\\/uploads\\\/2023\\\/09\\\/pombinha-em-gesso-com-espiga-pomba-da-paz.jpg\",\"datePublished\":\"2025-04-07T20:38:02+00:00\",\"dateModified\":\"2025-11-06T13:23:26+00:00\",\"description\":\"Pombinha em gessosimples. Pe\u00e7a simples. (sem aroma, sem fita e sem saquinho).Pre\u00e7o mais econ\u00f3mico, com 2 op\u00e7\u00f5es:\u00e0 unidade, oupac de 50 unidades,\u00a0\",\"breadcrumb\":{\"@id\":\"https:\\\/\\\/divertarte.com\\\/index.php\\\/produto\\\/pombinha-em-gesso\\\/#breadcrumb\"},\"inLanguage\":\"pt-PT\",\"potentialAction\":[{\"@type\":\"ReadAction\",\"target\":[\"https:\\\/\\\/divertarte.com\\\/index.php\\\/produto\\\/pombinha-em-gesso\\\/\"]}]},{\"@type\":\"ImageObject\",\"inLanguage\":\"pt-PT\",\"@id\":\"https:\\\/\\\/divertarte.com\\\/index.php\\\/produto\\\/pombinha-em-gesso\\\/#primaryimage\",\"url\":\"https:\\\/\\\/divertarte.com\\\/wp-content\\\/uploads\\\/2023\\\/09\\\/pombinha-em-gesso-com-espiga-pomba-da-paz.jpg\",\"contentUrl\":\"https:\\\/\\\/divertarte.com\\\/wp-content\\\/uploads\\\/2023\\\/09\\\/pombinha-em-gesso-com-espiga-pomba-da-paz.jpg\",\"width\":300,\"height\":298},{\"@type\":\"BreadcrumbList\",\"@id\":\"https:\\\/\\\/divertarte.com\\\/index.php\\\/produto\\\/pombinha-em-gesso\\\/#breadcrumb\",\"itemListElement\":[{\"@type\":\"ListItem\",\"position\":1,\"name\":\"In\u00edcio\",\"item\":\"https:\\\/\\\/divertarte.com\\\/\"},{\"@type\":\"ListItem\",\"position\":2,\"name\":\"Loja\",\"item\":\"https:\\\/\\\/divertarte.com\\\/index.php\\\/divertarte-produtos\\\/\"},{\"@type\":\"ListItem\",\"position\":3,\"name\":\"Pombinha em gesso simples\"}]},{\"@type\":\"WebSite\",\"@id\":\"https:\\\/\\\/divertarte.com\\\/#website\",\"url\":\"https:\\\/\\\/divertarte.com\\\/\",\"name\":\"Divertarte\",\"description\":\"\",\"publisher\":{\"@id\":\"https:\\\/\\\/divertarte.com\\\/#organization\"},\"potentialAction\":[{\"@type\":\"SearchAction\",\"target\":{\"@type\":\"EntryPoint\",\"urlTemplate\":\"https:\\\/\\\/divertarte.com\\\/?s={search_term_string}\"},\"query-input\":{\"@type\":\"PropertyValueSpecification\",\"valueRequired\":true,\"valueName\":\"search_term_string\"}}],\"inLanguage\":\"pt-PT\"},{\"@type\":\"Organization\",\"@id\":\"https:\\\/\\\/divertarte.com\\\/#organization\",\"name\":\"Divertarte\",\"url\":\"https:\\\/\\\/divertarte.com\\\/\",\"logo\":{\"@type\":\"ImageObject\",\"inLanguage\":\"pt-PT\",\"@id\":\"https:\\\/\\\/divertarte.com\\\/#\\\/schema\\\/logo\\\/image\\\/\",\"url\":\"https:\\\/\\\/divertarte.com\\\/wp-content\\\/uploads\\\/2018\\\/07\\\/logo-div.jpg\",\"contentUrl\":\"https:\\\/\\\/divertarte.com\\\/wp-content\\\/uploads\\\/2018\\\/07\\\/logo-div.jpg\",\"width\":295,\"height\":123,\"caption\":\"Divertarte\"},\"image\":{\"@id\":\"https:\\\/\\\/divertarte.com\\\/#\\\/schema\\\/logo\\\/image\\\/\"}}]}<\/script>\n<!-- \/ Yoast SEO plugin. -->","yoast_head_json":{"title":"Pombinha em gesso simples -","description":"Pombinha em gessosimples. Pe\u00e7a simples. (sem aroma, sem fita e sem saquinho).Pre\u00e7o mais econ\u00f3mico, com 2 op\u00e7\u00f5es:\u00e0 unidade, oupac de 50 unidades,\u00a0","robots":{"index":"index","follow":"follow","max-snippet":"max-snippet:-1","max-image-preview":"max-image-preview:large","max-video-preview":"max-video-preview:-1"},"canonical":"https:\/\/divertarte.com\/index.php\/produto\/pombinha-em-gesso\/","og_locale":"pt_PT","og_type":"article","og_title":"Pombinha em gesso simples -","og_description":"Pombinha em gessosimples. Pe\u00e7a simples. (sem aroma, sem fita e sem saquinho).Pre\u00e7o mais econ\u00f3mico, com 2 op\u00e7\u00f5es:\u00e0 unidade, oupac de 50 unidades,\u00a0","og_url":"https:\/\/divertarte.com\/index.php\/produto\/pombinha-em-gesso\/","article_modified_time":"2025-11-06T13:23:26+00:00","og_image":[{"width":300,"height":298,"url":"https:\/\/divertarte.com\/wp-content\/uploads\/2023\/09\/pombinha-em-gesso-com-espiga-pomba-da-paz.jpg","type":"image\/jpeg"}],"twitter_card":"summary_large_image","schema":{"@context":"https:\/\/schema.org","@graph":[{"@type":"WebPage","@id":"https:\/\/divertarte.com\/index.php\/produto\/pombinha-em-gesso\/","url":"https:\/\/divertarte.com\/index.php\/produto\/pombinha-em-gesso\/","name":"Pombinha em gesso simples -","isPartOf":{"@id":"https:\/\/divertarte.com\/#website"},"primaryImageOfPage":{"@id":"https:\/\/divertarte.com\/index.php\/produto\/pombinha-em-gesso\/#primaryimage"},"image":{"@id":"https:\/\/divertarte.com\/index.php\/produto\/pombinha-em-gesso\/#primaryimage"},"thumbnailUrl":"https:\/\/divertarte.com\/wp-content\/uploads\/2023\/09\/pombinha-em-gesso-com-espiga-pomba-da-paz.jpg","datePublished":"2025-04-07T20:38:02+00:00","dateModified":"2025-11-06T13:23:26+00:00","description":"Pombinha em gessosimples. Pe\u00e7a simples. (sem aroma, sem fita e sem saquinho).Pre\u00e7o mais econ\u00f3mico, com 2 op\u00e7\u00f5es:\u00e0 unidade, oupac de 50 unidades,\u00a0","breadcrumb":{"@id":"https:\/\/divertarte.com\/index.php\/produto\/pombinha-em-gesso\/#breadcrumb"},"inLanguage":"pt-PT","potentialAction":[{"@type":"ReadAction","target":["https:\/\/divertarte.com\/index.php\/produto\/pombinha-em-gesso\/"]}]},{"@type":"ImageObject","inLanguage":"pt-PT","@id":"https:\/\/divertarte.com\/index.php\/produto\/pombinha-em-gesso\/#primaryimage","url":"https:\/\/divertarte.com\/wp-content\/uploads\/2023\/09\/pombinha-em-gesso-com-espiga-pomba-da-paz.jpg","contentUrl":"https:\/\/divertarte.com\/wp-content\/uploads\/2023\/09\/pombinha-em-gesso-com-espiga-pomba-da-paz.jpg","width":300,"height":298},{"@type":"BreadcrumbList","@id":"https:\/\/divertarte.com\/index.php\/produto\/pombinha-em-gesso\/#breadcrumb","itemListElement":[{"@type":"ListItem","position":1,"name":"In\u00edcio","item":"https:\/\/divertarte.com\/"},{"@type":"ListItem","position":2,"name":"Loja","item":"https:\/\/divertarte.com\/index.php\/divertarte-produtos\/"},{"@type":"ListItem","position":3,"name":"Pombinha em gesso simples"}]},{"@type":"WebSite","@id":"https:\/\/divertarte.com\/#website","url":"https:\/\/divertarte.com\/","name":"Divertarte","description":"","publisher":{"@id":"https:\/\/divertarte.com\/#organization"},"potentialAction":[{"@type":"SearchAction","target":{"@type":"EntryPoint","urlTemplate":"https:\/\/divertarte.com\/?s={search_term_string}"},"query-input":{"@type":"PropertyValueSpecification","valueRequired":true,"valueName":"search_term_string"}}],"inLanguage":"pt-PT"},{"@type":"Organization","@id":"https:\/\/divertarte.com\/#organization","name":"Divertarte","url":"https:\/\/divertarte.com\/","logo":{"@type":"ImageObject","inLanguage":"pt-PT","@id":"https:\/\/divertarte.com\/#\/schema\/logo\/image\/","url":"https:\/\/divertarte.com\/wp-content\/uploads\/2018\/07\/logo-div.jpg","contentUrl":"https:\/\/divertarte.com\/wp-content\/uploads\/2018\/07\/logo-div.jpg","width":295,"height":123,"caption":"Divertarte"},"image":{"@id":"https:\/\/divertarte.com\/#\/schema\/logo\/image\/"}}]}},"_links":{"self":[{"href":"https:\/\/divertarte.com\/index.php\/wp-json\/wp\/v2\/product\/21633","targetHints":{"allow":["GET"]}}],"collection":[{"href":"https:\/\/divertarte.com\/index.php\/wp-json\/wp\/v2\/product"}],"about":[{"href":"https:\/\/divertarte.com\/index.php\/wp-json\/wp\/v2\/types\/product"}],"replies":[{"embeddable":true,"href":"https:\/\/divertarte.com\/index.php\/wp-json\/wp\/v2\/comments?post=21633"}],"wp:featuredmedia":[{"embeddable":true,"href":"https:\/\/divertarte.com\/index.php\/wp-json\/wp\/v2\/media\/20636"}],"wp:attachment":[{"href":"https:\/\/divertarte.com\/index.php\/wp-json\/wp\/v2\/media?parent=21633"}],"wp:term":[{"taxonomy":"product_brand","embeddable":true,"href":"https:\/\/divertarte.com\/index.php\/wp-json\/wp\/v2\/product_brand?post=21633"},{"taxonomy":"product_cat","embeddable":true,"href":"https:\/\/divertarte.com\/index.php\/wp-json\/wp\/v2\/product_cat?post=21633"},{"taxonomy":"product_tag","embeddable":true,"href":"https:\/\/divertarte.com\/index.php\/wp-json\/wp\/v2\/product_tag?post=21633"}],"curies":[{"name":"wp","href":"https:\/\/api.w.org\/{rel}","templated":true}]}}