{"id":2075,"date":"2018-06-07T14:05:50","date_gmt":"2018-06-07T13:05:50","guid":{"rendered":"https:\/\/divertarte.com\/index.php\/produto\/acessorios-de-cantora\/"},"modified":"2025-11-06T13:59:54","modified_gmt":"2025-11-06T13:59:54","slug":"acessorios-de-cantora","status":"publish","type":"product","link":"https:\/\/divertarte.com\/index.php\/produto\/acessorios-de-cantora\/","title":{"rendered":"ACESSORIOS DE CANTORA &#8211; MOLDE DE SILICONE"},"content":{"rendered":"<p>MOLDES DE SILICONE &#8211; Medida das pe\u00e7as acabadas &#8211; 3x3x1cm.<\/p>\n<p>ACONSELHADO PARA : sabonetes, biscuits, resinas, vela em parafina ou gel, massas de modelar, gessos etc. N\u00e3o aconselhado em produtos aliment\u00edcios. As medidas das pe\u00e7as feitas nos moldes s\u00e3o em cent\u00edmetros e considera-se: largura x comprimento x espessura.<\/p>\n","protected":false},"excerpt":{"rendered":"<p>MOLDES DE SILICONE &#8211; Medida das pe\u00e7as &#8211; 3x3x1cm.<\/p>\n<p>ACONSELHADO PARA : sabonetes, biscuits, resinas, vela em parafina ou gel, massas de modelar, gessos etc. N\u00e3o aconselhado em produtos aliment\u00edcios.<\/p>\n","protected":false},"featured_media":5834,"comment_status":"closed","ping_status":"closed","template":"","meta":{"_exactmetrics_skip_tracking":false,"_exactmetrics_sitenote_active":false,"_exactmetrics_sitenote_note":"","_exactmetrics_sitenote_category":0},"product_brand":[],"product_cat":[82,334,15],"product_tag":[],"class_list":{"0":"post-2075","1":"product","2":"type-product","3":"status-publish","4":"has-post-thumbnail","6":"product_cat-moldes-bebes-infantis","7":"product_cat-moldes-biscuit-porcelana-fria","8":"product_cat-ver-todos-os-produtos","10":"first","11":"instock","12":"taxable","13":"shipping-taxable","14":"purchasable","15":"product-type-simple"},"yoast_head":"<!-- This site is optimized with the Yoast SEO plugin v27.4 - https:\/\/yoast.com\/product\/yoast-seo-wordpress\/ -->\n<title>ACESSORIOS DE CANTORA - MOLDE DE SILICONE -<\/title>\n<meta name=\"description\" content=\"Medida das pe\u00e7as acabadas - 3x3x1cm sabonetes, biscuits, resinas, vela em parafina massas de modelar, gessos etc. N\u00e3o aconselhado em produtos aliment\u00edcios.\" \/>\n<meta name=\"robots\" content=\"index, follow, max-snippet:-1, max-image-preview:large, max-video-preview:-1\" \/>\n<link rel=\"canonical\" href=\"https:\/\/divertarte.com\/index.php\/produto\/acessorios-de-cantora\/\" \/>\n<meta property=\"og:locale\" content=\"pt_PT\" \/>\n<meta property=\"og:type\" content=\"article\" \/>\n<meta property=\"og:title\" content=\"ACESSORIOS DE CANTORA - MOLDE DE SILICONE -\" \/>\n<meta property=\"og:description\" content=\"Medida das pe\u00e7as acabadas - 3x3x1cm sabonetes, biscuits, resinas, vela em parafina massas de modelar, gessos etc. N\u00e3o aconselhado em produtos aliment\u00edcios.\" \/>\n<meta property=\"og:url\" content=\"https:\/\/divertarte.com\/index.php\/produto\/acessorios-de-cantora\/\" \/>\n<meta property=\"article:modified_time\" content=\"2025-11-06T13:59:54+00:00\" \/>\n<meta property=\"og:image\" content=\"https:\/\/divertarte.com\/wp-content\/uploads\/2018\/05\/Acesorios_menina.jpg\" \/>\n\t<meta property=\"og:image:width\" content=\"555\" \/>\n\t<meta property=\"og:image:height\" content=\"558\" \/>\n\t<meta property=\"og:image:type\" content=\"image\/jpeg\" \/>\n<meta name=\"twitter:card\" content=\"summary_large_image\" \/>\n<script type=\"application\/ld+json\" class=\"yoast-schema-graph\">{\"@context\":\"https:\\\/\\\/schema.org\",\"@graph\":[{\"@type\":\"WebPage\",\"@id\":\"https:\\\/\\\/divertarte.com\\\/index.php\\\/produto\\\/acessorios-de-cantora\\\/\",\"url\":\"https:\\\/\\\/divertarte.com\\\/index.php\\\/produto\\\/acessorios-de-cantora\\\/\",\"name\":\"ACESSORIOS DE CANTORA - MOLDE DE SILICONE -\",\"isPartOf\":{\"@id\":\"https:\\\/\\\/divertarte.com\\\/#website\"},\"primaryImageOfPage\":{\"@id\":\"https:\\\/\\\/divertarte.com\\\/index.php\\\/produto\\\/acessorios-de-cantora\\\/#primaryimage\"},\"image\":{\"@id\":\"https:\\\/\\\/divertarte.com\\\/index.php\\\/produto\\\/acessorios-de-cantora\\\/#primaryimage\"},\"thumbnailUrl\":\"https:\\\/\\\/divertarte.com\\\/wp-content\\\/uploads\\\/2018\\\/05\\\/Acesorios_menina.jpg\",\"datePublished\":\"2018-06-07T13:05:50+00:00\",\"dateModified\":\"2025-11-06T13:59:54+00:00\",\"description\":\"Medida das pe\u00e7as acabadas - 3x3x1cm sabonetes, biscuits, resinas, vela em parafina massas de modelar, gessos etc. N\u00e3o aconselhado em produtos aliment\u00edcios.\",\"breadcrumb\":{\"@id\":\"https:\\\/\\\/divertarte.com\\\/index.php\\\/produto\\\/acessorios-de-cantora\\\/#breadcrumb\"},\"inLanguage\":\"pt-PT\",\"potentialAction\":[{\"@type\":\"ReadAction\",\"target\":[\"https:\\\/\\\/divertarte.com\\\/index.php\\\/produto\\\/acessorios-de-cantora\\\/\"]}]},{\"@type\":\"ImageObject\",\"inLanguage\":\"pt-PT\",\"@id\":\"https:\\\/\\\/divertarte.com\\\/index.php\\\/produto\\\/acessorios-de-cantora\\\/#primaryimage\",\"url\":\"https:\\\/\\\/divertarte.com\\\/wp-content\\\/uploads\\\/2018\\\/05\\\/Acesorios_menina.jpg\",\"contentUrl\":\"https:\\\/\\\/divertarte.com\\\/wp-content\\\/uploads\\\/2018\\\/05\\\/Acesorios_menina.jpg\",\"width\":555,\"height\":558},{\"@type\":\"BreadcrumbList\",\"@id\":\"https:\\\/\\\/divertarte.com\\\/index.php\\\/produto\\\/acessorios-de-cantora\\\/#breadcrumb\",\"itemListElement\":[{\"@type\":\"ListItem\",\"position\":1,\"name\":\"In\u00edcio\",\"item\":\"https:\\\/\\\/divertarte.com\\\/\"},{\"@type\":\"ListItem\",\"position\":2,\"name\":\"Loja\",\"item\":\"https:\\\/\\\/divertarte.com\\\/index.php\\\/divertarte-produtos\\\/\"},{\"@type\":\"ListItem\",\"position\":3,\"name\":\"ACESSORIOS DE CANTORA &#8211; MOLDE DE SILICONE\"}]},{\"@type\":\"WebSite\",\"@id\":\"https:\\\/\\\/divertarte.com\\\/#website\",\"url\":\"https:\\\/\\\/divertarte.com\\\/\",\"name\":\"Divertarte\",\"description\":\"\",\"publisher\":{\"@id\":\"https:\\\/\\\/divertarte.com\\\/#organization\"},\"potentialAction\":[{\"@type\":\"SearchAction\",\"target\":{\"@type\":\"EntryPoint\",\"urlTemplate\":\"https:\\\/\\\/divertarte.com\\\/?s={search_term_string}\"},\"query-input\":{\"@type\":\"PropertyValueSpecification\",\"valueRequired\":true,\"valueName\":\"search_term_string\"}}],\"inLanguage\":\"pt-PT\"},{\"@type\":\"Organization\",\"@id\":\"https:\\\/\\\/divertarte.com\\\/#organization\",\"name\":\"Divertarte\",\"url\":\"https:\\\/\\\/divertarte.com\\\/\",\"logo\":{\"@type\":\"ImageObject\",\"inLanguage\":\"pt-PT\",\"@id\":\"https:\\\/\\\/divertarte.com\\\/#\\\/schema\\\/logo\\\/image\\\/\",\"url\":\"https:\\\/\\\/divertarte.com\\\/wp-content\\\/uploads\\\/2018\\\/07\\\/logo-div.jpg\",\"contentUrl\":\"https:\\\/\\\/divertarte.com\\\/wp-content\\\/uploads\\\/2018\\\/07\\\/logo-div.jpg\",\"width\":295,\"height\":123,\"caption\":\"Divertarte\"},\"image\":{\"@id\":\"https:\\\/\\\/divertarte.com\\\/#\\\/schema\\\/logo\\\/image\\\/\"}}]}<\/script>\n<!-- \/ Yoast SEO plugin. -->","yoast_head_json":{"title":"ACESSORIOS DE CANTORA - MOLDE DE SILICONE -","description":"Medida das pe\u00e7as acabadas - 3x3x1cm sabonetes, biscuits, resinas, vela em parafina massas de modelar, gessos etc. N\u00e3o aconselhado em produtos aliment\u00edcios.","robots":{"index":"index","follow":"follow","max-snippet":"max-snippet:-1","max-image-preview":"max-image-preview:large","max-video-preview":"max-video-preview:-1"},"canonical":"https:\/\/divertarte.com\/index.php\/produto\/acessorios-de-cantora\/","og_locale":"pt_PT","og_type":"article","og_title":"ACESSORIOS DE CANTORA - MOLDE DE SILICONE -","og_description":"Medida das pe\u00e7as acabadas - 3x3x1cm sabonetes, biscuits, resinas, vela em parafina massas de modelar, gessos etc. N\u00e3o aconselhado em produtos aliment\u00edcios.","og_url":"https:\/\/divertarte.com\/index.php\/produto\/acessorios-de-cantora\/","article_modified_time":"2025-11-06T13:59:54+00:00","og_image":[{"width":555,"height":558,"url":"https:\/\/divertarte.com\/wp-content\/uploads\/2018\/05\/Acesorios_menina.jpg","type":"image\/jpeg"}],"twitter_card":"summary_large_image","schema":{"@context":"https:\/\/schema.org","@graph":[{"@type":"WebPage","@id":"https:\/\/divertarte.com\/index.php\/produto\/acessorios-de-cantora\/","url":"https:\/\/divertarte.com\/index.php\/produto\/acessorios-de-cantora\/","name":"ACESSORIOS DE CANTORA - MOLDE DE SILICONE -","isPartOf":{"@id":"https:\/\/divertarte.com\/#website"},"primaryImageOfPage":{"@id":"https:\/\/divertarte.com\/index.php\/produto\/acessorios-de-cantora\/#primaryimage"},"image":{"@id":"https:\/\/divertarte.com\/index.php\/produto\/acessorios-de-cantora\/#primaryimage"},"thumbnailUrl":"https:\/\/divertarte.com\/wp-content\/uploads\/2018\/05\/Acesorios_menina.jpg","datePublished":"2018-06-07T13:05:50+00:00","dateModified":"2025-11-06T13:59:54+00:00","description":"Medida das pe\u00e7as acabadas - 3x3x1cm sabonetes, biscuits, resinas, vela em parafina massas de modelar, gessos etc. N\u00e3o aconselhado em produtos aliment\u00edcios.","breadcrumb":{"@id":"https:\/\/divertarte.com\/index.php\/produto\/acessorios-de-cantora\/#breadcrumb"},"inLanguage":"pt-PT","potentialAction":[{"@type":"ReadAction","target":["https:\/\/divertarte.com\/index.php\/produto\/acessorios-de-cantora\/"]}]},{"@type":"ImageObject","inLanguage":"pt-PT","@id":"https:\/\/divertarte.com\/index.php\/produto\/acessorios-de-cantora\/#primaryimage","url":"https:\/\/divertarte.com\/wp-content\/uploads\/2018\/05\/Acesorios_menina.jpg","contentUrl":"https:\/\/divertarte.com\/wp-content\/uploads\/2018\/05\/Acesorios_menina.jpg","width":555,"height":558},{"@type":"BreadcrumbList","@id":"https:\/\/divertarte.com\/index.php\/produto\/acessorios-de-cantora\/#breadcrumb","itemListElement":[{"@type":"ListItem","position":1,"name":"In\u00edcio","item":"https:\/\/divertarte.com\/"},{"@type":"ListItem","position":2,"name":"Loja","item":"https:\/\/divertarte.com\/index.php\/divertarte-produtos\/"},{"@type":"ListItem","position":3,"name":"ACESSORIOS DE CANTORA &#8211; MOLDE DE SILICONE"}]},{"@type":"WebSite","@id":"https:\/\/divertarte.com\/#website","url":"https:\/\/divertarte.com\/","name":"Divertarte","description":"","publisher":{"@id":"https:\/\/divertarte.com\/#organization"},"potentialAction":[{"@type":"SearchAction","target":{"@type":"EntryPoint","urlTemplate":"https:\/\/divertarte.com\/?s={search_term_string}"},"query-input":{"@type":"PropertyValueSpecification","valueRequired":true,"valueName":"search_term_string"}}],"inLanguage":"pt-PT"},{"@type":"Organization","@id":"https:\/\/divertarte.com\/#organization","name":"Divertarte","url":"https:\/\/divertarte.com\/","logo":{"@type":"ImageObject","inLanguage":"pt-PT","@id":"https:\/\/divertarte.com\/#\/schema\/logo\/image\/","url":"https:\/\/divertarte.com\/wp-content\/uploads\/2018\/07\/logo-div.jpg","contentUrl":"https:\/\/divertarte.com\/wp-content\/uploads\/2018\/07\/logo-div.jpg","width":295,"height":123,"caption":"Divertarte"},"image":{"@id":"https:\/\/divertarte.com\/#\/schema\/logo\/image\/"}}]}},"_links":{"self":[{"href":"https:\/\/divertarte.com\/index.php\/wp-json\/wp\/v2\/product\/2075","targetHints":{"allow":["GET"]}}],"collection":[{"href":"https:\/\/divertarte.com\/index.php\/wp-json\/wp\/v2\/product"}],"about":[{"href":"https:\/\/divertarte.com\/index.php\/wp-json\/wp\/v2\/types\/product"}],"replies":[{"embeddable":true,"href":"https:\/\/divertarte.com\/index.php\/wp-json\/wp\/v2\/comments?post=2075"}],"wp:featuredmedia":[{"embeddable":true,"href":"https:\/\/divertarte.com\/index.php\/wp-json\/wp\/v2\/media\/5834"}],"wp:attachment":[{"href":"https:\/\/divertarte.com\/index.php\/wp-json\/wp\/v2\/media?parent=2075"}],"wp:term":[{"taxonomy":"product_brand","embeddable":true,"href":"https:\/\/divertarte.com\/index.php\/wp-json\/wp\/v2\/product_brand?post=2075"},{"taxonomy":"product_cat","embeddable":true,"href":"https:\/\/divertarte.com\/index.php\/wp-json\/wp\/v2\/product_cat?post=2075"},{"taxonomy":"product_tag","embeddable":true,"href":"https:\/\/divertarte.com\/index.php\/wp-json\/wp\/v2\/product_tag?post=2075"}],"curies":[{"name":"wp","href":"https:\/\/api.w.org\/{rel}","templated":true}]}}