{"id":20574,"date":"2024-07-13T16:33:10","date_gmt":"2024-07-13T15:33:10","guid":{"rendered":"https:\/\/divertarte.com\/?post_type=product&#038;p=20574"},"modified":"2025-11-06T13:23:34","modified_gmt":"2025-11-06T13:23:34","slug":"aulas-de-fazer-velas","status":"publish","type":"product","link":"https:\/\/divertarte.com\/index.php\/produto\/aulas-de-fazer-velas\/","title":{"rendered":"Aprender a Fazer Velas"},"content":{"rendered":"<p>Aprender a fazer velas.<\/p>\n<p>Aproveira 2 horas por dia para fazeres j\u00e1 algumas prendas para ofereceres no Natal.<\/p>\n<p><strong>Blocos de 3 aulas de 2 horas cada, das 14 \u00e0s 16 horas, \u00e0s\u00a0 3\u00aa e\u00a0 5\u00aa\u00a0 feira.<\/strong><\/p>\n<p>Estamos \u00e0 espera da tua inscri\u00e7\u00e3o. Clica em &#8220;Adicionar&#8221; e\u00a0 faz o pagamento. Daremos de imediato a nossa morada no Poceir\u00e3o.<\/p>\n","protected":false},"excerpt":{"rendered":"<p>Aprender a fazer velas.<\/p>\n<p>Aproveira 2 horas por dia para fazeres j\u00e1 algumas prendas para ofereceres no Natal.<\/p>\n<p><strong>Blocos de 2 aulas das 14 \u00e0s 16 horas, \u00e0s\u00a0 3\u00aa e\u00a0 5\u00aa\u00a0 feira.<\/strong><\/p>\n<p>Estamos \u00e0 espera da tua inscri\u00e7\u00e3o. Clica em &#8220;Adicionar&#8221; e\u00a0 faz o pagamento. Daremos de imediato a nossa morada no Poceir\u00e3o.<\/p>\n","protected":false},"featured_media":20577,"comment_status":"open","ping_status":"closed","template":"","meta":{"_exactmetrics_skip_tracking":false,"_exactmetrics_sitenote_active":false,"_exactmetrics_sitenote_note":"","_exactmetrics_sitenote_category":0},"product_brand":[],"product_cat":[15],"product_tag":[1232,1233,1174],"class_list":{"0":"post-20574","1":"product","2":"type-product","3":"status-publish","4":"has-post-thumbnail","6":"product_cat-ver-todos-os-produtos","7":"product_tag-aprender-a-fazer-velas","8":"product_tag-aulas-de-velas","9":"product_tag-cursos-de-velas","11":"first","12":"instock","13":"taxable","14":"shipping-taxable","15":"purchasable","16":"product-type-variable"},"yoast_head":"<!-- This site is optimized with the Yoast SEO plugin v27.4 - https:\/\/yoast.com\/product\/yoast-seo-wordpress\/ -->\n<title>Aprender a Fazer Velas -<\/title>\n<meta name=\"description\" content=\"Vem aprender a fazer velas em 2 aulas Aproveira 2 horas por dia para fazeres algumas prendas para ofereceres no Natal. 2 Blocos de 2 horas cada\" \/>\n<meta name=\"robots\" content=\"index, follow, max-snippet:-1, max-image-preview:large, max-video-preview:-1\" \/>\n<link rel=\"canonical\" href=\"https:\/\/divertarte.com\/index.php\/produto\/aulas-de-fazer-velas\/\" \/>\n<meta property=\"og:locale\" content=\"pt_PT\" \/>\n<meta property=\"og:type\" content=\"article\" \/>\n<meta property=\"og:title\" content=\"Aprender a Fazer Velas -\" \/>\n<meta property=\"og:description\" content=\"Vem aprender a fazer velas em 2 aulas Aproveira 2 horas por dia para fazeres algumas prendas para ofereceres no Natal. 2 Blocos de 2 horas cada\" \/>\n<meta property=\"og:url\" content=\"https:\/\/divertarte.com\/index.php\/produto\/aulas-de-fazer-velas\/\" \/>\n<meta property=\"article:modified_time\" content=\"2025-11-06T13:23:34+00:00\" \/>\n<meta property=\"og:image\" content=\"https:\/\/divertarte.com\/wp-content\/uploads\/2024\/07\/aprender-fazer-velas-de-natal.jpg\" \/>\n\t<meta property=\"og:image:width\" content=\"300\" \/>\n\t<meta property=\"og:image:height\" content=\"303\" \/>\n\t<meta property=\"og:image:type\" content=\"image\/jpeg\" \/>\n<meta name=\"twitter:card\" content=\"summary_large_image\" \/>\n<script type=\"application\/ld+json\" class=\"yoast-schema-graph\">{\"@context\":\"https:\\\/\\\/schema.org\",\"@graph\":[{\"@type\":\"WebPage\",\"@id\":\"https:\\\/\\\/divertarte.com\\\/index.php\\\/produto\\\/aulas-de-fazer-velas\\\/\",\"url\":\"https:\\\/\\\/divertarte.com\\\/index.php\\\/produto\\\/aulas-de-fazer-velas\\\/\",\"name\":\"Aprender a Fazer Velas -\",\"isPartOf\":{\"@id\":\"https:\\\/\\\/divertarte.com\\\/#website\"},\"primaryImageOfPage\":{\"@id\":\"https:\\\/\\\/divertarte.com\\\/index.php\\\/produto\\\/aulas-de-fazer-velas\\\/#primaryimage\"},\"image\":{\"@id\":\"https:\\\/\\\/divertarte.com\\\/index.php\\\/produto\\\/aulas-de-fazer-velas\\\/#primaryimage\"},\"thumbnailUrl\":\"https:\\\/\\\/divertarte.com\\\/wp-content\\\/uploads\\\/2024\\\/07\\\/aprender-fazer-velas-de-natal.jpg\",\"datePublished\":\"2024-07-13T15:33:10+00:00\",\"dateModified\":\"2025-11-06T13:23:34+00:00\",\"description\":\"Vem aprender a fazer velas em 2 aulas Aproveira 2 horas por dia para fazeres algumas prendas para ofereceres no Natal. 2 Blocos de 2 horas cada\",\"breadcrumb\":{\"@id\":\"https:\\\/\\\/divertarte.com\\\/index.php\\\/produto\\\/aulas-de-fazer-velas\\\/#breadcrumb\"},\"inLanguage\":\"pt-PT\",\"potentialAction\":[{\"@type\":\"ReadAction\",\"target\":[\"https:\\\/\\\/divertarte.com\\\/index.php\\\/produto\\\/aulas-de-fazer-velas\\\/\"]}]},{\"@type\":\"ImageObject\",\"inLanguage\":\"pt-PT\",\"@id\":\"https:\\\/\\\/divertarte.com\\\/index.php\\\/produto\\\/aulas-de-fazer-velas\\\/#primaryimage\",\"url\":\"https:\\\/\\\/divertarte.com\\\/wp-content\\\/uploads\\\/2024\\\/07\\\/aprender-fazer-velas-de-natal.jpg\",\"contentUrl\":\"https:\\\/\\\/divertarte.com\\\/wp-content\\\/uploads\\\/2024\\\/07\\\/aprender-fazer-velas-de-natal.jpg\",\"width\":300,\"height\":303},{\"@type\":\"BreadcrumbList\",\"@id\":\"https:\\\/\\\/divertarte.com\\\/index.php\\\/produto\\\/aulas-de-fazer-velas\\\/#breadcrumb\",\"itemListElement\":[{\"@type\":\"ListItem\",\"position\":1,\"name\":\"In\u00edcio\",\"item\":\"https:\\\/\\\/divertarte.com\\\/\"},{\"@type\":\"ListItem\",\"position\":2,\"name\":\"Loja\",\"item\":\"https:\\\/\\\/divertarte.com\\\/index.php\\\/divertarte-produtos\\\/\"},{\"@type\":\"ListItem\",\"position\":3,\"name\":\"Aprender a Fazer Velas\"}]},{\"@type\":\"WebSite\",\"@id\":\"https:\\\/\\\/divertarte.com\\\/#website\",\"url\":\"https:\\\/\\\/divertarte.com\\\/\",\"name\":\"Divertarte\",\"description\":\"\",\"publisher\":{\"@id\":\"https:\\\/\\\/divertarte.com\\\/#organization\"},\"potentialAction\":[{\"@type\":\"SearchAction\",\"target\":{\"@type\":\"EntryPoint\",\"urlTemplate\":\"https:\\\/\\\/divertarte.com\\\/?s={search_term_string}\"},\"query-input\":{\"@type\":\"PropertyValueSpecification\",\"valueRequired\":true,\"valueName\":\"search_term_string\"}}],\"inLanguage\":\"pt-PT\"},{\"@type\":\"Organization\",\"@id\":\"https:\\\/\\\/divertarte.com\\\/#organization\",\"name\":\"Divertarte\",\"url\":\"https:\\\/\\\/divertarte.com\\\/\",\"logo\":{\"@type\":\"ImageObject\",\"inLanguage\":\"pt-PT\",\"@id\":\"https:\\\/\\\/divertarte.com\\\/#\\\/schema\\\/logo\\\/image\\\/\",\"url\":\"https:\\\/\\\/divertarte.com\\\/wp-content\\\/uploads\\\/2018\\\/07\\\/logo-div.jpg\",\"contentUrl\":\"https:\\\/\\\/divertarte.com\\\/wp-content\\\/uploads\\\/2018\\\/07\\\/logo-div.jpg\",\"width\":295,\"height\":123,\"caption\":\"Divertarte\"},\"image\":{\"@id\":\"https:\\\/\\\/divertarte.com\\\/#\\\/schema\\\/logo\\\/image\\\/\"}}]}<\/script>\n<!-- \/ Yoast SEO plugin. -->","yoast_head_json":{"title":"Aprender a Fazer Velas -","description":"Vem aprender a fazer velas em 2 aulas Aproveira 2 horas por dia para fazeres algumas prendas para ofereceres no Natal. 2 Blocos de 2 horas cada","robots":{"index":"index","follow":"follow","max-snippet":"max-snippet:-1","max-image-preview":"max-image-preview:large","max-video-preview":"max-video-preview:-1"},"canonical":"https:\/\/divertarte.com\/index.php\/produto\/aulas-de-fazer-velas\/","og_locale":"pt_PT","og_type":"article","og_title":"Aprender a Fazer Velas -","og_description":"Vem aprender a fazer velas em 2 aulas Aproveira 2 horas por dia para fazeres algumas prendas para ofereceres no Natal. 2 Blocos de 2 horas cada","og_url":"https:\/\/divertarte.com\/index.php\/produto\/aulas-de-fazer-velas\/","article_modified_time":"2025-11-06T13:23:34+00:00","og_image":[{"width":300,"height":303,"url":"https:\/\/divertarte.com\/wp-content\/uploads\/2024\/07\/aprender-fazer-velas-de-natal.jpg","type":"image\/jpeg"}],"twitter_card":"summary_large_image","schema":{"@context":"https:\/\/schema.org","@graph":[{"@type":"WebPage","@id":"https:\/\/divertarte.com\/index.php\/produto\/aulas-de-fazer-velas\/","url":"https:\/\/divertarte.com\/index.php\/produto\/aulas-de-fazer-velas\/","name":"Aprender a Fazer Velas -","isPartOf":{"@id":"https:\/\/divertarte.com\/#website"},"primaryImageOfPage":{"@id":"https:\/\/divertarte.com\/index.php\/produto\/aulas-de-fazer-velas\/#primaryimage"},"image":{"@id":"https:\/\/divertarte.com\/index.php\/produto\/aulas-de-fazer-velas\/#primaryimage"},"thumbnailUrl":"https:\/\/divertarte.com\/wp-content\/uploads\/2024\/07\/aprender-fazer-velas-de-natal.jpg","datePublished":"2024-07-13T15:33:10+00:00","dateModified":"2025-11-06T13:23:34+00:00","description":"Vem aprender a fazer velas em 2 aulas Aproveira 2 horas por dia para fazeres algumas prendas para ofereceres no Natal. 2 Blocos de 2 horas cada","breadcrumb":{"@id":"https:\/\/divertarte.com\/index.php\/produto\/aulas-de-fazer-velas\/#breadcrumb"},"inLanguage":"pt-PT","potentialAction":[{"@type":"ReadAction","target":["https:\/\/divertarte.com\/index.php\/produto\/aulas-de-fazer-velas\/"]}]},{"@type":"ImageObject","inLanguage":"pt-PT","@id":"https:\/\/divertarte.com\/index.php\/produto\/aulas-de-fazer-velas\/#primaryimage","url":"https:\/\/divertarte.com\/wp-content\/uploads\/2024\/07\/aprender-fazer-velas-de-natal.jpg","contentUrl":"https:\/\/divertarte.com\/wp-content\/uploads\/2024\/07\/aprender-fazer-velas-de-natal.jpg","width":300,"height":303},{"@type":"BreadcrumbList","@id":"https:\/\/divertarte.com\/index.php\/produto\/aulas-de-fazer-velas\/#breadcrumb","itemListElement":[{"@type":"ListItem","position":1,"name":"In\u00edcio","item":"https:\/\/divertarte.com\/"},{"@type":"ListItem","position":2,"name":"Loja","item":"https:\/\/divertarte.com\/index.php\/divertarte-produtos\/"},{"@type":"ListItem","position":3,"name":"Aprender a Fazer Velas"}]},{"@type":"WebSite","@id":"https:\/\/divertarte.com\/#website","url":"https:\/\/divertarte.com\/","name":"Divertarte","description":"","publisher":{"@id":"https:\/\/divertarte.com\/#organization"},"potentialAction":[{"@type":"SearchAction","target":{"@type":"EntryPoint","urlTemplate":"https:\/\/divertarte.com\/?s={search_term_string}"},"query-input":{"@type":"PropertyValueSpecification","valueRequired":true,"valueName":"search_term_string"}}],"inLanguage":"pt-PT"},{"@type":"Organization","@id":"https:\/\/divertarte.com\/#organization","name":"Divertarte","url":"https:\/\/divertarte.com\/","logo":{"@type":"ImageObject","inLanguage":"pt-PT","@id":"https:\/\/divertarte.com\/#\/schema\/logo\/image\/","url":"https:\/\/divertarte.com\/wp-content\/uploads\/2018\/07\/logo-div.jpg","contentUrl":"https:\/\/divertarte.com\/wp-content\/uploads\/2018\/07\/logo-div.jpg","width":295,"height":123,"caption":"Divertarte"},"image":{"@id":"https:\/\/divertarte.com\/#\/schema\/logo\/image\/"}}]}},"_links":{"self":[{"href":"https:\/\/divertarte.com\/index.php\/wp-json\/wp\/v2\/product\/20574","targetHints":{"allow":["GET"]}}],"collection":[{"href":"https:\/\/divertarte.com\/index.php\/wp-json\/wp\/v2\/product"}],"about":[{"href":"https:\/\/divertarte.com\/index.php\/wp-json\/wp\/v2\/types\/product"}],"replies":[{"embeddable":true,"href":"https:\/\/divertarte.com\/index.php\/wp-json\/wp\/v2\/comments?post=20574"}],"wp:featuredmedia":[{"embeddable":true,"href":"https:\/\/divertarte.com\/index.php\/wp-json\/wp\/v2\/media\/20577"}],"wp:attachment":[{"href":"https:\/\/divertarte.com\/index.php\/wp-json\/wp\/v2\/media?parent=20574"}],"wp:term":[{"taxonomy":"product_brand","embeddable":true,"href":"https:\/\/divertarte.com\/index.php\/wp-json\/wp\/v2\/product_brand?post=20574"},{"taxonomy":"product_cat","embeddable":true,"href":"https:\/\/divertarte.com\/index.php\/wp-json\/wp\/v2\/product_cat?post=20574"},{"taxonomy":"product_tag","embeddable":true,"href":"https:\/\/divertarte.com\/index.php\/wp-json\/wp\/v2\/product_tag?post=20574"}],"curies":[{"name":"wp","href":"https:\/\/api.w.org\/{rel}","templated":true}]}}