{"id":19684,"date":"2023-11-05T22:10:11","date_gmt":"2023-11-05T22:10:11","guid":{"rendered":"https:\/\/divertarte.com\/?post_type=product&#038;p=19684"},"modified":"2025-11-06T13:23:38","modified_gmt":"2025-11-06T13:23:38","slug":"workshop-arvore-de-natal-em-croche","status":"publish","type":"product","link":"https:\/\/divertarte.com\/index.php\/produto\/workshop-arvore-de-natal-em-croche\/","title":{"rendered":"Workshop Arvore de Natal em Croch\u00e9"},"content":{"rendered":"<p>Workshop Arvore de Natal em Croch\u00e9<\/p>\n<p>Composi\u00e7\u00e3o do Kit : Agulha de croch\u00e9, l\u00e3 verde, l\u00e3 branca, bolinhas vermelhas, tesoura, cola quente, cone em esferovite,\u00a0 Explica\u00e7\u00e3o dos pontos principais para quem j\u00e1 se esqueceu.<\/p>\n<p>Vem fazer o workshop connosco <strong>3 Horas ao S\u00e1bado,<\/strong> na regi\u00e3o de Set\u00fabal, e levas para casa uma linda \u00e1rvore de Natal em croch\u00e9<\/p>\n<p>Escolhe o Hor\u00e1rio da manh\u00e3 ou da tarde e inscreve-te.<\/p>\n<p>Ou se queres escolher uma outra data liga para\u00a0<strong>967964683<\/strong>\u00a0e informa-te.<\/p>\n<p>Se preferires manda email para\u00a0<a href=\"mailto:info@divertarte.com\">info@divertarte.com<\/a><\/p>\n","protected":false},"excerpt":{"rendered":"<p>Workshop Arvore de Natal em Croch\u00e9<\/p>\n<p>Composi\u00e7\u00e3o do Kit : Agulha de croch\u00e9, l\u00e3 verde, l\u00e3 branca, bolinhas vermelhas, tesoura, cola quente, cone em esferovite,\u00a0 Explica\u00e7\u00e3o dos pontos principais para quem j\u00e1 se esqueceu.<\/p>\n<p>Vem fazer o workshop connosco <strong>3 Horas ao S\u00e1bado,<\/strong> na regi\u00e3o de Set\u00fabal, e levas para casa uma linda \u00e1rvore de Natal em croch\u00e9<\/p>\n<p>Escolhe o Hor\u00e1rio da manh\u00e3 ou da tarde e inscreve-te.<\/p>\n<p>Ou se queres escolher uma outra data liga para\u00a0<strong>967964683<\/strong>\u00a0e informa-te.<\/p>\n<p>Se preferires manda email para\u00a0<a href=\"mailto:info@divertarte.com\">info@divertarte.com<\/a><\/p>\n","protected":false},"featured_media":19686,"comment_status":"open","ping_status":"closed","template":"","meta":{"_exactmetrics_skip_tracking":false,"_exactmetrics_sitenote_active":false,"_exactmetrics_sitenote_note":"","_exactmetrics_sitenote_category":0},"product_brand":[],"product_cat":[783,47,946],"product_tag":[872,1093,870],"class_list":{"0":"post-19684","1":"product","2":"type-product","3":"status-publish","4":"has-post-thumbnail","6":"product_cat-cursos","7":"product_cat-cursos-workshops","8":"product_cat-workshops","9":"product_tag-croche","10":"product_tag-cursos","11":"product_tag-workshops","13":"first","14":"instock","15":"taxable","16":"shipping-taxable","17":"purchasable","18":"product-type-variable"},"yoast_head":"<!-- This site is optimized with the Yoast SEO plugin v27.4 - https:\/\/yoast.com\/product\/yoast-seo-wordpress\/ -->\n<title>Workshop Arvore de Natal em Croch\u00e9 -<\/title>\n<meta name=\"description\" content=\"Workshop Arvore de Natal em Croch\u00e9 Composi\u00e7\u00e3o do Kit : Agulha de croch\u00e9, l\u00e3 verde, l\u00e3 branca, bolinhas vermelhas, tesoura, cola quente, cone em esferovite,\u00a0 Explica\u00e7\u00e3o dos pontos principais para quem j\u00e1 se esqueceu.\u00a0\" \/>\n<meta name=\"robots\" content=\"index, follow, max-snippet:-1, max-image-preview:large, max-video-preview:-1\" \/>\n<link rel=\"canonical\" href=\"https:\/\/divertarte.com\/index.php\/produto\/workshop-arvore-de-natal-em-croche\/\" \/>\n<meta property=\"og:locale\" content=\"pt_PT\" \/>\n<meta property=\"og:type\" content=\"article\" \/>\n<meta property=\"og:title\" content=\"Workshop Arvore de Natal em Croch\u00e9 -\" \/>\n<meta property=\"og:description\" content=\"Workshop Arvore de Natal em Croch\u00e9 Composi\u00e7\u00e3o do Kit : Agulha de croch\u00e9, l\u00e3 verde, l\u00e3 branca, bolinhas vermelhas, tesoura, cola quente, cone em esferovite,\u00a0 Explica\u00e7\u00e3o dos pontos principais para quem j\u00e1 se esqueceu.\u00a0\" \/>\n<meta property=\"og:url\" content=\"https:\/\/divertarte.com\/index.php\/produto\/workshop-arvore-de-natal-em-croche\/\" \/>\n<meta property=\"article:modified_time\" content=\"2025-11-06T13:23:38+00:00\" \/>\n<meta property=\"og:image\" content=\"https:\/\/divertarte.com\/wp-content\/uploads\/2023\/11\/workshop-arvore-natal-croche.jpg\" \/>\n\t<meta property=\"og:image:width\" content=\"300\" \/>\n\t<meta property=\"og:image:height\" content=\"304\" \/>\n\t<meta property=\"og:image:type\" content=\"image\/jpeg\" \/>\n<meta name=\"twitter:card\" content=\"summary_large_image\" \/>\n<script type=\"application\/ld+json\" class=\"yoast-schema-graph\">{\"@context\":\"https:\\\/\\\/schema.org\",\"@graph\":[{\"@type\":\"WebPage\",\"@id\":\"https:\\\/\\\/divertarte.com\\\/index.php\\\/produto\\\/workshop-arvore-de-natal-em-croche\\\/\",\"url\":\"https:\\\/\\\/divertarte.com\\\/index.php\\\/produto\\\/workshop-arvore-de-natal-em-croche\\\/\",\"name\":\"Workshop Arvore de Natal em Croch\u00e9 -\",\"isPartOf\":{\"@id\":\"https:\\\/\\\/divertarte.com\\\/#website\"},\"primaryImageOfPage\":{\"@id\":\"https:\\\/\\\/divertarte.com\\\/index.php\\\/produto\\\/workshop-arvore-de-natal-em-croche\\\/#primaryimage\"},\"image\":{\"@id\":\"https:\\\/\\\/divertarte.com\\\/index.php\\\/produto\\\/workshop-arvore-de-natal-em-croche\\\/#primaryimage\"},\"thumbnailUrl\":\"https:\\\/\\\/divertarte.com\\\/wp-content\\\/uploads\\\/2023\\\/11\\\/workshop-arvore-natal-croche.jpg\",\"datePublished\":\"2023-11-05T22:10:11+00:00\",\"dateModified\":\"2025-11-06T13:23:38+00:00\",\"description\":\"Workshop Arvore de Natal em Croch\u00e9 Composi\u00e7\u00e3o do Kit : Agulha de croch\u00e9, l\u00e3 verde, l\u00e3 branca, bolinhas vermelhas, tesoura, cola quente, cone em esferovite,\u00a0 Explica\u00e7\u00e3o dos pontos principais para quem j\u00e1 se esqueceu.\u00a0\",\"breadcrumb\":{\"@id\":\"https:\\\/\\\/divertarte.com\\\/index.php\\\/produto\\\/workshop-arvore-de-natal-em-croche\\\/#breadcrumb\"},\"inLanguage\":\"pt-PT\",\"potentialAction\":[{\"@type\":\"ReadAction\",\"target\":[\"https:\\\/\\\/divertarte.com\\\/index.php\\\/produto\\\/workshop-arvore-de-natal-em-croche\\\/\"]}]},{\"@type\":\"ImageObject\",\"inLanguage\":\"pt-PT\",\"@id\":\"https:\\\/\\\/divertarte.com\\\/index.php\\\/produto\\\/workshop-arvore-de-natal-em-croche\\\/#primaryimage\",\"url\":\"https:\\\/\\\/divertarte.com\\\/wp-content\\\/uploads\\\/2023\\\/11\\\/workshop-arvore-natal-croche.jpg\",\"contentUrl\":\"https:\\\/\\\/divertarte.com\\\/wp-content\\\/uploads\\\/2023\\\/11\\\/workshop-arvore-natal-croche.jpg\",\"width\":300,\"height\":304},{\"@type\":\"BreadcrumbList\",\"@id\":\"https:\\\/\\\/divertarte.com\\\/index.php\\\/produto\\\/workshop-arvore-de-natal-em-croche\\\/#breadcrumb\",\"itemListElement\":[{\"@type\":\"ListItem\",\"position\":1,\"name\":\"In\u00edcio\",\"item\":\"https:\\\/\\\/divertarte.com\\\/\"},{\"@type\":\"ListItem\",\"position\":2,\"name\":\"Loja\",\"item\":\"https:\\\/\\\/divertarte.com\\\/index.php\\\/divertarte-produtos\\\/\"},{\"@type\":\"ListItem\",\"position\":3,\"name\":\"Workshop Arvore de Natal em Croch\u00e9\"}]},{\"@type\":\"WebSite\",\"@id\":\"https:\\\/\\\/divertarte.com\\\/#website\",\"url\":\"https:\\\/\\\/divertarte.com\\\/\",\"name\":\"Divertarte\",\"description\":\"\",\"publisher\":{\"@id\":\"https:\\\/\\\/divertarte.com\\\/#organization\"},\"potentialAction\":[{\"@type\":\"SearchAction\",\"target\":{\"@type\":\"EntryPoint\",\"urlTemplate\":\"https:\\\/\\\/divertarte.com\\\/?s={search_term_string}\"},\"query-input\":{\"@type\":\"PropertyValueSpecification\",\"valueRequired\":true,\"valueName\":\"search_term_string\"}}],\"inLanguage\":\"pt-PT\"},{\"@type\":\"Organization\",\"@id\":\"https:\\\/\\\/divertarte.com\\\/#organization\",\"name\":\"Divertarte\",\"url\":\"https:\\\/\\\/divertarte.com\\\/\",\"logo\":{\"@type\":\"ImageObject\",\"inLanguage\":\"pt-PT\",\"@id\":\"https:\\\/\\\/divertarte.com\\\/#\\\/schema\\\/logo\\\/image\\\/\",\"url\":\"https:\\\/\\\/divertarte.com\\\/wp-content\\\/uploads\\\/2018\\\/07\\\/logo-div.jpg\",\"contentUrl\":\"https:\\\/\\\/divertarte.com\\\/wp-content\\\/uploads\\\/2018\\\/07\\\/logo-div.jpg\",\"width\":295,\"height\":123,\"caption\":\"Divertarte\"},\"image\":{\"@id\":\"https:\\\/\\\/divertarte.com\\\/#\\\/schema\\\/logo\\\/image\\\/\"}}]}<\/script>\n<!-- \/ Yoast SEO plugin. -->","yoast_head_json":{"title":"Workshop Arvore de Natal em Croch\u00e9 -","description":"Workshop Arvore de Natal em Croch\u00e9 Composi\u00e7\u00e3o do Kit : Agulha de croch\u00e9, l\u00e3 verde, l\u00e3 branca, bolinhas vermelhas, tesoura, cola quente, cone em esferovite,\u00a0 Explica\u00e7\u00e3o dos pontos principais para quem j\u00e1 se esqueceu.\u00a0","robots":{"index":"index","follow":"follow","max-snippet":"max-snippet:-1","max-image-preview":"max-image-preview:large","max-video-preview":"max-video-preview:-1"},"canonical":"https:\/\/divertarte.com\/index.php\/produto\/workshop-arvore-de-natal-em-croche\/","og_locale":"pt_PT","og_type":"article","og_title":"Workshop Arvore de Natal em Croch\u00e9 -","og_description":"Workshop Arvore de Natal em Croch\u00e9 Composi\u00e7\u00e3o do Kit : Agulha de croch\u00e9, l\u00e3 verde, l\u00e3 branca, bolinhas vermelhas, tesoura, cola quente, cone em esferovite,\u00a0 Explica\u00e7\u00e3o dos pontos principais para quem j\u00e1 se esqueceu.\u00a0","og_url":"https:\/\/divertarte.com\/index.php\/produto\/workshop-arvore-de-natal-em-croche\/","article_modified_time":"2025-11-06T13:23:38+00:00","og_image":[{"width":300,"height":304,"url":"https:\/\/divertarte.com\/wp-content\/uploads\/2023\/11\/workshop-arvore-natal-croche.jpg","type":"image\/jpeg"}],"twitter_card":"summary_large_image","schema":{"@context":"https:\/\/schema.org","@graph":[{"@type":"WebPage","@id":"https:\/\/divertarte.com\/index.php\/produto\/workshop-arvore-de-natal-em-croche\/","url":"https:\/\/divertarte.com\/index.php\/produto\/workshop-arvore-de-natal-em-croche\/","name":"Workshop Arvore de Natal em Croch\u00e9 -","isPartOf":{"@id":"https:\/\/divertarte.com\/#website"},"primaryImageOfPage":{"@id":"https:\/\/divertarte.com\/index.php\/produto\/workshop-arvore-de-natal-em-croche\/#primaryimage"},"image":{"@id":"https:\/\/divertarte.com\/index.php\/produto\/workshop-arvore-de-natal-em-croche\/#primaryimage"},"thumbnailUrl":"https:\/\/divertarte.com\/wp-content\/uploads\/2023\/11\/workshop-arvore-natal-croche.jpg","datePublished":"2023-11-05T22:10:11+00:00","dateModified":"2025-11-06T13:23:38+00:00","description":"Workshop Arvore de Natal em Croch\u00e9 Composi\u00e7\u00e3o do Kit : Agulha de croch\u00e9, l\u00e3 verde, l\u00e3 branca, bolinhas vermelhas, tesoura, cola quente, cone em esferovite,\u00a0 Explica\u00e7\u00e3o dos pontos principais para quem j\u00e1 se esqueceu.\u00a0","breadcrumb":{"@id":"https:\/\/divertarte.com\/index.php\/produto\/workshop-arvore-de-natal-em-croche\/#breadcrumb"},"inLanguage":"pt-PT","potentialAction":[{"@type":"ReadAction","target":["https:\/\/divertarte.com\/index.php\/produto\/workshop-arvore-de-natal-em-croche\/"]}]},{"@type":"ImageObject","inLanguage":"pt-PT","@id":"https:\/\/divertarte.com\/index.php\/produto\/workshop-arvore-de-natal-em-croche\/#primaryimage","url":"https:\/\/divertarte.com\/wp-content\/uploads\/2023\/11\/workshop-arvore-natal-croche.jpg","contentUrl":"https:\/\/divertarte.com\/wp-content\/uploads\/2023\/11\/workshop-arvore-natal-croche.jpg","width":300,"height":304},{"@type":"BreadcrumbList","@id":"https:\/\/divertarte.com\/index.php\/produto\/workshop-arvore-de-natal-em-croche\/#breadcrumb","itemListElement":[{"@type":"ListItem","position":1,"name":"In\u00edcio","item":"https:\/\/divertarte.com\/"},{"@type":"ListItem","position":2,"name":"Loja","item":"https:\/\/divertarte.com\/index.php\/divertarte-produtos\/"},{"@type":"ListItem","position":3,"name":"Workshop Arvore de Natal em Croch\u00e9"}]},{"@type":"WebSite","@id":"https:\/\/divertarte.com\/#website","url":"https:\/\/divertarte.com\/","name":"Divertarte","description":"","publisher":{"@id":"https:\/\/divertarte.com\/#organization"},"potentialAction":[{"@type":"SearchAction","target":{"@type":"EntryPoint","urlTemplate":"https:\/\/divertarte.com\/?s={search_term_string}"},"query-input":{"@type":"PropertyValueSpecification","valueRequired":true,"valueName":"search_term_string"}}],"inLanguage":"pt-PT"},{"@type":"Organization","@id":"https:\/\/divertarte.com\/#organization","name":"Divertarte","url":"https:\/\/divertarte.com\/","logo":{"@type":"ImageObject","inLanguage":"pt-PT","@id":"https:\/\/divertarte.com\/#\/schema\/logo\/image\/","url":"https:\/\/divertarte.com\/wp-content\/uploads\/2018\/07\/logo-div.jpg","contentUrl":"https:\/\/divertarte.com\/wp-content\/uploads\/2018\/07\/logo-div.jpg","width":295,"height":123,"caption":"Divertarte"},"image":{"@id":"https:\/\/divertarte.com\/#\/schema\/logo\/image\/"}}]}},"_links":{"self":[{"href":"https:\/\/divertarte.com\/index.php\/wp-json\/wp\/v2\/product\/19684","targetHints":{"allow":["GET"]}}],"collection":[{"href":"https:\/\/divertarte.com\/index.php\/wp-json\/wp\/v2\/product"}],"about":[{"href":"https:\/\/divertarte.com\/index.php\/wp-json\/wp\/v2\/types\/product"}],"replies":[{"embeddable":true,"href":"https:\/\/divertarte.com\/index.php\/wp-json\/wp\/v2\/comments?post=19684"}],"wp:featuredmedia":[{"embeddable":true,"href":"https:\/\/divertarte.com\/index.php\/wp-json\/wp\/v2\/media\/19686"}],"wp:attachment":[{"href":"https:\/\/divertarte.com\/index.php\/wp-json\/wp\/v2\/media?parent=19684"}],"wp:term":[{"taxonomy":"product_brand","embeddable":true,"href":"https:\/\/divertarte.com\/index.php\/wp-json\/wp\/v2\/product_brand?post=19684"},{"taxonomy":"product_cat","embeddable":true,"href":"https:\/\/divertarte.com\/index.php\/wp-json\/wp\/v2\/product_cat?post=19684"},{"taxonomy":"product_tag","embeddable":true,"href":"https:\/\/divertarte.com\/index.php\/wp-json\/wp\/v2\/product_tag?post=19684"}],"curies":[{"name":"wp","href":"https:\/\/api.w.org\/{rel}","templated":true}]}}