{"id":18573,"date":"2023-04-01T16:54:35","date_gmt":"2023-04-01T15:54:35","guid":{"rendered":"https:\/\/divertarte.com\/?post_type=product&#038;p=18573"},"modified":"2026-03-25T10:49:36","modified_gmt":"2026-03-25T10:49:36","slug":"frasco-plastico-paed-redondo-natural-500-ml-com-tampa-de-rosca-branca","status":"publish","type":"product","link":"https:\/\/divertarte.com\/index.php\/produto\/frasco-plastico-paed-redondo-natural-500-ml-com-tampa-de-rosca-branca\/","title":{"rendered":"Frasco Plastico Redondo Natural 500 ml com tampa de rosca branca"},"content":{"rendered":"<p>Frasco Plastico PAED Redondo Natural 500 ml com tampa de rosca branca<\/p>\n<p>Ideal para \u00e1lcool gel. Al\u00e9m disso serve para champ\u00f4, gel de duche, sabonete liquido. Frasco para agua oxigenada<\/p>\n","protected":false},"excerpt":{"rendered":"<p>Frasco Plastico Redondo Natural 500 ml com tampa de rosca branca<\/p>\n<p>Ideal para \u00e1lcool gel. Al\u00e9m disso serve para champ\u00f4, gel de duche, sabonete liquido. Frasco para agua oxigenada<\/p>\n<p>&nbsp;<\/p>\n","protected":false},"featured_media":22541,"comment_status":"open","ping_status":"closed","template":"","meta":{"_exactmetrics_skip_tracking":false,"_exactmetrics_sitenote_active":false,"_exactmetrics_sitenote_note":"","_exactmetrics_sitenote_category":0},"product_brand":[],"product_cat":[1221],"product_tag":[843,841,708],"class_list":{"0":"post-18573","1":"product","2":"type-product","3":"status-publish","4":"has-post-thumbnail","6":"product_cat-frascos-polietileno-pead","7":"product_tag-frasco-plastico","8":"product_tag-frascos-champo","9":"product_tag-frascos-portugal","11":"first","12":"instock","13":"taxable","14":"shipping-taxable","15":"purchasable","16":"product-type-simple"},"yoast_head":"<!-- This site is optimized with the Yoast SEO plugin v27.5 - https:\/\/yoast.com\/product\/yoast-seo-wordpress\/ -->\n<title>Frasco Plastico Redondo Natural 500 ml com tampa de rosca branca -<\/title>\n<meta name=\"description\" content=\"Frasco Plastico Redondo Natural 500 ml com tampa de rosca branca Ideal para \u00e1lcool gel. Al\u00e9m disso serve para champ\u00f4, gel de duche, sabonete liquido.\" \/>\n<meta name=\"robots\" content=\"index, follow, max-snippet:-1, max-image-preview:large, max-video-preview:-1\" \/>\n<link rel=\"canonical\" href=\"https:\/\/divertarte.com\/index.php\/produto\/frasco-plastico-paed-redondo-natural-500-ml-com-tampa-de-rosca-branca\/\" \/>\n<meta property=\"og:locale\" content=\"pt_PT\" \/>\n<meta property=\"og:type\" content=\"article\" \/>\n<meta property=\"og:title\" content=\"Frasco Plastico Redondo Natural 500 ml com tampa de rosca branca -\" \/>\n<meta property=\"og:description\" content=\"Frasco Plastico Redondo Natural 500 ml com tampa de rosca branca Ideal para \u00e1lcool gel. Al\u00e9m disso serve para champ\u00f4, gel de duche, sabonete liquido.\" \/>\n<meta property=\"og:url\" content=\"https:\/\/divertarte.com\/index.php\/produto\/frasco-plastico-paed-redondo-natural-500-ml-com-tampa-de-rosca-branca\/\" \/>\n<meta property=\"article:modified_time\" content=\"2026-03-25T10:49:36+00:00\" \/>\n<meta property=\"og:image\" content=\"https:\/\/divertarte.com\/wp-content\/uploads\/2023\/04\/frasco-PSED-500ml-redondo-natural-tampa-rosca.jpg\" \/>\n\t<meta property=\"og:image:width\" content=\"377\" \/>\n\t<meta property=\"og:image:height\" content=\"379\" \/>\n\t<meta property=\"og:image:type\" content=\"image\/jpeg\" \/>\n<meta name=\"twitter:card\" content=\"summary_large_image\" \/>\n<script type=\"application\/ld+json\" class=\"yoast-schema-graph\">{\"@context\":\"https:\\\/\\\/schema.org\",\"@graph\":[{\"@type\":\"WebPage\",\"@id\":\"https:\\\/\\\/divertarte.com\\\/index.php\\\/produto\\\/frasco-plastico-paed-redondo-natural-500-ml-com-tampa-de-rosca-branca\\\/\",\"url\":\"https:\\\/\\\/divertarte.com\\\/index.php\\\/produto\\\/frasco-plastico-paed-redondo-natural-500-ml-com-tampa-de-rosca-branca\\\/\",\"name\":\"Frasco Plastico Redondo Natural 500 ml com tampa de rosca branca -\",\"isPartOf\":{\"@id\":\"https:\\\/\\\/divertarte.com\\\/#website\"},\"primaryImageOfPage\":{\"@id\":\"https:\\\/\\\/divertarte.com\\\/index.php\\\/produto\\\/frasco-plastico-paed-redondo-natural-500-ml-com-tampa-de-rosca-branca\\\/#primaryimage\"},\"image\":{\"@id\":\"https:\\\/\\\/divertarte.com\\\/index.php\\\/produto\\\/frasco-plastico-paed-redondo-natural-500-ml-com-tampa-de-rosca-branca\\\/#primaryimage\"},\"thumbnailUrl\":\"https:\\\/\\\/divertarte.com\\\/wp-content\\\/uploads\\\/2023\\\/04\\\/frasco-PSED-500ml-redondo-natural-tampa-rosca.jpg\",\"datePublished\":\"2023-04-01T15:54:35+00:00\",\"dateModified\":\"2026-03-25T10:49:36+00:00\",\"description\":\"Frasco Plastico Redondo Natural 500 ml com tampa de rosca branca Ideal para \u00e1lcool gel. Al\u00e9m disso serve para champ\u00f4, gel de duche, sabonete liquido.\",\"breadcrumb\":{\"@id\":\"https:\\\/\\\/divertarte.com\\\/index.php\\\/produto\\\/frasco-plastico-paed-redondo-natural-500-ml-com-tampa-de-rosca-branca\\\/#breadcrumb\"},\"inLanguage\":\"pt-PT\",\"potentialAction\":[{\"@type\":\"ReadAction\",\"target\":[\"https:\\\/\\\/divertarte.com\\\/index.php\\\/produto\\\/frasco-plastico-paed-redondo-natural-500-ml-com-tampa-de-rosca-branca\\\/\"]}]},{\"@type\":\"ImageObject\",\"inLanguage\":\"pt-PT\",\"@id\":\"https:\\\/\\\/divertarte.com\\\/index.php\\\/produto\\\/frasco-plastico-paed-redondo-natural-500-ml-com-tampa-de-rosca-branca\\\/#primaryimage\",\"url\":\"https:\\\/\\\/divertarte.com\\\/wp-content\\\/uploads\\\/2023\\\/04\\\/frasco-PSED-500ml-redondo-natural-tampa-rosca.jpg\",\"contentUrl\":\"https:\\\/\\\/divertarte.com\\\/wp-content\\\/uploads\\\/2023\\\/04\\\/frasco-PSED-500ml-redondo-natural-tampa-rosca.jpg\",\"width\":377,\"height\":379},{\"@type\":\"BreadcrumbList\",\"@id\":\"https:\\\/\\\/divertarte.com\\\/index.php\\\/produto\\\/frasco-plastico-paed-redondo-natural-500-ml-com-tampa-de-rosca-branca\\\/#breadcrumb\",\"itemListElement\":[{\"@type\":\"ListItem\",\"position\":1,\"name\":\"In\u00edcio\",\"item\":\"https:\\\/\\\/divertarte.com\\\/\"},{\"@type\":\"ListItem\",\"position\":2,\"name\":\"Loja\",\"item\":\"https:\\\/\\\/divertarte.com\\\/index.php\\\/divertarte-produtos\\\/\"},{\"@type\":\"ListItem\",\"position\":3,\"name\":\"Frasco Plastico Redondo Natural 500 ml com tampa de rosca branca\"}]},{\"@type\":\"WebSite\",\"@id\":\"https:\\\/\\\/divertarte.com\\\/#website\",\"url\":\"https:\\\/\\\/divertarte.com\\\/\",\"name\":\"Divertarte\",\"description\":\"\",\"publisher\":{\"@id\":\"https:\\\/\\\/divertarte.com\\\/#organization\"},\"potentialAction\":[{\"@type\":\"SearchAction\",\"target\":{\"@type\":\"EntryPoint\",\"urlTemplate\":\"https:\\\/\\\/divertarte.com\\\/?s={search_term_string}\"},\"query-input\":{\"@type\":\"PropertyValueSpecification\",\"valueRequired\":true,\"valueName\":\"search_term_string\"}}],\"inLanguage\":\"pt-PT\"},{\"@type\":\"Organization\",\"@id\":\"https:\\\/\\\/divertarte.com\\\/#organization\",\"name\":\"Divertarte\",\"url\":\"https:\\\/\\\/divertarte.com\\\/\",\"logo\":{\"@type\":\"ImageObject\",\"inLanguage\":\"pt-PT\",\"@id\":\"https:\\\/\\\/divertarte.com\\\/#\\\/schema\\\/logo\\\/image\\\/\",\"url\":\"https:\\\/\\\/divertarte.com\\\/wp-content\\\/uploads\\\/2018\\\/07\\\/logo-div.jpg\",\"contentUrl\":\"https:\\\/\\\/divertarte.com\\\/wp-content\\\/uploads\\\/2018\\\/07\\\/logo-div.jpg\",\"width\":295,\"height\":123,\"caption\":\"Divertarte\"},\"image\":{\"@id\":\"https:\\\/\\\/divertarte.com\\\/#\\\/schema\\\/logo\\\/image\\\/\"}}]}<\/script>\n<!-- \/ Yoast SEO plugin. -->","yoast_head_json":{"title":"Frasco Plastico Redondo Natural 500 ml com tampa de rosca branca -","description":"Frasco Plastico Redondo Natural 500 ml com tampa de rosca branca Ideal para \u00e1lcool gel. Al\u00e9m disso serve para champ\u00f4, gel de duche, sabonete liquido.","robots":{"index":"index","follow":"follow","max-snippet":"max-snippet:-1","max-image-preview":"max-image-preview:large","max-video-preview":"max-video-preview:-1"},"canonical":"https:\/\/divertarte.com\/index.php\/produto\/frasco-plastico-paed-redondo-natural-500-ml-com-tampa-de-rosca-branca\/","og_locale":"pt_PT","og_type":"article","og_title":"Frasco Plastico Redondo Natural 500 ml com tampa de rosca branca -","og_description":"Frasco Plastico Redondo Natural 500 ml com tampa de rosca branca Ideal para \u00e1lcool gel. Al\u00e9m disso serve para champ\u00f4, gel de duche, sabonete liquido.","og_url":"https:\/\/divertarte.com\/index.php\/produto\/frasco-plastico-paed-redondo-natural-500-ml-com-tampa-de-rosca-branca\/","article_modified_time":"2026-03-25T10:49:36+00:00","og_image":[{"width":377,"height":379,"url":"https:\/\/divertarte.com\/wp-content\/uploads\/2023\/04\/frasco-PSED-500ml-redondo-natural-tampa-rosca.jpg","type":"image\/jpeg"}],"twitter_card":"summary_large_image","schema":{"@context":"https:\/\/schema.org","@graph":[{"@type":"WebPage","@id":"https:\/\/divertarte.com\/index.php\/produto\/frasco-plastico-paed-redondo-natural-500-ml-com-tampa-de-rosca-branca\/","url":"https:\/\/divertarte.com\/index.php\/produto\/frasco-plastico-paed-redondo-natural-500-ml-com-tampa-de-rosca-branca\/","name":"Frasco Plastico Redondo Natural 500 ml com tampa de rosca branca -","isPartOf":{"@id":"https:\/\/divertarte.com\/#website"},"primaryImageOfPage":{"@id":"https:\/\/divertarte.com\/index.php\/produto\/frasco-plastico-paed-redondo-natural-500-ml-com-tampa-de-rosca-branca\/#primaryimage"},"image":{"@id":"https:\/\/divertarte.com\/index.php\/produto\/frasco-plastico-paed-redondo-natural-500-ml-com-tampa-de-rosca-branca\/#primaryimage"},"thumbnailUrl":"https:\/\/divertarte.com\/wp-content\/uploads\/2023\/04\/frasco-PSED-500ml-redondo-natural-tampa-rosca.jpg","datePublished":"2023-04-01T15:54:35+00:00","dateModified":"2026-03-25T10:49:36+00:00","description":"Frasco Plastico Redondo Natural 500 ml com tampa de rosca branca Ideal para \u00e1lcool gel. Al\u00e9m disso serve para champ\u00f4, gel de duche, sabonete liquido.","breadcrumb":{"@id":"https:\/\/divertarte.com\/index.php\/produto\/frasco-plastico-paed-redondo-natural-500-ml-com-tampa-de-rosca-branca\/#breadcrumb"},"inLanguage":"pt-PT","potentialAction":[{"@type":"ReadAction","target":["https:\/\/divertarte.com\/index.php\/produto\/frasco-plastico-paed-redondo-natural-500-ml-com-tampa-de-rosca-branca\/"]}]},{"@type":"ImageObject","inLanguage":"pt-PT","@id":"https:\/\/divertarte.com\/index.php\/produto\/frasco-plastico-paed-redondo-natural-500-ml-com-tampa-de-rosca-branca\/#primaryimage","url":"https:\/\/divertarte.com\/wp-content\/uploads\/2023\/04\/frasco-PSED-500ml-redondo-natural-tampa-rosca.jpg","contentUrl":"https:\/\/divertarte.com\/wp-content\/uploads\/2023\/04\/frasco-PSED-500ml-redondo-natural-tampa-rosca.jpg","width":377,"height":379},{"@type":"BreadcrumbList","@id":"https:\/\/divertarte.com\/index.php\/produto\/frasco-plastico-paed-redondo-natural-500-ml-com-tampa-de-rosca-branca\/#breadcrumb","itemListElement":[{"@type":"ListItem","position":1,"name":"In\u00edcio","item":"https:\/\/divertarte.com\/"},{"@type":"ListItem","position":2,"name":"Loja","item":"https:\/\/divertarte.com\/index.php\/divertarte-produtos\/"},{"@type":"ListItem","position":3,"name":"Frasco Plastico Redondo Natural 500 ml com tampa de rosca branca"}]},{"@type":"WebSite","@id":"https:\/\/divertarte.com\/#website","url":"https:\/\/divertarte.com\/","name":"Divertarte","description":"","publisher":{"@id":"https:\/\/divertarte.com\/#organization"},"potentialAction":[{"@type":"SearchAction","target":{"@type":"EntryPoint","urlTemplate":"https:\/\/divertarte.com\/?s={search_term_string}"},"query-input":{"@type":"PropertyValueSpecification","valueRequired":true,"valueName":"search_term_string"}}],"inLanguage":"pt-PT"},{"@type":"Organization","@id":"https:\/\/divertarte.com\/#organization","name":"Divertarte","url":"https:\/\/divertarte.com\/","logo":{"@type":"ImageObject","inLanguage":"pt-PT","@id":"https:\/\/divertarte.com\/#\/schema\/logo\/image\/","url":"https:\/\/divertarte.com\/wp-content\/uploads\/2018\/07\/logo-div.jpg","contentUrl":"https:\/\/divertarte.com\/wp-content\/uploads\/2018\/07\/logo-div.jpg","width":295,"height":123,"caption":"Divertarte"},"image":{"@id":"https:\/\/divertarte.com\/#\/schema\/logo\/image\/"}}]}},"_links":{"self":[{"href":"https:\/\/divertarte.com\/index.php\/wp-json\/wp\/v2\/product\/18573","targetHints":{"allow":["GET"]}}],"collection":[{"href":"https:\/\/divertarte.com\/index.php\/wp-json\/wp\/v2\/product"}],"about":[{"href":"https:\/\/divertarte.com\/index.php\/wp-json\/wp\/v2\/types\/product"}],"replies":[{"embeddable":true,"href":"https:\/\/divertarte.com\/index.php\/wp-json\/wp\/v2\/comments?post=18573"}],"wp:featuredmedia":[{"embeddable":true,"href":"https:\/\/divertarte.com\/index.php\/wp-json\/wp\/v2\/media\/22541"}],"wp:attachment":[{"href":"https:\/\/divertarte.com\/index.php\/wp-json\/wp\/v2\/media?parent=18573"}],"wp:term":[{"taxonomy":"product_brand","embeddable":true,"href":"https:\/\/divertarte.com\/index.php\/wp-json\/wp\/v2\/product_brand?post=18573"},{"taxonomy":"product_cat","embeddable":true,"href":"https:\/\/divertarte.com\/index.php\/wp-json\/wp\/v2\/product_cat?post=18573"},{"taxonomy":"product_tag","embeddable":true,"href":"https:\/\/divertarte.com\/index.php\/wp-json\/wp\/v2\/product_tag?post=18573"}],"curies":[{"name":"wp","href":"https:\/\/api.w.org\/{rel}","templated":true}]}}