{"id":18123,"date":"2023-01-26T17:11:09","date_gmt":"2023-01-26T17:11:09","guid":{"rendered":"https:\/\/divertarte.com\/?post_type=product&#038;p=18123"},"modified":"2025-11-06T13:23:46","modified_gmt":"2025-11-06T13:23:46","slug":"essencia-flor-de-algodao","status":"publish","type":"product","link":"https:\/\/divertarte.com\/index.php\/produto\/essencia-flor-de-algodao\/","title":{"rendered":"Essencia Flor de Algod\u00e3o"},"content":{"rendered":"<p>Essencia Flor de Algod\u00e3o. Essencia Multiusos<br \/>\nCaracter\u00edstica t\u00e9cnica: Ess\u00eancia feita a base de \u00f3leo neutro, n\u00e3o t\u00f3xico e anti al\u00e9rgico. Com fixador<br \/>\nAplica\u00e7\u00e3o: Pr\u00f3prio para perfumar glicerina. Al\u00e9m disso ceras, sabonetes, sais de banho, cosm\u00e9ticos etc.<br \/>\nComo usar: Diluir a ess\u00eancia no produto em estado l\u00edquido aquecido, contudo fora do fogo.<br \/>\nRecomenda\u00e7\u00e3o: Uso externo (n\u00e3o ingerir).<br \/>\nEss\u00eancias multiusos 1\u00aa linha excelente qualidade \u2013 V\u00e1rias aplica\u00e7\u00f5es \u2013 Velas, Gel, Sabonetes, Cosm\u00e9ticos, Ceras, produtos de limpeza.<\/p>\n","protected":false},"excerpt":{"rendered":"<p>Essencia Flor de Algod\u00e3o.\u00a0 20ml<br \/>\nCaracter\u00edstica t\u00e9cnica: Ess\u00eancia feita a base de \u00f3leo neutro, n\u00e3o t\u00f3xico e anti al\u00e9rgico. Com fixador<br \/>\nAplica\u00e7\u00e3o: Pr\u00f3prio para perfumar glicerina. Ceras, sabonetes, sais de banho, cosm\u00e9ticos etc.<\/p>\n","protected":false},"featured_media":18124,"comment_status":"open","ping_status":"closed","template":"","meta":{"_exactmetrics_skip_tracking":false,"_exactmetrics_sitenote_active":false,"_exactmetrics_sitenote_note":"","_exactmetrics_sitenote_category":0},"product_brand":[],"product_cat":[55,1296],"product_tag":[455,1136,796],"class_list":{"0":"post-18123","1":"product","2":"type-product","3":"status-publish","4":"has-post-thumbnail","6":"product_cat-essencias-para-sabonetes","7":"product_cat-essencias-para-velas","8":"product_tag-essencias","9":"product_tag-essencias-aromaticas","10":"product_tag-essencias-portugal","12":"first","13":"instock","14":"taxable","15":"shipping-taxable","16":"purchasable","17":"product-type-simple"},"yoast_head":"<!-- This site is optimized with the Yoast SEO plugin v27.6 - https:\/\/yoast.com\/product\/yoast-seo-wordpress\/ -->\n<title>Essencia Flor de Algod\u00e3o -<\/title>\n<meta name=\"description\" content=\"Essencia Flor de Algod\u00e3o.\u00a0 20ml Pr\u00f3prio para perfumar glicerina, gel, parafina Ceras, sabonetes, sais de banho, cosm\u00e9ticos etc.\" \/>\n<meta name=\"robots\" content=\"index, follow, max-snippet:-1, max-image-preview:large, max-video-preview:-1\" \/>\n<link rel=\"canonical\" href=\"https:\/\/divertarte.com\/index.php\/produto\/essencia-flor-de-algodao\/\" \/>\n<meta property=\"og:locale\" content=\"pt_PT\" \/>\n<meta property=\"og:type\" content=\"article\" \/>\n<meta property=\"og:title\" content=\"Essencia Flor de Algod\u00e3o -\" \/>\n<meta property=\"og:description\" content=\"Essencia Flor de Algod\u00e3o.\u00a0 20ml Pr\u00f3prio para perfumar glicerina, gel, parafina Ceras, sabonetes, sais de banho, cosm\u00e9ticos etc.\" \/>\n<meta property=\"og:url\" content=\"https:\/\/divertarte.com\/index.php\/produto\/essencia-flor-de-algodao\/\" \/>\n<meta property=\"article:modified_time\" content=\"2025-11-06T13:23:46+00:00\" \/>\n<meta property=\"og:image\" content=\"https:\/\/divertarte.com\/wp-content\/uploads\/2023\/01\/essencia-flor-de-algodao.jpg\" \/>\n\t<meta property=\"og:image:width\" content=\"299\" \/>\n\t<meta property=\"og:image:height\" content=\"301\" \/>\n\t<meta property=\"og:image:type\" content=\"image\/jpeg\" \/>\n<meta name=\"twitter:card\" content=\"summary_large_image\" \/>\n<script type=\"application\/ld+json\" class=\"yoast-schema-graph\">{\"@context\":\"https:\\\/\\\/schema.org\",\"@graph\":[{\"@type\":\"WebPage\",\"@id\":\"https:\\\/\\\/divertarte.com\\\/index.php\\\/produto\\\/essencia-flor-de-algodao\\\/\",\"url\":\"https:\\\/\\\/divertarte.com\\\/index.php\\\/produto\\\/essencia-flor-de-algodao\\\/\",\"name\":\"Essencia Flor de Algod\u00e3o -\",\"isPartOf\":{\"@id\":\"https:\\\/\\\/divertarte.com\\\/#website\"},\"primaryImageOfPage\":{\"@id\":\"https:\\\/\\\/divertarte.com\\\/index.php\\\/produto\\\/essencia-flor-de-algodao\\\/#primaryimage\"},\"image\":{\"@id\":\"https:\\\/\\\/divertarte.com\\\/index.php\\\/produto\\\/essencia-flor-de-algodao\\\/#primaryimage\"},\"thumbnailUrl\":\"https:\\\/\\\/divertarte.com\\\/wp-content\\\/uploads\\\/2023\\\/01\\\/essencia-flor-de-algodao.jpg\",\"datePublished\":\"2023-01-26T17:11:09+00:00\",\"dateModified\":\"2025-11-06T13:23:46+00:00\",\"description\":\"Essencia Flor de Algod\u00e3o.\u00a0 20ml Pr\u00f3prio para perfumar glicerina, gel, parafina Ceras, sabonetes, sais de banho, cosm\u00e9ticos etc.\",\"breadcrumb\":{\"@id\":\"https:\\\/\\\/divertarte.com\\\/index.php\\\/produto\\\/essencia-flor-de-algodao\\\/#breadcrumb\"},\"inLanguage\":\"pt-PT\",\"potentialAction\":[{\"@type\":\"ReadAction\",\"target\":[\"https:\\\/\\\/divertarte.com\\\/index.php\\\/produto\\\/essencia-flor-de-algodao\\\/\"]}]},{\"@type\":\"ImageObject\",\"inLanguage\":\"pt-PT\",\"@id\":\"https:\\\/\\\/divertarte.com\\\/index.php\\\/produto\\\/essencia-flor-de-algodao\\\/#primaryimage\",\"url\":\"https:\\\/\\\/divertarte.com\\\/wp-content\\\/uploads\\\/2023\\\/01\\\/essencia-flor-de-algodao.jpg\",\"contentUrl\":\"https:\\\/\\\/divertarte.com\\\/wp-content\\\/uploads\\\/2023\\\/01\\\/essencia-flor-de-algodao.jpg\",\"width\":299,\"height\":301},{\"@type\":\"BreadcrumbList\",\"@id\":\"https:\\\/\\\/divertarte.com\\\/index.php\\\/produto\\\/essencia-flor-de-algodao\\\/#breadcrumb\",\"itemListElement\":[{\"@type\":\"ListItem\",\"position\":1,\"name\":\"In\u00edcio\",\"item\":\"https:\\\/\\\/divertarte.com\\\/\"},{\"@type\":\"ListItem\",\"position\":2,\"name\":\"Loja\",\"item\":\"https:\\\/\\\/divertarte.com\\\/index.php\\\/divertarte-produtos\\\/\"},{\"@type\":\"ListItem\",\"position\":3,\"name\":\"Essencia Flor de Algod\u00e3o\"}]},{\"@type\":\"WebSite\",\"@id\":\"https:\\\/\\\/divertarte.com\\\/#website\",\"url\":\"https:\\\/\\\/divertarte.com\\\/\",\"name\":\"Divertarte\",\"description\":\"\",\"publisher\":{\"@id\":\"https:\\\/\\\/divertarte.com\\\/#organization\"},\"potentialAction\":[{\"@type\":\"SearchAction\",\"target\":{\"@type\":\"EntryPoint\",\"urlTemplate\":\"https:\\\/\\\/divertarte.com\\\/?s={search_term_string}\"},\"query-input\":{\"@type\":\"PropertyValueSpecification\",\"valueRequired\":true,\"valueName\":\"search_term_string\"}}],\"inLanguage\":\"pt-PT\"},{\"@type\":\"Organization\",\"@id\":\"https:\\\/\\\/divertarte.com\\\/#organization\",\"name\":\"Divertarte\",\"url\":\"https:\\\/\\\/divertarte.com\\\/\",\"logo\":{\"@type\":\"ImageObject\",\"inLanguage\":\"pt-PT\",\"@id\":\"https:\\\/\\\/divertarte.com\\\/#\\\/schema\\\/logo\\\/image\\\/\",\"url\":\"https:\\\/\\\/divertarte.com\\\/wp-content\\\/uploads\\\/2018\\\/07\\\/logo-div.jpg\",\"contentUrl\":\"https:\\\/\\\/divertarte.com\\\/wp-content\\\/uploads\\\/2018\\\/07\\\/logo-div.jpg\",\"width\":295,\"height\":123,\"caption\":\"Divertarte\"},\"image\":{\"@id\":\"https:\\\/\\\/divertarte.com\\\/#\\\/schema\\\/logo\\\/image\\\/\"}}]}<\/script>\n<!-- \/ Yoast SEO plugin. -->","yoast_head_json":{"title":"Essencia Flor de Algod\u00e3o -","description":"Essencia Flor de Algod\u00e3o.\u00a0 20ml Pr\u00f3prio para perfumar glicerina, gel, parafina Ceras, sabonetes, sais de banho, cosm\u00e9ticos etc.","robots":{"index":"index","follow":"follow","max-snippet":"max-snippet:-1","max-image-preview":"max-image-preview:large","max-video-preview":"max-video-preview:-1"},"canonical":"https:\/\/divertarte.com\/index.php\/produto\/essencia-flor-de-algodao\/","og_locale":"pt_PT","og_type":"article","og_title":"Essencia Flor de Algod\u00e3o -","og_description":"Essencia Flor de Algod\u00e3o.\u00a0 20ml Pr\u00f3prio para perfumar glicerina, gel, parafina Ceras, sabonetes, sais de banho, cosm\u00e9ticos etc.","og_url":"https:\/\/divertarte.com\/index.php\/produto\/essencia-flor-de-algodao\/","article_modified_time":"2025-11-06T13:23:46+00:00","og_image":[{"width":299,"height":301,"url":"https:\/\/divertarte.com\/wp-content\/uploads\/2023\/01\/essencia-flor-de-algodao.jpg","type":"image\/jpeg"}],"twitter_card":"summary_large_image","schema":{"@context":"https:\/\/schema.org","@graph":[{"@type":"WebPage","@id":"https:\/\/divertarte.com\/index.php\/produto\/essencia-flor-de-algodao\/","url":"https:\/\/divertarte.com\/index.php\/produto\/essencia-flor-de-algodao\/","name":"Essencia Flor de Algod\u00e3o -","isPartOf":{"@id":"https:\/\/divertarte.com\/#website"},"primaryImageOfPage":{"@id":"https:\/\/divertarte.com\/index.php\/produto\/essencia-flor-de-algodao\/#primaryimage"},"image":{"@id":"https:\/\/divertarte.com\/index.php\/produto\/essencia-flor-de-algodao\/#primaryimage"},"thumbnailUrl":"https:\/\/divertarte.com\/wp-content\/uploads\/2023\/01\/essencia-flor-de-algodao.jpg","datePublished":"2023-01-26T17:11:09+00:00","dateModified":"2025-11-06T13:23:46+00:00","description":"Essencia Flor de Algod\u00e3o.\u00a0 20ml Pr\u00f3prio para perfumar glicerina, gel, parafina Ceras, sabonetes, sais de banho, cosm\u00e9ticos etc.","breadcrumb":{"@id":"https:\/\/divertarte.com\/index.php\/produto\/essencia-flor-de-algodao\/#breadcrumb"},"inLanguage":"pt-PT","potentialAction":[{"@type":"ReadAction","target":["https:\/\/divertarte.com\/index.php\/produto\/essencia-flor-de-algodao\/"]}]},{"@type":"ImageObject","inLanguage":"pt-PT","@id":"https:\/\/divertarte.com\/index.php\/produto\/essencia-flor-de-algodao\/#primaryimage","url":"https:\/\/divertarte.com\/wp-content\/uploads\/2023\/01\/essencia-flor-de-algodao.jpg","contentUrl":"https:\/\/divertarte.com\/wp-content\/uploads\/2023\/01\/essencia-flor-de-algodao.jpg","width":299,"height":301},{"@type":"BreadcrumbList","@id":"https:\/\/divertarte.com\/index.php\/produto\/essencia-flor-de-algodao\/#breadcrumb","itemListElement":[{"@type":"ListItem","position":1,"name":"In\u00edcio","item":"https:\/\/divertarte.com\/"},{"@type":"ListItem","position":2,"name":"Loja","item":"https:\/\/divertarte.com\/index.php\/divertarte-produtos\/"},{"@type":"ListItem","position":3,"name":"Essencia Flor de Algod\u00e3o"}]},{"@type":"WebSite","@id":"https:\/\/divertarte.com\/#website","url":"https:\/\/divertarte.com\/","name":"Divertarte","description":"","publisher":{"@id":"https:\/\/divertarte.com\/#organization"},"potentialAction":[{"@type":"SearchAction","target":{"@type":"EntryPoint","urlTemplate":"https:\/\/divertarte.com\/?s={search_term_string}"},"query-input":{"@type":"PropertyValueSpecification","valueRequired":true,"valueName":"search_term_string"}}],"inLanguage":"pt-PT"},{"@type":"Organization","@id":"https:\/\/divertarte.com\/#organization","name":"Divertarte","url":"https:\/\/divertarte.com\/","logo":{"@type":"ImageObject","inLanguage":"pt-PT","@id":"https:\/\/divertarte.com\/#\/schema\/logo\/image\/","url":"https:\/\/divertarte.com\/wp-content\/uploads\/2018\/07\/logo-div.jpg","contentUrl":"https:\/\/divertarte.com\/wp-content\/uploads\/2018\/07\/logo-div.jpg","width":295,"height":123,"caption":"Divertarte"},"image":{"@id":"https:\/\/divertarte.com\/#\/schema\/logo\/image\/"}}]}},"_links":{"self":[{"href":"https:\/\/divertarte.com\/index.php\/wp-json\/wp\/v2\/product\/18123","targetHints":{"allow":["GET"]}}],"collection":[{"href":"https:\/\/divertarte.com\/index.php\/wp-json\/wp\/v2\/product"}],"about":[{"href":"https:\/\/divertarte.com\/index.php\/wp-json\/wp\/v2\/types\/product"}],"replies":[{"embeddable":true,"href":"https:\/\/divertarte.com\/index.php\/wp-json\/wp\/v2\/comments?post=18123"}],"wp:featuredmedia":[{"embeddable":true,"href":"https:\/\/divertarte.com\/index.php\/wp-json\/wp\/v2\/media\/18124"}],"wp:attachment":[{"href":"https:\/\/divertarte.com\/index.php\/wp-json\/wp\/v2\/media?parent=18123"}],"wp:term":[{"taxonomy":"product_brand","embeddable":true,"href":"https:\/\/divertarte.com\/index.php\/wp-json\/wp\/v2\/product_brand?post=18123"},{"taxonomy":"product_cat","embeddable":true,"href":"https:\/\/divertarte.com\/index.php\/wp-json\/wp\/v2\/product_cat?post=18123"},{"taxonomy":"product_tag","embeddable":true,"href":"https:\/\/divertarte.com\/index.php\/wp-json\/wp\/v2\/product_tag?post=18123"}],"curies":[{"name":"wp","href":"https:\/\/api.w.org\/{rel}","templated":true}]}}