{"id":17342,"date":"2022-09-04T18:52:06","date_gmt":"2022-09-04T17:52:06","guid":{"rendered":"https:\/\/divertarte.com\/?post_type=product&#038;p=17342"},"modified":"2025-11-06T13:23:53","modified_gmt":"2025-11-06T13:23:53","slug":"silicone-alimentar-moldes-bolos-e-chocolates-4-kg-azul","status":"publish","type":"product","link":"https:\/\/divertarte.com\/index.php\/produto\/silicone-alimentar-moldes-bolos-e-chocolates-4-kg-azul\/","title":{"rendered":"Borracha de Silicone Alimentar Azul Moldes Bolos e Chocolates 4 kg"},"content":{"rendered":"<p>Borracha de Silicone Alimentar Moldes Bolos e Chocolates 4 kg Azul<\/p>\n<p>\u00c9\u00a0um silicone de adi\u00e7\u00e3o de dureza shore A 25, muito f\u00e1cil de usar e adequado para fazer\u00a0moldes de diferentes alimentos, cumprindo rigorosamente as instru\u00e7\u00f5es de uso.<\/p>\n<p>Tem uma resist\u00eancia t\u00e9rmica muito boa (220 \u00baC), e pouca retra\u00e7\u00e3o.<\/p>\n<p>Este silicone tem uma viscosidade muito baixa que faz com que flua muito bem para fazer o molde e que fica praticamente sem bolhas.<\/p>\n<p>\u00c9 indicado para\u00a0fazer moldes de\u00a0doces, bolos, gelo, etc.<\/p>\n<p>Depois de curar\u00a0o molde por 24 horas, coloque-o\u00a0no forno a 100 \u00baC durante 4 horas. Deixe arrefecer e lave bem a cavidade de molde com \u00e1gua e sab\u00e3o da lou\u00e7a. Enx\u00e1g\u00fce bem e seque antes do usar.<\/p>\n","protected":false},"excerpt":{"rendered":"<p>Silicone Alimentar para Moldes de Bolos e Chocolates 4 kg Azul\u00a0 (2kg silicone+2kg catalizador)<\/p>\n<p>\u00c9 indicado para\u00a0fazer moldes de\u00a0doces, bolos, gelo, etc.<\/p>\n<p>\u00c9\u00a0um silicone de adi\u00e7\u00e3o de dureza shore A 25, muito f\u00e1cil de usar e adequado para fazer\u00a0moldes de diferentes alimentos, cumprindo rigorosamente as instru\u00e7\u00f5es de uso.<\/p>\n<p>Silicone grau alimentar FDA, tem uma muito boa resist\u00eancia ao calor (220 \u00baC) e Frio (-10\u00baC)<\/p>\n<p>\u00c9 perfeito parafazer moldes para rebu\u00e7ados, doces, gelados<\/p>\n","protected":false},"featured_media":17345,"comment_status":"open","ping_status":"closed","template":"","meta":{"_exactmetrics_skip_tracking":false,"_exactmetrics_sitenote_active":false,"_exactmetrics_sitenote_note":"","_exactmetrics_sitenote_category":0},"product_brand":[],"product_cat":[49,695,15],"product_tag":[],"class_list":{"0":"post-17342","1":"product","2":"type-product","3":"status-publish","4":"has-post-thumbnail","6":"product_cat-borracha-silicone-moldes","7":"product_cat-silicone-para-moldes-de-alimentos","8":"product_cat-ver-todos-os-produtos","10":"first","11":"instock","12":"taxable","13":"shipping-taxable","14":"purchasable","15":"product-type-simple"},"yoast_head":"<!-- This site is optimized with the Yoast SEO plugin v27.5 - https:\/\/yoast.com\/product\/yoast-seo-wordpress\/ -->\n<title>Borracha de Silicone Alimentar Azul Moldes Bolos e Chocolates 4 kg -<\/title>\n<meta name=\"description\" content=\"Borracha de Silicone Alimentar Moldes Bolos e Chocolates 4 kg Azul\u00a0 (2kg silicone+2kg catalizador)\u00c9 indicado para\u00a0fazer moldes de\u00a0doces, bolos, gelo, etc.\" \/>\n<meta name=\"robots\" content=\"index, follow, max-snippet:-1, max-image-preview:large, max-video-preview:-1\" \/>\n<link rel=\"canonical\" href=\"https:\/\/divertarte.com\/index.php\/produto\/silicone-alimentar-moldes-bolos-e-chocolates-4-kg-azul\/\" \/>\n<meta property=\"og:locale\" content=\"pt_PT\" \/>\n<meta property=\"og:type\" content=\"article\" \/>\n<meta property=\"og:title\" content=\"Borracha de Silicone Alimentar Azul Moldes Bolos e Chocolates 4 kg -\" \/>\n<meta property=\"og:description\" content=\"Borracha de Silicone Alimentar Moldes Bolos e Chocolates 4 kg Azul\u00a0 (2kg silicone+2kg catalizador)\u00c9 indicado para\u00a0fazer moldes de\u00a0doces, bolos, gelo, etc.\" \/>\n<meta property=\"og:url\" content=\"https:\/\/divertarte.com\/index.php\/produto\/silicone-alimentar-moldes-bolos-e-chocolates-4-kg-azul\/\" \/>\n<meta property=\"article:modified_time\" content=\"2025-11-06T13:23:53+00:00\" \/>\n<meta property=\"og:image\" content=\"https:\/\/divertarte.com\/wp-content\/uploads\/2022\/09\/Borracha-silicone-alimentar-azul-.jpg\" \/>\n\t<meta property=\"og:image:width\" content=\"305\" \/>\n\t<meta property=\"og:image:height\" content=\"302\" \/>\n\t<meta property=\"og:image:type\" content=\"image\/jpeg\" \/>\n<meta name=\"twitter:card\" content=\"summary_large_image\" \/>\n<meta name=\"twitter:label1\" content=\"Tempo estimado de leitura\" \/>\n\t<meta name=\"twitter:data1\" content=\"1 minuto\" \/>\n<script type=\"application\/ld+json\" class=\"yoast-schema-graph\">{\"@context\":\"https:\\\/\\\/schema.org\",\"@graph\":[{\"@type\":\"WebPage\",\"@id\":\"https:\\\/\\\/divertarte.com\\\/index.php\\\/produto\\\/silicone-alimentar-moldes-bolos-e-chocolates-4-kg-azul\\\/\",\"url\":\"https:\\\/\\\/divertarte.com\\\/index.php\\\/produto\\\/silicone-alimentar-moldes-bolos-e-chocolates-4-kg-azul\\\/\",\"name\":\"Borracha de Silicone Alimentar Azul Moldes Bolos e Chocolates 4 kg -\",\"isPartOf\":{\"@id\":\"https:\\\/\\\/divertarte.com\\\/#website\"},\"primaryImageOfPage\":{\"@id\":\"https:\\\/\\\/divertarte.com\\\/index.php\\\/produto\\\/silicone-alimentar-moldes-bolos-e-chocolates-4-kg-azul\\\/#primaryimage\"},\"image\":{\"@id\":\"https:\\\/\\\/divertarte.com\\\/index.php\\\/produto\\\/silicone-alimentar-moldes-bolos-e-chocolates-4-kg-azul\\\/#primaryimage\"},\"thumbnailUrl\":\"https:\\\/\\\/divertarte.com\\\/wp-content\\\/uploads\\\/2022\\\/09\\\/Borracha-silicone-alimentar-azul-.jpg\",\"datePublished\":\"2022-09-04T17:52:06+00:00\",\"dateModified\":\"2025-11-06T13:23:53+00:00\",\"description\":\"Borracha de Silicone Alimentar Moldes Bolos e Chocolates 4 kg Azul\u00a0 (2kg silicone+2kg catalizador)\u00c9 indicado para\u00a0fazer moldes de\u00a0doces, bolos, gelo, etc.\",\"breadcrumb\":{\"@id\":\"https:\\\/\\\/divertarte.com\\\/index.php\\\/produto\\\/silicone-alimentar-moldes-bolos-e-chocolates-4-kg-azul\\\/#breadcrumb\"},\"inLanguage\":\"pt-PT\",\"potentialAction\":[{\"@type\":\"ReadAction\",\"target\":[\"https:\\\/\\\/divertarte.com\\\/index.php\\\/produto\\\/silicone-alimentar-moldes-bolos-e-chocolates-4-kg-azul\\\/\"]}]},{\"@type\":\"ImageObject\",\"inLanguage\":\"pt-PT\",\"@id\":\"https:\\\/\\\/divertarte.com\\\/index.php\\\/produto\\\/silicone-alimentar-moldes-bolos-e-chocolates-4-kg-azul\\\/#primaryimage\",\"url\":\"https:\\\/\\\/divertarte.com\\\/wp-content\\\/uploads\\\/2022\\\/09\\\/Borracha-silicone-alimentar-azul-.jpg\",\"contentUrl\":\"https:\\\/\\\/divertarte.com\\\/wp-content\\\/uploads\\\/2022\\\/09\\\/Borracha-silicone-alimentar-azul-.jpg\",\"width\":305,\"height\":302},{\"@type\":\"BreadcrumbList\",\"@id\":\"https:\\\/\\\/divertarte.com\\\/index.php\\\/produto\\\/silicone-alimentar-moldes-bolos-e-chocolates-4-kg-azul\\\/#breadcrumb\",\"itemListElement\":[{\"@type\":\"ListItem\",\"position\":1,\"name\":\"In\u00edcio\",\"item\":\"https:\\\/\\\/divertarte.com\\\/\"},{\"@type\":\"ListItem\",\"position\":2,\"name\":\"Loja\",\"item\":\"https:\\\/\\\/divertarte.com\\\/index.php\\\/divertarte-produtos\\\/\"},{\"@type\":\"ListItem\",\"position\":3,\"name\":\"Borracha de Silicone Alimentar Azul Moldes Bolos e Chocolates 4 kg\"}]},{\"@type\":\"WebSite\",\"@id\":\"https:\\\/\\\/divertarte.com\\\/#website\",\"url\":\"https:\\\/\\\/divertarte.com\\\/\",\"name\":\"Divertarte\",\"description\":\"\",\"publisher\":{\"@id\":\"https:\\\/\\\/divertarte.com\\\/#organization\"},\"potentialAction\":[{\"@type\":\"SearchAction\",\"target\":{\"@type\":\"EntryPoint\",\"urlTemplate\":\"https:\\\/\\\/divertarte.com\\\/?s={search_term_string}\"},\"query-input\":{\"@type\":\"PropertyValueSpecification\",\"valueRequired\":true,\"valueName\":\"search_term_string\"}}],\"inLanguage\":\"pt-PT\"},{\"@type\":\"Organization\",\"@id\":\"https:\\\/\\\/divertarte.com\\\/#organization\",\"name\":\"Divertarte\",\"url\":\"https:\\\/\\\/divertarte.com\\\/\",\"logo\":{\"@type\":\"ImageObject\",\"inLanguage\":\"pt-PT\",\"@id\":\"https:\\\/\\\/divertarte.com\\\/#\\\/schema\\\/logo\\\/image\\\/\",\"url\":\"https:\\\/\\\/divertarte.com\\\/wp-content\\\/uploads\\\/2018\\\/07\\\/logo-div.jpg\",\"contentUrl\":\"https:\\\/\\\/divertarte.com\\\/wp-content\\\/uploads\\\/2018\\\/07\\\/logo-div.jpg\",\"width\":295,\"height\":123,\"caption\":\"Divertarte\"},\"image\":{\"@id\":\"https:\\\/\\\/divertarte.com\\\/#\\\/schema\\\/logo\\\/image\\\/\"}}]}<\/script>\n<!-- \/ Yoast SEO plugin. -->","yoast_head_json":{"title":"Borracha de Silicone Alimentar Azul Moldes Bolos e Chocolates 4 kg -","description":"Borracha de Silicone Alimentar Moldes Bolos e Chocolates 4 kg Azul\u00a0 (2kg silicone+2kg catalizador)\u00c9 indicado para\u00a0fazer moldes de\u00a0doces, bolos, gelo, etc.","robots":{"index":"index","follow":"follow","max-snippet":"max-snippet:-1","max-image-preview":"max-image-preview:large","max-video-preview":"max-video-preview:-1"},"canonical":"https:\/\/divertarte.com\/index.php\/produto\/silicone-alimentar-moldes-bolos-e-chocolates-4-kg-azul\/","og_locale":"pt_PT","og_type":"article","og_title":"Borracha de Silicone Alimentar Azul Moldes Bolos e Chocolates 4 kg -","og_description":"Borracha de Silicone Alimentar Moldes Bolos e Chocolates 4 kg Azul\u00a0 (2kg silicone+2kg catalizador)\u00c9 indicado para\u00a0fazer moldes de\u00a0doces, bolos, gelo, etc.","og_url":"https:\/\/divertarte.com\/index.php\/produto\/silicone-alimentar-moldes-bolos-e-chocolates-4-kg-azul\/","article_modified_time":"2025-11-06T13:23:53+00:00","og_image":[{"width":305,"height":302,"url":"https:\/\/divertarte.com\/wp-content\/uploads\/2022\/09\/Borracha-silicone-alimentar-azul-.jpg","type":"image\/jpeg"}],"twitter_card":"summary_large_image","twitter_misc":{"Tempo estimado de leitura":"1 minuto"},"schema":{"@context":"https:\/\/schema.org","@graph":[{"@type":"WebPage","@id":"https:\/\/divertarte.com\/index.php\/produto\/silicone-alimentar-moldes-bolos-e-chocolates-4-kg-azul\/","url":"https:\/\/divertarte.com\/index.php\/produto\/silicone-alimentar-moldes-bolos-e-chocolates-4-kg-azul\/","name":"Borracha de Silicone Alimentar Azul Moldes Bolos e Chocolates 4 kg -","isPartOf":{"@id":"https:\/\/divertarte.com\/#website"},"primaryImageOfPage":{"@id":"https:\/\/divertarte.com\/index.php\/produto\/silicone-alimentar-moldes-bolos-e-chocolates-4-kg-azul\/#primaryimage"},"image":{"@id":"https:\/\/divertarte.com\/index.php\/produto\/silicone-alimentar-moldes-bolos-e-chocolates-4-kg-azul\/#primaryimage"},"thumbnailUrl":"https:\/\/divertarte.com\/wp-content\/uploads\/2022\/09\/Borracha-silicone-alimentar-azul-.jpg","datePublished":"2022-09-04T17:52:06+00:00","dateModified":"2025-11-06T13:23:53+00:00","description":"Borracha de Silicone Alimentar Moldes Bolos e Chocolates 4 kg Azul\u00a0 (2kg silicone+2kg catalizador)\u00c9 indicado para\u00a0fazer moldes de\u00a0doces, bolos, gelo, etc.","breadcrumb":{"@id":"https:\/\/divertarte.com\/index.php\/produto\/silicone-alimentar-moldes-bolos-e-chocolates-4-kg-azul\/#breadcrumb"},"inLanguage":"pt-PT","potentialAction":[{"@type":"ReadAction","target":["https:\/\/divertarte.com\/index.php\/produto\/silicone-alimentar-moldes-bolos-e-chocolates-4-kg-azul\/"]}]},{"@type":"ImageObject","inLanguage":"pt-PT","@id":"https:\/\/divertarte.com\/index.php\/produto\/silicone-alimentar-moldes-bolos-e-chocolates-4-kg-azul\/#primaryimage","url":"https:\/\/divertarte.com\/wp-content\/uploads\/2022\/09\/Borracha-silicone-alimentar-azul-.jpg","contentUrl":"https:\/\/divertarte.com\/wp-content\/uploads\/2022\/09\/Borracha-silicone-alimentar-azul-.jpg","width":305,"height":302},{"@type":"BreadcrumbList","@id":"https:\/\/divertarte.com\/index.php\/produto\/silicone-alimentar-moldes-bolos-e-chocolates-4-kg-azul\/#breadcrumb","itemListElement":[{"@type":"ListItem","position":1,"name":"In\u00edcio","item":"https:\/\/divertarte.com\/"},{"@type":"ListItem","position":2,"name":"Loja","item":"https:\/\/divertarte.com\/index.php\/divertarte-produtos\/"},{"@type":"ListItem","position":3,"name":"Borracha de Silicone Alimentar Azul Moldes Bolos e Chocolates 4 kg"}]},{"@type":"WebSite","@id":"https:\/\/divertarte.com\/#website","url":"https:\/\/divertarte.com\/","name":"Divertarte","description":"","publisher":{"@id":"https:\/\/divertarte.com\/#organization"},"potentialAction":[{"@type":"SearchAction","target":{"@type":"EntryPoint","urlTemplate":"https:\/\/divertarte.com\/?s={search_term_string}"},"query-input":{"@type":"PropertyValueSpecification","valueRequired":true,"valueName":"search_term_string"}}],"inLanguage":"pt-PT"},{"@type":"Organization","@id":"https:\/\/divertarte.com\/#organization","name":"Divertarte","url":"https:\/\/divertarte.com\/","logo":{"@type":"ImageObject","inLanguage":"pt-PT","@id":"https:\/\/divertarte.com\/#\/schema\/logo\/image\/","url":"https:\/\/divertarte.com\/wp-content\/uploads\/2018\/07\/logo-div.jpg","contentUrl":"https:\/\/divertarte.com\/wp-content\/uploads\/2018\/07\/logo-div.jpg","width":295,"height":123,"caption":"Divertarte"},"image":{"@id":"https:\/\/divertarte.com\/#\/schema\/logo\/image\/"}}]}},"_links":{"self":[{"href":"https:\/\/divertarte.com\/index.php\/wp-json\/wp\/v2\/product\/17342","targetHints":{"allow":["GET"]}}],"collection":[{"href":"https:\/\/divertarte.com\/index.php\/wp-json\/wp\/v2\/product"}],"about":[{"href":"https:\/\/divertarte.com\/index.php\/wp-json\/wp\/v2\/types\/product"}],"replies":[{"embeddable":true,"href":"https:\/\/divertarte.com\/index.php\/wp-json\/wp\/v2\/comments?post=17342"}],"wp:featuredmedia":[{"embeddable":true,"href":"https:\/\/divertarte.com\/index.php\/wp-json\/wp\/v2\/media\/17345"}],"wp:attachment":[{"href":"https:\/\/divertarte.com\/index.php\/wp-json\/wp\/v2\/media?parent=17342"}],"wp:term":[{"taxonomy":"product_brand","embeddable":true,"href":"https:\/\/divertarte.com\/index.php\/wp-json\/wp\/v2\/product_brand?post=17342"},{"taxonomy":"product_cat","embeddable":true,"href":"https:\/\/divertarte.com\/index.php\/wp-json\/wp\/v2\/product_cat?post=17342"},{"taxonomy":"product_tag","embeddable":true,"href":"https:\/\/divertarte.com\/index.php\/wp-json\/wp\/v2\/product_tag?post=17342"}],"curies":[{"name":"wp","href":"https:\/\/api.w.org\/{rel}","templated":true}]}}