{"id":1618,"date":"2018-06-07T14:07:48","date_gmt":"2018-06-07T13:07:48","guid":{"rendered":"https:\/\/divertarte.com\/index.php\/produto\/placa-para-uma-pessoa-especial\/"},"modified":"2025-11-06T13:54:41","modified_gmt":"2025-11-06T13:54:41","slug":"placa-para-uma-pessoa-especial","status":"publish","type":"product","link":"https:\/\/divertarte.com\/index.php\/produto\/placa-para-uma-pessoa-especial\/","title":{"rendered":"Placa para uma Pessoa Especial molde silicone"},"content":{"rendered":"<p>Placa para uma Pessoa Especial molde silicone<\/p>\n<p>Ideal para o Dia do Pai, Dia da M\u00e3e, dia dos Namorados, Dia dos Av\u00f3s. Medida das letras 8,9&#215;5,1&#215;1,2 cm.<\/p>\n<p>Al\u00e9m disso pode usar para gessos, biscuits, sabonetes, resinas, vela em parafina ou gel, massas de modelar, ceras . N\u00e3o usar em produtos aliment\u00edcios.<\/p>\n","protected":false},"excerpt":{"rendered":"<p>Placa para uma Pessoa Especial molde silicone<\/p>\n<p>Ideal para o Dia do Pai, Dia da M\u00e3e, dia dos Namorados, Dia dos Av\u00f3s. Medida das letras 8,9&#215;5,1&#215;1,2 cm.<\/p>\n<p>Al\u00e9m disso \u00e9 aconselhado para gessos, biscuits, sabonetes, resinas, vela em parafina ou gel, massas de modelar, ceras . N\u00e3o usar em produtos aliment\u00edcios.<\/p>\n","protected":false},"featured_media":18437,"comment_status":"closed","ping_status":"closed","template":"","meta":{"_exactmetrics_skip_tracking":false,"_exactmetrics_sitenote_active":false,"_exactmetrics_sitenote_note":"","_exactmetrics_sitenote_category":0},"product_brand":[],"product_cat":[865,921,286,54,324,1132,332,88,15],"product_tag":[668],"class_list":{"0":"post-1618","1":"product","2":"type-product","3":"status-publish","4":"has-post-thumbnail","6":"product_cat-dia-da-mae","7":"product_cat-dia-dos-avos","8":"product_cat-dia-dos-namorados-s-valentim","9":"product_cat-moldes-de-silicone-em-portugal","10":"product_cat-moldes-dia-da-mae","11":"product_cat-moldes-dia-da-mae-dia-da-mae","12":"product_cat-moldes-dia-do-pai","13":"product_cat-moldes-s-valentim","14":"product_cat-ver-todos-os-produtos","15":"product_tag-moldes-para-gesso-perfumado","17":"first","18":"instock","19":"taxable","20":"shipping-taxable","21":"purchasable","22":"product-type-simple"},"yoast_head":"<!-- This site is optimized with the Yoast SEO plugin v27.5 - https:\/\/yoast.com\/product\/yoast-seo-wordpress\/ -->\n<title>Placa para uma Pessoa Especial molde silicone -<\/title>\n<meta name=\"description\" content=\"Placa para uma Pessoa Especial - molde silicone para o Dia do Pai, Dia da M\u00e3e, dia dos Namorados, Dia dos Av\u00f3s. gessos, biscuits, sabonetes, resinas\" \/>\n<meta name=\"robots\" content=\"index, follow, max-snippet:-1, max-image-preview:large, max-video-preview:-1\" \/>\n<link rel=\"canonical\" href=\"https:\/\/divertarte.com\/index.php\/produto\/placa-para-uma-pessoa-especial\/\" \/>\n<meta property=\"og:locale\" content=\"pt_PT\" \/>\n<meta property=\"og:type\" content=\"article\" \/>\n<meta property=\"og:title\" content=\"Placa para uma Pessoa Especial molde silicone -\" \/>\n<meta property=\"og:description\" content=\"Placa para uma Pessoa Especial - molde silicone para o Dia do Pai, Dia da M\u00e3e, dia dos Namorados, Dia dos Av\u00f3s. gessos, biscuits, sabonetes, resinas\" \/>\n<meta property=\"og:url\" content=\"https:\/\/divertarte.com\/index.php\/produto\/placa-para-uma-pessoa-especial\/\" \/>\n<meta property=\"article:modified_time\" content=\"2025-11-06T13:54:41+00:00\" \/>\n<meta property=\"og:image\" content=\"https:\/\/divertarte.com\/wp-content\/uploads\/2018\/06\/molde-silicone-placa-gesso-para-uma-pessoa-especial.jpg\" \/>\n\t<meta property=\"og:image:width\" content=\"302\" \/>\n\t<meta property=\"og:image:height\" content=\"302\" \/>\n\t<meta property=\"og:image:type\" content=\"image\/jpeg\" \/>\n<meta name=\"twitter:card\" content=\"summary_large_image\" \/>\n<script type=\"application\/ld+json\" class=\"yoast-schema-graph\">{\"@context\":\"https:\\\/\\\/schema.org\",\"@graph\":[{\"@type\":\"WebPage\",\"@id\":\"https:\\\/\\\/divertarte.com\\\/index.php\\\/produto\\\/placa-para-uma-pessoa-especial\\\/\",\"url\":\"https:\\\/\\\/divertarte.com\\\/index.php\\\/produto\\\/placa-para-uma-pessoa-especial\\\/\",\"name\":\"Placa para uma Pessoa Especial molde silicone -\",\"isPartOf\":{\"@id\":\"https:\\\/\\\/divertarte.com\\\/#website\"},\"primaryImageOfPage\":{\"@id\":\"https:\\\/\\\/divertarte.com\\\/index.php\\\/produto\\\/placa-para-uma-pessoa-especial\\\/#primaryimage\"},\"image\":{\"@id\":\"https:\\\/\\\/divertarte.com\\\/index.php\\\/produto\\\/placa-para-uma-pessoa-especial\\\/#primaryimage\"},\"thumbnailUrl\":\"https:\\\/\\\/divertarte.com\\\/wp-content\\\/uploads\\\/2018\\\/06\\\/molde-silicone-placa-gesso-para-uma-pessoa-especial.jpg\",\"datePublished\":\"2018-06-07T13:07:48+00:00\",\"dateModified\":\"2025-11-06T13:54:41+00:00\",\"description\":\"Placa para uma Pessoa Especial - molde silicone para o Dia do Pai, Dia da M\u00e3e, dia dos Namorados, Dia dos Av\u00f3s. gessos, biscuits, sabonetes, resinas\",\"breadcrumb\":{\"@id\":\"https:\\\/\\\/divertarte.com\\\/index.php\\\/produto\\\/placa-para-uma-pessoa-especial\\\/#breadcrumb\"},\"inLanguage\":\"pt-PT\",\"potentialAction\":[{\"@type\":\"ReadAction\",\"target\":[\"https:\\\/\\\/divertarte.com\\\/index.php\\\/produto\\\/placa-para-uma-pessoa-especial\\\/\"]}]},{\"@type\":\"ImageObject\",\"inLanguage\":\"pt-PT\",\"@id\":\"https:\\\/\\\/divertarte.com\\\/index.php\\\/produto\\\/placa-para-uma-pessoa-especial\\\/#primaryimage\",\"url\":\"https:\\\/\\\/divertarte.com\\\/wp-content\\\/uploads\\\/2018\\\/06\\\/molde-silicone-placa-gesso-para-uma-pessoa-especial.jpg\",\"contentUrl\":\"https:\\\/\\\/divertarte.com\\\/wp-content\\\/uploads\\\/2018\\\/06\\\/molde-silicone-placa-gesso-para-uma-pessoa-especial.jpg\",\"width\":302,\"height\":302},{\"@type\":\"BreadcrumbList\",\"@id\":\"https:\\\/\\\/divertarte.com\\\/index.php\\\/produto\\\/placa-para-uma-pessoa-especial\\\/#breadcrumb\",\"itemListElement\":[{\"@type\":\"ListItem\",\"position\":1,\"name\":\"In\u00edcio\",\"item\":\"https:\\\/\\\/divertarte.com\\\/\"},{\"@type\":\"ListItem\",\"position\":2,\"name\":\"Loja\",\"item\":\"https:\\\/\\\/divertarte.com\\\/index.php\\\/divertarte-produtos\\\/\"},{\"@type\":\"ListItem\",\"position\":3,\"name\":\"Placa para uma Pessoa Especial molde silicone\"}]},{\"@type\":\"WebSite\",\"@id\":\"https:\\\/\\\/divertarte.com\\\/#website\",\"url\":\"https:\\\/\\\/divertarte.com\\\/\",\"name\":\"Divertarte\",\"description\":\"\",\"publisher\":{\"@id\":\"https:\\\/\\\/divertarte.com\\\/#organization\"},\"potentialAction\":[{\"@type\":\"SearchAction\",\"target\":{\"@type\":\"EntryPoint\",\"urlTemplate\":\"https:\\\/\\\/divertarte.com\\\/?s={search_term_string}\"},\"query-input\":{\"@type\":\"PropertyValueSpecification\",\"valueRequired\":true,\"valueName\":\"search_term_string\"}}],\"inLanguage\":\"pt-PT\"},{\"@type\":\"Organization\",\"@id\":\"https:\\\/\\\/divertarte.com\\\/#organization\",\"name\":\"Divertarte\",\"url\":\"https:\\\/\\\/divertarte.com\\\/\",\"logo\":{\"@type\":\"ImageObject\",\"inLanguage\":\"pt-PT\",\"@id\":\"https:\\\/\\\/divertarte.com\\\/#\\\/schema\\\/logo\\\/image\\\/\",\"url\":\"https:\\\/\\\/divertarte.com\\\/wp-content\\\/uploads\\\/2018\\\/07\\\/logo-div.jpg\",\"contentUrl\":\"https:\\\/\\\/divertarte.com\\\/wp-content\\\/uploads\\\/2018\\\/07\\\/logo-div.jpg\",\"width\":295,\"height\":123,\"caption\":\"Divertarte\"},\"image\":{\"@id\":\"https:\\\/\\\/divertarte.com\\\/#\\\/schema\\\/logo\\\/image\\\/\"}}]}<\/script>\n<!-- \/ Yoast SEO plugin. -->","yoast_head_json":{"title":"Placa para uma Pessoa Especial molde silicone -","description":"Placa para uma Pessoa Especial - molde silicone para o Dia do Pai, Dia da M\u00e3e, dia dos Namorados, Dia dos Av\u00f3s. gessos, biscuits, sabonetes, resinas","robots":{"index":"index","follow":"follow","max-snippet":"max-snippet:-1","max-image-preview":"max-image-preview:large","max-video-preview":"max-video-preview:-1"},"canonical":"https:\/\/divertarte.com\/index.php\/produto\/placa-para-uma-pessoa-especial\/","og_locale":"pt_PT","og_type":"article","og_title":"Placa para uma Pessoa Especial molde silicone -","og_description":"Placa para uma Pessoa Especial - molde silicone para o Dia do Pai, Dia da M\u00e3e, dia dos Namorados, Dia dos Av\u00f3s. gessos, biscuits, sabonetes, resinas","og_url":"https:\/\/divertarte.com\/index.php\/produto\/placa-para-uma-pessoa-especial\/","article_modified_time":"2025-11-06T13:54:41+00:00","og_image":[{"width":302,"height":302,"url":"https:\/\/divertarte.com\/wp-content\/uploads\/2018\/06\/molde-silicone-placa-gesso-para-uma-pessoa-especial.jpg","type":"image\/jpeg"}],"twitter_card":"summary_large_image","schema":{"@context":"https:\/\/schema.org","@graph":[{"@type":"WebPage","@id":"https:\/\/divertarte.com\/index.php\/produto\/placa-para-uma-pessoa-especial\/","url":"https:\/\/divertarte.com\/index.php\/produto\/placa-para-uma-pessoa-especial\/","name":"Placa para uma Pessoa Especial molde silicone -","isPartOf":{"@id":"https:\/\/divertarte.com\/#website"},"primaryImageOfPage":{"@id":"https:\/\/divertarte.com\/index.php\/produto\/placa-para-uma-pessoa-especial\/#primaryimage"},"image":{"@id":"https:\/\/divertarte.com\/index.php\/produto\/placa-para-uma-pessoa-especial\/#primaryimage"},"thumbnailUrl":"https:\/\/divertarte.com\/wp-content\/uploads\/2018\/06\/molde-silicone-placa-gesso-para-uma-pessoa-especial.jpg","datePublished":"2018-06-07T13:07:48+00:00","dateModified":"2025-11-06T13:54:41+00:00","description":"Placa para uma Pessoa Especial - molde silicone para o Dia do Pai, Dia da M\u00e3e, dia dos Namorados, Dia dos Av\u00f3s. gessos, biscuits, sabonetes, resinas","breadcrumb":{"@id":"https:\/\/divertarte.com\/index.php\/produto\/placa-para-uma-pessoa-especial\/#breadcrumb"},"inLanguage":"pt-PT","potentialAction":[{"@type":"ReadAction","target":["https:\/\/divertarte.com\/index.php\/produto\/placa-para-uma-pessoa-especial\/"]}]},{"@type":"ImageObject","inLanguage":"pt-PT","@id":"https:\/\/divertarte.com\/index.php\/produto\/placa-para-uma-pessoa-especial\/#primaryimage","url":"https:\/\/divertarte.com\/wp-content\/uploads\/2018\/06\/molde-silicone-placa-gesso-para-uma-pessoa-especial.jpg","contentUrl":"https:\/\/divertarte.com\/wp-content\/uploads\/2018\/06\/molde-silicone-placa-gesso-para-uma-pessoa-especial.jpg","width":302,"height":302},{"@type":"BreadcrumbList","@id":"https:\/\/divertarte.com\/index.php\/produto\/placa-para-uma-pessoa-especial\/#breadcrumb","itemListElement":[{"@type":"ListItem","position":1,"name":"In\u00edcio","item":"https:\/\/divertarte.com\/"},{"@type":"ListItem","position":2,"name":"Loja","item":"https:\/\/divertarte.com\/index.php\/divertarte-produtos\/"},{"@type":"ListItem","position":3,"name":"Placa para uma Pessoa Especial molde silicone"}]},{"@type":"WebSite","@id":"https:\/\/divertarte.com\/#website","url":"https:\/\/divertarte.com\/","name":"Divertarte","description":"","publisher":{"@id":"https:\/\/divertarte.com\/#organization"},"potentialAction":[{"@type":"SearchAction","target":{"@type":"EntryPoint","urlTemplate":"https:\/\/divertarte.com\/?s={search_term_string}"},"query-input":{"@type":"PropertyValueSpecification","valueRequired":true,"valueName":"search_term_string"}}],"inLanguage":"pt-PT"},{"@type":"Organization","@id":"https:\/\/divertarte.com\/#organization","name":"Divertarte","url":"https:\/\/divertarte.com\/","logo":{"@type":"ImageObject","inLanguage":"pt-PT","@id":"https:\/\/divertarte.com\/#\/schema\/logo\/image\/","url":"https:\/\/divertarte.com\/wp-content\/uploads\/2018\/07\/logo-div.jpg","contentUrl":"https:\/\/divertarte.com\/wp-content\/uploads\/2018\/07\/logo-div.jpg","width":295,"height":123,"caption":"Divertarte"},"image":{"@id":"https:\/\/divertarte.com\/#\/schema\/logo\/image\/"}}]}},"_links":{"self":[{"href":"https:\/\/divertarte.com\/index.php\/wp-json\/wp\/v2\/product\/1618","targetHints":{"allow":["GET"]}}],"collection":[{"href":"https:\/\/divertarte.com\/index.php\/wp-json\/wp\/v2\/product"}],"about":[{"href":"https:\/\/divertarte.com\/index.php\/wp-json\/wp\/v2\/types\/product"}],"replies":[{"embeddable":true,"href":"https:\/\/divertarte.com\/index.php\/wp-json\/wp\/v2\/comments?post=1618"}],"wp:featuredmedia":[{"embeddable":true,"href":"https:\/\/divertarte.com\/index.php\/wp-json\/wp\/v2\/media\/18437"}],"wp:attachment":[{"href":"https:\/\/divertarte.com\/index.php\/wp-json\/wp\/v2\/media?parent=1618"}],"wp:term":[{"taxonomy":"product_brand","embeddable":true,"href":"https:\/\/divertarte.com\/index.php\/wp-json\/wp\/v2\/product_brand?post=1618"},{"taxonomy":"product_cat","embeddable":true,"href":"https:\/\/divertarte.com\/index.php\/wp-json\/wp\/v2\/product_cat?post=1618"},{"taxonomy":"product_tag","embeddable":true,"href":"https:\/\/divertarte.com\/index.php\/wp-json\/wp\/v2\/product_tag?post=1618"}],"curies":[{"name":"wp","href":"https:\/\/api.w.org\/{rel}","templated":true}]}}