{"id":14854,"date":"2021-08-01T20:44:02","date_gmt":"2021-08-01T19:44:02","guid":{"rendered":"https:\/\/divertarte.com\/?post_type=product&#038;p=14854"},"modified":"2025-11-06T13:24:12","modified_gmt":"2025-11-06T13:24:12","slug":"pigmentos-para-resinas","status":"publish","type":"product","link":"https:\/\/divertarte.com\/index.php\/produto\/pigmentos-para-resinas\/","title":{"rendered":"Pigmentos para Resinas"},"content":{"rendered":"<p>Pigmento PICOLOR translucido \u00e9 uma nova gama de corantes transl\u00facidos para resinas com as quais podes alcan\u00e7ar efeitos \u00e9picos de cores brilhantes e transl\u00facidas.<\/p>\n<p>Apresentado em frascos de 15 ml com um dispensador.<\/p>\n<p>Os pigmentos l\u00edquidos de poliuretano s\u00e3o compat\u00edveis com qualquer resina de poli\u00e9ster, ep\u00f3xi e poliuretano, embora para efeitos mais exuberantes recomendamos us\u00e1-los sempre com resinas claras ou transl\u00facidas.<\/p>\n<p>N\u00e3o s\u00e3o compat\u00edveis com silicones.<\/p>\n<p>Podem ser usados para criar uma grande variedade de efeitos de cor para uma gama muito ampla de produtos. Para alcan\u00e7ar efeitos ainda mais incr\u00edveis recomendamos combinar\u00a0 os nossos pigmentos com p\u00f3s de efeito met\u00e1lico, as combina\u00e7\u00f5es s\u00e3o infinitas !<\/p>\n<p>Os pigmentos Divertarte oferecem excelente dispers\u00e3o e consist\u00eancia de cores. Uma quantidade muito pequena de pigmento \u00e9 usada para criar um efeito de luz. Quanto mais pigmento adicionares, mais vivo \u00e9 o efeito de cor que queres alcan\u00e7ar. N\u00e3o exageres muito mais na dose porque pode causar a opacidade da pe\u00e7a. Se esta \u00e9 a primeira vez que usas este tipos de pigmentos, recomendamos adicionar uma pequena quantidade como teste para ver o resultado.<\/p>\n","protected":false},"excerpt":{"rendered":"<p>Pigmento PICOLOR translucido \u00e9 uma nova gama de corantes transl\u00facidos para resinas com as quais podes alcan\u00e7ar efeitos \u00e9picos de cores brilhantes e transl\u00facidas.<\/p>\n<p>Apresentado em frascos de 15 ml com um dispensador.<\/p>\n<p>Escolhe as tuas cores preferidas<\/p>\n","protected":false},"featured_media":14857,"comment_status":"open","ping_status":"closed","template":"","meta":{"_exactmetrics_skip_tracking":false,"_exactmetrics_sitenote_active":false,"_exactmetrics_sitenote_note":"","_exactmetrics_sitenote_category":0},"product_brand":[],"product_cat":[416,15],"product_tag":[533,558,557],"class_list":{"0":"post-14854","1":"product","2":"type-product","3":"status-publish","4":"has-post-thumbnail","6":"product_cat-resinas","7":"product_cat-ver-todos-os-produtos","8":"product_tag-pigmentos","9":"product_tag-resina","10":"product_tag-resinas","12":"first","13":"instock","14":"taxable","15":"shipping-taxable","16":"purchasable","17":"product-type-variable"},"yoast_head":"<!-- This site is optimized with the Yoast SEO plugin v27.4 - https:\/\/yoast.com\/product\/yoast-seo-wordpress\/ -->\n<title>Pigmentos para Resinas -<\/title>\n<meta name=\"description\" content=\"Pigmento translucido nova gama de corantes transl\u00facidos para resinas com as quais podes alcan\u00e7ar efeitos \u00e9picos de cores brilhantes.\" \/>\n<meta name=\"robots\" content=\"index, follow, max-snippet:-1, max-image-preview:large, max-video-preview:-1\" \/>\n<link rel=\"canonical\" href=\"https:\/\/divertarte.com\/index.php\/produto\/pigmentos-para-resinas\/\" \/>\n<meta property=\"og:locale\" content=\"pt_PT\" \/>\n<meta property=\"og:type\" content=\"article\" \/>\n<meta property=\"og:title\" content=\"Pigmentos para Resinas -\" \/>\n<meta property=\"og:description\" content=\"Pigmento translucido nova gama de corantes transl\u00facidos para resinas com as quais podes alcan\u00e7ar efeitos \u00e9picos de cores brilhantes.\" \/>\n<meta property=\"og:url\" content=\"https:\/\/divertarte.com\/index.php\/produto\/pigmentos-para-resinas\/\" \/>\n<meta property=\"article:modified_time\" content=\"2025-11-06T13:24:12+00:00\" \/>\n<meta property=\"og:image\" content=\"https:\/\/divertarte.com\/wp-content\/uploads\/2021\/08\/pigmentos-para-resina.jpg\" \/>\n\t<meta property=\"og:image:width\" content=\"299\" \/>\n\t<meta property=\"og:image:height\" content=\"298\" \/>\n\t<meta property=\"og:image:type\" content=\"image\/jpeg\" \/>\n<meta name=\"twitter:card\" content=\"summary_large_image\" \/>\n<meta name=\"twitter:label1\" content=\"Tempo estimado de leitura\" \/>\n\t<meta name=\"twitter:data1\" content=\"1 minuto\" \/>\n<script type=\"application\/ld+json\" class=\"yoast-schema-graph\">{\"@context\":\"https:\\\/\\\/schema.org\",\"@graph\":[{\"@type\":\"WebPage\",\"@id\":\"https:\\\/\\\/divertarte.com\\\/index.php\\\/produto\\\/pigmentos-para-resinas\\\/\",\"url\":\"https:\\\/\\\/divertarte.com\\\/index.php\\\/produto\\\/pigmentos-para-resinas\\\/\",\"name\":\"Pigmentos para Resinas -\",\"isPartOf\":{\"@id\":\"https:\\\/\\\/divertarte.com\\\/#website\"},\"primaryImageOfPage\":{\"@id\":\"https:\\\/\\\/divertarte.com\\\/index.php\\\/produto\\\/pigmentos-para-resinas\\\/#primaryimage\"},\"image\":{\"@id\":\"https:\\\/\\\/divertarte.com\\\/index.php\\\/produto\\\/pigmentos-para-resinas\\\/#primaryimage\"},\"thumbnailUrl\":\"https:\\\/\\\/divertarte.com\\\/wp-content\\\/uploads\\\/2021\\\/08\\\/pigmentos-para-resina.jpg\",\"datePublished\":\"2021-08-01T19:44:02+00:00\",\"dateModified\":\"2025-11-06T13:24:12+00:00\",\"description\":\"Pigmento translucido nova gama de corantes transl\u00facidos para resinas com as quais podes alcan\u00e7ar efeitos \u00e9picos de cores brilhantes.\",\"breadcrumb\":{\"@id\":\"https:\\\/\\\/divertarte.com\\\/index.php\\\/produto\\\/pigmentos-para-resinas\\\/#breadcrumb\"},\"inLanguage\":\"pt-PT\",\"potentialAction\":[{\"@type\":\"ReadAction\",\"target\":[\"https:\\\/\\\/divertarte.com\\\/index.php\\\/produto\\\/pigmentos-para-resinas\\\/\"]}]},{\"@type\":\"ImageObject\",\"inLanguage\":\"pt-PT\",\"@id\":\"https:\\\/\\\/divertarte.com\\\/index.php\\\/produto\\\/pigmentos-para-resinas\\\/#primaryimage\",\"url\":\"https:\\\/\\\/divertarte.com\\\/wp-content\\\/uploads\\\/2021\\\/08\\\/pigmentos-para-resina.jpg\",\"contentUrl\":\"https:\\\/\\\/divertarte.com\\\/wp-content\\\/uploads\\\/2021\\\/08\\\/pigmentos-para-resina.jpg\",\"width\":299,\"height\":298},{\"@type\":\"BreadcrumbList\",\"@id\":\"https:\\\/\\\/divertarte.com\\\/index.php\\\/produto\\\/pigmentos-para-resinas\\\/#breadcrumb\",\"itemListElement\":[{\"@type\":\"ListItem\",\"position\":1,\"name\":\"In\u00edcio\",\"item\":\"https:\\\/\\\/divertarte.com\\\/\"},{\"@type\":\"ListItem\",\"position\":2,\"name\":\"Loja\",\"item\":\"https:\\\/\\\/divertarte.com\\\/index.php\\\/divertarte-produtos\\\/\"},{\"@type\":\"ListItem\",\"position\":3,\"name\":\"Pigmentos para Resinas\"}]},{\"@type\":\"WebSite\",\"@id\":\"https:\\\/\\\/divertarte.com\\\/#website\",\"url\":\"https:\\\/\\\/divertarte.com\\\/\",\"name\":\"Divertarte\",\"description\":\"\",\"publisher\":{\"@id\":\"https:\\\/\\\/divertarte.com\\\/#organization\"},\"potentialAction\":[{\"@type\":\"SearchAction\",\"target\":{\"@type\":\"EntryPoint\",\"urlTemplate\":\"https:\\\/\\\/divertarte.com\\\/?s={search_term_string}\"},\"query-input\":{\"@type\":\"PropertyValueSpecification\",\"valueRequired\":true,\"valueName\":\"search_term_string\"}}],\"inLanguage\":\"pt-PT\"},{\"@type\":\"Organization\",\"@id\":\"https:\\\/\\\/divertarte.com\\\/#organization\",\"name\":\"Divertarte\",\"url\":\"https:\\\/\\\/divertarte.com\\\/\",\"logo\":{\"@type\":\"ImageObject\",\"inLanguage\":\"pt-PT\",\"@id\":\"https:\\\/\\\/divertarte.com\\\/#\\\/schema\\\/logo\\\/image\\\/\",\"url\":\"https:\\\/\\\/divertarte.com\\\/wp-content\\\/uploads\\\/2018\\\/07\\\/logo-div.jpg\",\"contentUrl\":\"https:\\\/\\\/divertarte.com\\\/wp-content\\\/uploads\\\/2018\\\/07\\\/logo-div.jpg\",\"width\":295,\"height\":123,\"caption\":\"Divertarte\"},\"image\":{\"@id\":\"https:\\\/\\\/divertarte.com\\\/#\\\/schema\\\/logo\\\/image\\\/\"}}]}<\/script>\n<!-- \/ Yoast SEO plugin. -->","yoast_head_json":{"title":"Pigmentos para Resinas -","description":"Pigmento translucido nova gama de corantes transl\u00facidos para resinas com as quais podes alcan\u00e7ar efeitos \u00e9picos de cores brilhantes.","robots":{"index":"index","follow":"follow","max-snippet":"max-snippet:-1","max-image-preview":"max-image-preview:large","max-video-preview":"max-video-preview:-1"},"canonical":"https:\/\/divertarte.com\/index.php\/produto\/pigmentos-para-resinas\/","og_locale":"pt_PT","og_type":"article","og_title":"Pigmentos para Resinas -","og_description":"Pigmento translucido nova gama de corantes transl\u00facidos para resinas com as quais podes alcan\u00e7ar efeitos \u00e9picos de cores brilhantes.","og_url":"https:\/\/divertarte.com\/index.php\/produto\/pigmentos-para-resinas\/","article_modified_time":"2025-11-06T13:24:12+00:00","og_image":[{"width":299,"height":298,"url":"https:\/\/divertarte.com\/wp-content\/uploads\/2021\/08\/pigmentos-para-resina.jpg","type":"image\/jpeg"}],"twitter_card":"summary_large_image","twitter_misc":{"Tempo estimado de leitura":"1 minuto"},"schema":{"@context":"https:\/\/schema.org","@graph":[{"@type":"WebPage","@id":"https:\/\/divertarte.com\/index.php\/produto\/pigmentos-para-resinas\/","url":"https:\/\/divertarte.com\/index.php\/produto\/pigmentos-para-resinas\/","name":"Pigmentos para Resinas -","isPartOf":{"@id":"https:\/\/divertarte.com\/#website"},"primaryImageOfPage":{"@id":"https:\/\/divertarte.com\/index.php\/produto\/pigmentos-para-resinas\/#primaryimage"},"image":{"@id":"https:\/\/divertarte.com\/index.php\/produto\/pigmentos-para-resinas\/#primaryimage"},"thumbnailUrl":"https:\/\/divertarte.com\/wp-content\/uploads\/2021\/08\/pigmentos-para-resina.jpg","datePublished":"2021-08-01T19:44:02+00:00","dateModified":"2025-11-06T13:24:12+00:00","description":"Pigmento translucido nova gama de corantes transl\u00facidos para resinas com as quais podes alcan\u00e7ar efeitos \u00e9picos de cores brilhantes.","breadcrumb":{"@id":"https:\/\/divertarte.com\/index.php\/produto\/pigmentos-para-resinas\/#breadcrumb"},"inLanguage":"pt-PT","potentialAction":[{"@type":"ReadAction","target":["https:\/\/divertarte.com\/index.php\/produto\/pigmentos-para-resinas\/"]}]},{"@type":"ImageObject","inLanguage":"pt-PT","@id":"https:\/\/divertarte.com\/index.php\/produto\/pigmentos-para-resinas\/#primaryimage","url":"https:\/\/divertarte.com\/wp-content\/uploads\/2021\/08\/pigmentos-para-resina.jpg","contentUrl":"https:\/\/divertarte.com\/wp-content\/uploads\/2021\/08\/pigmentos-para-resina.jpg","width":299,"height":298},{"@type":"BreadcrumbList","@id":"https:\/\/divertarte.com\/index.php\/produto\/pigmentos-para-resinas\/#breadcrumb","itemListElement":[{"@type":"ListItem","position":1,"name":"In\u00edcio","item":"https:\/\/divertarte.com\/"},{"@type":"ListItem","position":2,"name":"Loja","item":"https:\/\/divertarte.com\/index.php\/divertarte-produtos\/"},{"@type":"ListItem","position":3,"name":"Pigmentos para Resinas"}]},{"@type":"WebSite","@id":"https:\/\/divertarte.com\/#website","url":"https:\/\/divertarte.com\/","name":"Divertarte","description":"","publisher":{"@id":"https:\/\/divertarte.com\/#organization"},"potentialAction":[{"@type":"SearchAction","target":{"@type":"EntryPoint","urlTemplate":"https:\/\/divertarte.com\/?s={search_term_string}"},"query-input":{"@type":"PropertyValueSpecification","valueRequired":true,"valueName":"search_term_string"}}],"inLanguage":"pt-PT"},{"@type":"Organization","@id":"https:\/\/divertarte.com\/#organization","name":"Divertarte","url":"https:\/\/divertarte.com\/","logo":{"@type":"ImageObject","inLanguage":"pt-PT","@id":"https:\/\/divertarte.com\/#\/schema\/logo\/image\/","url":"https:\/\/divertarte.com\/wp-content\/uploads\/2018\/07\/logo-div.jpg","contentUrl":"https:\/\/divertarte.com\/wp-content\/uploads\/2018\/07\/logo-div.jpg","width":295,"height":123,"caption":"Divertarte"},"image":{"@id":"https:\/\/divertarte.com\/#\/schema\/logo\/image\/"}}]}},"_links":{"self":[{"href":"https:\/\/divertarte.com\/index.php\/wp-json\/wp\/v2\/product\/14854","targetHints":{"allow":["GET"]}}],"collection":[{"href":"https:\/\/divertarte.com\/index.php\/wp-json\/wp\/v2\/product"}],"about":[{"href":"https:\/\/divertarte.com\/index.php\/wp-json\/wp\/v2\/types\/product"}],"replies":[{"embeddable":true,"href":"https:\/\/divertarte.com\/index.php\/wp-json\/wp\/v2\/comments?post=14854"}],"wp:featuredmedia":[{"embeddable":true,"href":"https:\/\/divertarte.com\/index.php\/wp-json\/wp\/v2\/media\/14857"}],"wp:attachment":[{"href":"https:\/\/divertarte.com\/index.php\/wp-json\/wp\/v2\/media?parent=14854"}],"wp:term":[{"taxonomy":"product_brand","embeddable":true,"href":"https:\/\/divertarte.com\/index.php\/wp-json\/wp\/v2\/product_brand?post=14854"},{"taxonomy":"product_cat","embeddable":true,"href":"https:\/\/divertarte.com\/index.php\/wp-json\/wp\/v2\/product_cat?post=14854"},{"taxonomy":"product_tag","embeddable":true,"href":"https:\/\/divertarte.com\/index.php\/wp-json\/wp\/v2\/product_tag?post=14854"}],"curies":[{"name":"wp","href":"https:\/\/api.w.org\/{rel}","templated":true}]}}