{"id":14576,"date":"2021-06-20T20:03:05","date_gmt":"2021-06-20T19:03:05","guid":{"rendered":"https:\/\/divertarte.com\/?post_type=product&#038;p=14576"},"modified":"2025-11-06T13:24:15","modified_gmt":"2025-11-06T13:24:15","slug":"selo-para-lacre-coroa","status":"publish","type":"product","link":"https:\/\/divertarte.com\/index.php\/produto\/selo-para-lacre-coroa\/","title":{"rendered":"Selo para Lacre Coroa"},"content":{"rendered":"<p>Selo para Lacre Coroa<\/p>\n<p>Estes sinetes de lacre podem ser usados para convites de casamento, selos combinados, cartas de amor, livros de bolso, scrapbooking.<\/p>\n<p>Al\u00e9m disso lacre de garrafa de vinho, selos de embrulho, decora\u00e7\u00e3o de prenda retro ou antiga, tornando seu presente mais requintado.<\/p>\n","protected":false},"excerpt":{"rendered":"<p>Selo para Lacre Coroa<\/p>\n<p>Estes sinetes de lacre podem ser usados para convites de casamento, convites, selos combinados, cartas de amor, livros de bolso, scrapbooking. Al\u00e9m disso lacre de garrafa de vinho, selos de embrulho, decora\u00e7\u00e3o de prenda retro ou antiga, tornando seu presente mais requintado.<\/p>\n","protected":false},"featured_media":14594,"comment_status":"open","ping_status":"closed","template":"","meta":{"_exactmetrics_skip_tracking":false,"_exactmetrics_sitenote_active":false,"_exactmetrics_sitenote_note":"","_exactmetrics_sitenote_category":0},"product_brand":[],"product_cat":[547,15],"product_tag":[],"class_list":{"0":"post-14576","1":"product","2":"type-product","3":"status-publish","4":"has-post-thumbnail","6":"product_cat-sinetes-selos-para-lacre","7":"product_cat-ver-todos-os-produtos","9":"first","10":"instock","11":"taxable","12":"shipping-taxable","13":"purchasable","14":"product-type-simple"},"yoast_head":"<!-- This site is optimized with the Yoast SEO plugin v27.5 - https:\/\/yoast.com\/product\/yoast-seo-wordpress\/ -->\n<title>Selo para Lacre Coroa -<\/title>\n<meta name=\"description\" content=\"Selo para Lacre CoroaEstes sinetes de lacre podem ser usados para convites de casamento, convites, selos combinados, cartas de amor, livros de bolso, scrapbooking. Al\u00e9m disso lacre de garrafa de vinho, selos de embrulho, decora\u00e7\u00e3o de prenda retro ou antiga, tornando seu presente mais requintado.\" \/>\n<meta name=\"robots\" content=\"index, follow, max-snippet:-1, max-image-preview:large, max-video-preview:-1\" \/>\n<link rel=\"canonical\" href=\"https:\/\/divertarte.com\/index.php\/produto\/selo-para-lacre-coroa\/\" \/>\n<meta property=\"og:locale\" content=\"pt_PT\" \/>\n<meta property=\"og:type\" content=\"article\" \/>\n<meta property=\"og:title\" content=\"Selo para Lacre Coroa -\" \/>\n<meta property=\"og:description\" content=\"Selo para Lacre CoroaEstes sinetes de lacre podem ser usados para convites de casamento, convites, selos combinados, cartas de amor, livros de bolso, scrapbooking. Al\u00e9m disso lacre de garrafa de vinho, selos de embrulho, decora\u00e7\u00e3o de prenda retro ou antiga, tornando seu presente mais requintado.\" \/>\n<meta property=\"og:url\" content=\"https:\/\/divertarte.com\/index.php\/produto\/selo-para-lacre-coroa\/\" \/>\n<meta property=\"article:modified_time\" content=\"2025-11-06T13:24:15+00:00\" \/>\n<meta property=\"og:image\" content=\"https:\/\/divertarte.com\/wp-content\/uploads\/2021\/06\/sinete-coroa.jpg\" \/>\n\t<meta property=\"og:image:width\" content=\"300\" \/>\n\t<meta property=\"og:image:height\" content=\"299\" \/>\n\t<meta property=\"og:image:type\" content=\"image\/jpeg\" \/>\n<meta name=\"twitter:card\" content=\"summary_large_image\" \/>\n<script type=\"application\/ld+json\" class=\"yoast-schema-graph\">{\"@context\":\"https:\\\/\\\/schema.org\",\"@graph\":[{\"@type\":\"WebPage\",\"@id\":\"https:\\\/\\\/divertarte.com\\\/index.php\\\/produto\\\/selo-para-lacre-coroa\\\/\",\"url\":\"https:\\\/\\\/divertarte.com\\\/index.php\\\/produto\\\/selo-para-lacre-coroa\\\/\",\"name\":\"Selo para Lacre Coroa -\",\"isPartOf\":{\"@id\":\"https:\\\/\\\/divertarte.com\\\/#website\"},\"primaryImageOfPage\":{\"@id\":\"https:\\\/\\\/divertarte.com\\\/index.php\\\/produto\\\/selo-para-lacre-coroa\\\/#primaryimage\"},\"image\":{\"@id\":\"https:\\\/\\\/divertarte.com\\\/index.php\\\/produto\\\/selo-para-lacre-coroa\\\/#primaryimage\"},\"thumbnailUrl\":\"https:\\\/\\\/divertarte.com\\\/wp-content\\\/uploads\\\/2021\\\/06\\\/sinete-coroa.jpg\",\"datePublished\":\"2021-06-20T19:03:05+00:00\",\"dateModified\":\"2025-11-06T13:24:15+00:00\",\"description\":\"Selo para Lacre CoroaEstes sinetes de lacre podem ser usados para convites de casamento, convites, selos combinados, cartas de amor, livros de bolso, scrapbooking. Al\u00e9m disso lacre de garrafa de vinho, selos de embrulho, decora\u00e7\u00e3o de prenda retro ou antiga, tornando seu presente mais requintado.\",\"breadcrumb\":{\"@id\":\"https:\\\/\\\/divertarte.com\\\/index.php\\\/produto\\\/selo-para-lacre-coroa\\\/#breadcrumb\"},\"inLanguage\":\"pt-PT\",\"potentialAction\":[{\"@type\":\"ReadAction\",\"target\":[\"https:\\\/\\\/divertarte.com\\\/index.php\\\/produto\\\/selo-para-lacre-coroa\\\/\"]}]},{\"@type\":\"ImageObject\",\"inLanguage\":\"pt-PT\",\"@id\":\"https:\\\/\\\/divertarte.com\\\/index.php\\\/produto\\\/selo-para-lacre-coroa\\\/#primaryimage\",\"url\":\"https:\\\/\\\/divertarte.com\\\/wp-content\\\/uploads\\\/2021\\\/06\\\/sinete-coroa.jpg\",\"contentUrl\":\"https:\\\/\\\/divertarte.com\\\/wp-content\\\/uploads\\\/2021\\\/06\\\/sinete-coroa.jpg\",\"width\":300,\"height\":299},{\"@type\":\"BreadcrumbList\",\"@id\":\"https:\\\/\\\/divertarte.com\\\/index.php\\\/produto\\\/selo-para-lacre-coroa\\\/#breadcrumb\",\"itemListElement\":[{\"@type\":\"ListItem\",\"position\":1,\"name\":\"In\u00edcio\",\"item\":\"https:\\\/\\\/divertarte.com\\\/\"},{\"@type\":\"ListItem\",\"position\":2,\"name\":\"Loja\",\"item\":\"https:\\\/\\\/divertarte.com\\\/index.php\\\/divertarte-produtos\\\/\"},{\"@type\":\"ListItem\",\"position\":3,\"name\":\"Selo para Lacre Coroa\"}]},{\"@type\":\"WebSite\",\"@id\":\"https:\\\/\\\/divertarte.com\\\/#website\",\"url\":\"https:\\\/\\\/divertarte.com\\\/\",\"name\":\"Divertarte\",\"description\":\"\",\"publisher\":{\"@id\":\"https:\\\/\\\/divertarte.com\\\/#organization\"},\"potentialAction\":[{\"@type\":\"SearchAction\",\"target\":{\"@type\":\"EntryPoint\",\"urlTemplate\":\"https:\\\/\\\/divertarte.com\\\/?s={search_term_string}\"},\"query-input\":{\"@type\":\"PropertyValueSpecification\",\"valueRequired\":true,\"valueName\":\"search_term_string\"}}],\"inLanguage\":\"pt-PT\"},{\"@type\":\"Organization\",\"@id\":\"https:\\\/\\\/divertarte.com\\\/#organization\",\"name\":\"Divertarte\",\"url\":\"https:\\\/\\\/divertarte.com\\\/\",\"logo\":{\"@type\":\"ImageObject\",\"inLanguage\":\"pt-PT\",\"@id\":\"https:\\\/\\\/divertarte.com\\\/#\\\/schema\\\/logo\\\/image\\\/\",\"url\":\"https:\\\/\\\/divertarte.com\\\/wp-content\\\/uploads\\\/2018\\\/07\\\/logo-div.jpg\",\"contentUrl\":\"https:\\\/\\\/divertarte.com\\\/wp-content\\\/uploads\\\/2018\\\/07\\\/logo-div.jpg\",\"width\":295,\"height\":123,\"caption\":\"Divertarte\"},\"image\":{\"@id\":\"https:\\\/\\\/divertarte.com\\\/#\\\/schema\\\/logo\\\/image\\\/\"}}]}<\/script>\n<!-- \/ Yoast SEO plugin. -->","yoast_head_json":{"title":"Selo para Lacre Coroa -","description":"Selo para Lacre CoroaEstes sinetes de lacre podem ser usados para convites de casamento, convites, selos combinados, cartas de amor, livros de bolso, scrapbooking. Al\u00e9m disso lacre de garrafa de vinho, selos de embrulho, decora\u00e7\u00e3o de prenda retro ou antiga, tornando seu presente mais requintado.","robots":{"index":"index","follow":"follow","max-snippet":"max-snippet:-1","max-image-preview":"max-image-preview:large","max-video-preview":"max-video-preview:-1"},"canonical":"https:\/\/divertarte.com\/index.php\/produto\/selo-para-lacre-coroa\/","og_locale":"pt_PT","og_type":"article","og_title":"Selo para Lacre Coroa -","og_description":"Selo para Lacre CoroaEstes sinetes de lacre podem ser usados para convites de casamento, convites, selos combinados, cartas de amor, livros de bolso, scrapbooking. Al\u00e9m disso lacre de garrafa de vinho, selos de embrulho, decora\u00e7\u00e3o de prenda retro ou antiga, tornando seu presente mais requintado.","og_url":"https:\/\/divertarte.com\/index.php\/produto\/selo-para-lacre-coroa\/","article_modified_time":"2025-11-06T13:24:15+00:00","og_image":[{"width":300,"height":299,"url":"https:\/\/divertarte.com\/wp-content\/uploads\/2021\/06\/sinete-coroa.jpg","type":"image\/jpeg"}],"twitter_card":"summary_large_image","schema":{"@context":"https:\/\/schema.org","@graph":[{"@type":"WebPage","@id":"https:\/\/divertarte.com\/index.php\/produto\/selo-para-lacre-coroa\/","url":"https:\/\/divertarte.com\/index.php\/produto\/selo-para-lacre-coroa\/","name":"Selo para Lacre Coroa -","isPartOf":{"@id":"https:\/\/divertarte.com\/#website"},"primaryImageOfPage":{"@id":"https:\/\/divertarte.com\/index.php\/produto\/selo-para-lacre-coroa\/#primaryimage"},"image":{"@id":"https:\/\/divertarte.com\/index.php\/produto\/selo-para-lacre-coroa\/#primaryimage"},"thumbnailUrl":"https:\/\/divertarte.com\/wp-content\/uploads\/2021\/06\/sinete-coroa.jpg","datePublished":"2021-06-20T19:03:05+00:00","dateModified":"2025-11-06T13:24:15+00:00","description":"Selo para Lacre CoroaEstes sinetes de lacre podem ser usados para convites de casamento, convites, selos combinados, cartas de amor, livros de bolso, scrapbooking. Al\u00e9m disso lacre de garrafa de vinho, selos de embrulho, decora\u00e7\u00e3o de prenda retro ou antiga, tornando seu presente mais requintado.","breadcrumb":{"@id":"https:\/\/divertarte.com\/index.php\/produto\/selo-para-lacre-coroa\/#breadcrumb"},"inLanguage":"pt-PT","potentialAction":[{"@type":"ReadAction","target":["https:\/\/divertarte.com\/index.php\/produto\/selo-para-lacre-coroa\/"]}]},{"@type":"ImageObject","inLanguage":"pt-PT","@id":"https:\/\/divertarte.com\/index.php\/produto\/selo-para-lacre-coroa\/#primaryimage","url":"https:\/\/divertarte.com\/wp-content\/uploads\/2021\/06\/sinete-coroa.jpg","contentUrl":"https:\/\/divertarte.com\/wp-content\/uploads\/2021\/06\/sinete-coroa.jpg","width":300,"height":299},{"@type":"BreadcrumbList","@id":"https:\/\/divertarte.com\/index.php\/produto\/selo-para-lacre-coroa\/#breadcrumb","itemListElement":[{"@type":"ListItem","position":1,"name":"In\u00edcio","item":"https:\/\/divertarte.com\/"},{"@type":"ListItem","position":2,"name":"Loja","item":"https:\/\/divertarte.com\/index.php\/divertarte-produtos\/"},{"@type":"ListItem","position":3,"name":"Selo para Lacre Coroa"}]},{"@type":"WebSite","@id":"https:\/\/divertarte.com\/#website","url":"https:\/\/divertarte.com\/","name":"Divertarte","description":"","publisher":{"@id":"https:\/\/divertarte.com\/#organization"},"potentialAction":[{"@type":"SearchAction","target":{"@type":"EntryPoint","urlTemplate":"https:\/\/divertarte.com\/?s={search_term_string}"},"query-input":{"@type":"PropertyValueSpecification","valueRequired":true,"valueName":"search_term_string"}}],"inLanguage":"pt-PT"},{"@type":"Organization","@id":"https:\/\/divertarte.com\/#organization","name":"Divertarte","url":"https:\/\/divertarte.com\/","logo":{"@type":"ImageObject","inLanguage":"pt-PT","@id":"https:\/\/divertarte.com\/#\/schema\/logo\/image\/","url":"https:\/\/divertarte.com\/wp-content\/uploads\/2018\/07\/logo-div.jpg","contentUrl":"https:\/\/divertarte.com\/wp-content\/uploads\/2018\/07\/logo-div.jpg","width":295,"height":123,"caption":"Divertarte"},"image":{"@id":"https:\/\/divertarte.com\/#\/schema\/logo\/image\/"}}]}},"_links":{"self":[{"href":"https:\/\/divertarte.com\/index.php\/wp-json\/wp\/v2\/product\/14576","targetHints":{"allow":["GET"]}}],"collection":[{"href":"https:\/\/divertarte.com\/index.php\/wp-json\/wp\/v2\/product"}],"about":[{"href":"https:\/\/divertarte.com\/index.php\/wp-json\/wp\/v2\/types\/product"}],"replies":[{"embeddable":true,"href":"https:\/\/divertarte.com\/index.php\/wp-json\/wp\/v2\/comments?post=14576"}],"wp:featuredmedia":[{"embeddable":true,"href":"https:\/\/divertarte.com\/index.php\/wp-json\/wp\/v2\/media\/14594"}],"wp:attachment":[{"href":"https:\/\/divertarte.com\/index.php\/wp-json\/wp\/v2\/media?parent=14576"}],"wp:term":[{"taxonomy":"product_brand","embeddable":true,"href":"https:\/\/divertarte.com\/index.php\/wp-json\/wp\/v2\/product_brand?post=14576"},{"taxonomy":"product_cat","embeddable":true,"href":"https:\/\/divertarte.com\/index.php\/wp-json\/wp\/v2\/product_cat?post=14576"},{"taxonomy":"product_tag","embeddable":true,"href":"https:\/\/divertarte.com\/index.php\/wp-json\/wp\/v2\/product_tag?post=14576"}],"curies":[{"name":"wp","href":"https:\/\/api.w.org\/{rel}","templated":true}]}}