{"id":13225,"date":"2021-03-07T13:35:46","date_gmt":"2021-03-07T13:35:46","guid":{"rendered":"https:\/\/divertarte.com\/?post_type=product&#038;p=13225"},"modified":"2025-11-06T13:24:28","modified_gmt":"2025-11-06T13:24:28","slug":"molde-sabao-em-barra","status":"publish","type":"product","link":"https:\/\/divertarte.com\/index.php\/produto\/molde-sabao-em-barra\/","title":{"rendered":"Molde Silicone Sab\u00e3o em Barra"},"content":{"rendered":"<p align=\"justify\">Molde Sab\u00e3o em Barra. Molde de silicone para sabonete em barra. Protegido por caixa de madeira. Medidas 7x7x26 cm. Esta forma leva 1,200 kg de sab\u00e3o. Al\u00e9m disso n\u00e3o precisa de desmoldante<\/p>\n","protected":false},"excerpt":{"rendered":"<p>Molde de silicone para sab\u00e3o em barra, com caixa de madeira. Sabonete em barra. Medidas 7x7x26 cm. Leva 1,200 kg de sab\u00e3o e n\u00e3o precisa de desmoldante<\/p>\n","protected":false},"featured_media":13226,"comment_status":"open","ping_status":"closed","template":"","meta":{"_exactmetrics_skip_tracking":false,"_exactmetrics_sitenote_active":false,"_exactmetrics_sitenote_note":"","_exactmetrics_sitenote_category":0},"product_brand":[],"product_cat":[298,115,54,87,157,499,15],"product_tag":[713,754],"class_list":{"0":"post-13225","1":"product","2":"type-product","3":"status-publish","4":"has-post-thumbnail","6":"product_cat-moldes-silicone-alimentar-e-pastelaria","7":"product_cat-moldes-bolachas-e-bolos","8":"product_cat-moldes-de-silicone-em-portugal","9":"product_cat-moldes-diversos","10":"product_cat-moldes-para-sabonetes","11":"product_cat-moldes-sabao-em-barra","12":"product_cat-ver-todos-os-produtos","13":"product_tag-moldes-de-silicone-em-portugal","14":"product_tag-moldes-sabonete-em-barra","16":"first","17":"instock","18":"taxable","19":"shipping-taxable","20":"purchasable","21":"product-type-simple"},"yoast_head":"<!-- This site is optimized with the Yoast SEO plugin v27.5 - https:\/\/yoast.com\/product\/yoast-seo-wordpress\/ -->\n<title>Molde Silicone Sab\u00e3o em Barra -<\/title>\n<meta name=\"description\" content=\"Molde de silicone para sab\u00e3o em barra, com caixa de madeira. Medidas 7x7x26,5 cm. Leva 1,200 kg de sab\u00e3o e n\u00e3o precisa de desmoldante\" \/>\n<meta name=\"robots\" content=\"index, follow, max-snippet:-1, max-image-preview:large, max-video-preview:-1\" \/>\n<link rel=\"canonical\" href=\"https:\/\/divertarte.com\/index.php\/produto\/molde-sabao-em-barra\/\" \/>\n<meta property=\"og:locale\" content=\"pt_PT\" \/>\n<meta property=\"og:type\" content=\"article\" \/>\n<meta property=\"og:title\" content=\"Molde Silicone Sab\u00e3o em Barra -\" \/>\n<meta property=\"og:description\" content=\"Molde de silicone para sab\u00e3o em barra, com caixa de madeira. Medidas 7x7x26,5 cm. Leva 1,200 kg de sab\u00e3o e n\u00e3o precisa de desmoldante\" \/>\n<meta property=\"og:url\" content=\"https:\/\/divertarte.com\/index.php\/produto\/molde-sabao-em-barra\/\" \/>\n<meta property=\"article:modified_time\" content=\"2025-11-06T13:24:28+00:00\" \/>\n<meta property=\"og:image\" content=\"https:\/\/divertarte.com\/wp-content\/uploads\/2021\/03\/molde-barra-sabao-caixa-madeira.jpg\" \/>\n\t<meta property=\"og:image:width\" content=\"300\" \/>\n\t<meta property=\"og:image:height\" content=\"300\" \/>\n\t<meta property=\"og:image:type\" content=\"image\/jpeg\" \/>\n<meta name=\"twitter:card\" content=\"summary_large_image\" \/>\n<meta name=\"twitter:label1\" content=\"Tempo estimado de leitura\" \/>\n\t<meta name=\"twitter:data1\" content=\"1 minuto\" \/>\n<script type=\"application\/ld+json\" class=\"yoast-schema-graph\">{\"@context\":\"https:\\\/\\\/schema.org\",\"@graph\":[{\"@type\":\"WebPage\",\"@id\":\"https:\\\/\\\/divertarte.com\\\/index.php\\\/produto\\\/molde-sabao-em-barra\\\/\",\"url\":\"https:\\\/\\\/divertarte.com\\\/index.php\\\/produto\\\/molde-sabao-em-barra\\\/\",\"name\":\"Molde Silicone Sab\u00e3o em Barra -\",\"isPartOf\":{\"@id\":\"https:\\\/\\\/divertarte.com\\\/#website\"},\"primaryImageOfPage\":{\"@id\":\"https:\\\/\\\/divertarte.com\\\/index.php\\\/produto\\\/molde-sabao-em-barra\\\/#primaryimage\"},\"image\":{\"@id\":\"https:\\\/\\\/divertarte.com\\\/index.php\\\/produto\\\/molde-sabao-em-barra\\\/#primaryimage\"},\"thumbnailUrl\":\"https:\\\/\\\/divertarte.com\\\/wp-content\\\/uploads\\\/2021\\\/03\\\/molde-barra-sabao-caixa-madeira.jpg\",\"datePublished\":\"2021-03-07T13:35:46+00:00\",\"dateModified\":\"2025-11-06T13:24:28+00:00\",\"description\":\"Molde de silicone para sab\u00e3o em barra, com caixa de madeira. Medidas 7x7x26,5 cm. Leva 1,200 kg de sab\u00e3o e n\u00e3o precisa de desmoldante\",\"breadcrumb\":{\"@id\":\"https:\\\/\\\/divertarte.com\\\/index.php\\\/produto\\\/molde-sabao-em-barra\\\/#breadcrumb\"},\"inLanguage\":\"pt-PT\",\"potentialAction\":[{\"@type\":\"ReadAction\",\"target\":[\"https:\\\/\\\/divertarte.com\\\/index.php\\\/produto\\\/molde-sabao-em-barra\\\/\"]}]},{\"@type\":\"ImageObject\",\"inLanguage\":\"pt-PT\",\"@id\":\"https:\\\/\\\/divertarte.com\\\/index.php\\\/produto\\\/molde-sabao-em-barra\\\/#primaryimage\",\"url\":\"https:\\\/\\\/divertarte.com\\\/wp-content\\\/uploads\\\/2021\\\/03\\\/molde-barra-sabao-caixa-madeira.jpg\",\"contentUrl\":\"https:\\\/\\\/divertarte.com\\\/wp-content\\\/uploads\\\/2021\\\/03\\\/molde-barra-sabao-caixa-madeira.jpg\",\"width\":300,\"height\":300},{\"@type\":\"BreadcrumbList\",\"@id\":\"https:\\\/\\\/divertarte.com\\\/index.php\\\/produto\\\/molde-sabao-em-barra\\\/#breadcrumb\",\"itemListElement\":[{\"@type\":\"ListItem\",\"position\":1,\"name\":\"In\u00edcio\",\"item\":\"https:\\\/\\\/divertarte.com\\\/\"},{\"@type\":\"ListItem\",\"position\":2,\"name\":\"Loja\",\"item\":\"https:\\\/\\\/divertarte.com\\\/index.php\\\/divertarte-produtos\\\/\"},{\"@type\":\"ListItem\",\"position\":3,\"name\":\"Molde Silicone Sab\u00e3o em Barra\"}]},{\"@type\":\"WebSite\",\"@id\":\"https:\\\/\\\/divertarte.com\\\/#website\",\"url\":\"https:\\\/\\\/divertarte.com\\\/\",\"name\":\"Divertarte\",\"description\":\"\",\"publisher\":{\"@id\":\"https:\\\/\\\/divertarte.com\\\/#organization\"},\"potentialAction\":[{\"@type\":\"SearchAction\",\"target\":{\"@type\":\"EntryPoint\",\"urlTemplate\":\"https:\\\/\\\/divertarte.com\\\/?s={search_term_string}\"},\"query-input\":{\"@type\":\"PropertyValueSpecification\",\"valueRequired\":true,\"valueName\":\"search_term_string\"}}],\"inLanguage\":\"pt-PT\"},{\"@type\":\"Organization\",\"@id\":\"https:\\\/\\\/divertarte.com\\\/#organization\",\"name\":\"Divertarte\",\"url\":\"https:\\\/\\\/divertarte.com\\\/\",\"logo\":{\"@type\":\"ImageObject\",\"inLanguage\":\"pt-PT\",\"@id\":\"https:\\\/\\\/divertarte.com\\\/#\\\/schema\\\/logo\\\/image\\\/\",\"url\":\"https:\\\/\\\/divertarte.com\\\/wp-content\\\/uploads\\\/2018\\\/07\\\/logo-div.jpg\",\"contentUrl\":\"https:\\\/\\\/divertarte.com\\\/wp-content\\\/uploads\\\/2018\\\/07\\\/logo-div.jpg\",\"width\":295,\"height\":123,\"caption\":\"Divertarte\"},\"image\":{\"@id\":\"https:\\\/\\\/divertarte.com\\\/#\\\/schema\\\/logo\\\/image\\\/\"}}]}<\/script>\n<!-- \/ Yoast SEO plugin. -->","yoast_head_json":{"title":"Molde Silicone Sab\u00e3o em Barra -","description":"Molde de silicone para sab\u00e3o em barra, com caixa de madeira. Medidas 7x7x26,5 cm. Leva 1,200 kg de sab\u00e3o e n\u00e3o precisa de desmoldante","robots":{"index":"index","follow":"follow","max-snippet":"max-snippet:-1","max-image-preview":"max-image-preview:large","max-video-preview":"max-video-preview:-1"},"canonical":"https:\/\/divertarte.com\/index.php\/produto\/molde-sabao-em-barra\/","og_locale":"pt_PT","og_type":"article","og_title":"Molde Silicone Sab\u00e3o em Barra -","og_description":"Molde de silicone para sab\u00e3o em barra, com caixa de madeira. Medidas 7x7x26,5 cm. Leva 1,200 kg de sab\u00e3o e n\u00e3o precisa de desmoldante","og_url":"https:\/\/divertarte.com\/index.php\/produto\/molde-sabao-em-barra\/","article_modified_time":"2025-11-06T13:24:28+00:00","og_image":[{"width":300,"height":300,"url":"https:\/\/divertarte.com\/wp-content\/uploads\/2021\/03\/molde-barra-sabao-caixa-madeira.jpg","type":"image\/jpeg"}],"twitter_card":"summary_large_image","twitter_misc":{"Tempo estimado de leitura":"1 minuto"},"schema":{"@context":"https:\/\/schema.org","@graph":[{"@type":"WebPage","@id":"https:\/\/divertarte.com\/index.php\/produto\/molde-sabao-em-barra\/","url":"https:\/\/divertarte.com\/index.php\/produto\/molde-sabao-em-barra\/","name":"Molde Silicone Sab\u00e3o em Barra -","isPartOf":{"@id":"https:\/\/divertarte.com\/#website"},"primaryImageOfPage":{"@id":"https:\/\/divertarte.com\/index.php\/produto\/molde-sabao-em-barra\/#primaryimage"},"image":{"@id":"https:\/\/divertarte.com\/index.php\/produto\/molde-sabao-em-barra\/#primaryimage"},"thumbnailUrl":"https:\/\/divertarte.com\/wp-content\/uploads\/2021\/03\/molde-barra-sabao-caixa-madeira.jpg","datePublished":"2021-03-07T13:35:46+00:00","dateModified":"2025-11-06T13:24:28+00:00","description":"Molde de silicone para sab\u00e3o em barra, com caixa de madeira. Medidas 7x7x26,5 cm. Leva 1,200 kg de sab\u00e3o e n\u00e3o precisa de desmoldante","breadcrumb":{"@id":"https:\/\/divertarte.com\/index.php\/produto\/molde-sabao-em-barra\/#breadcrumb"},"inLanguage":"pt-PT","potentialAction":[{"@type":"ReadAction","target":["https:\/\/divertarte.com\/index.php\/produto\/molde-sabao-em-barra\/"]}]},{"@type":"ImageObject","inLanguage":"pt-PT","@id":"https:\/\/divertarte.com\/index.php\/produto\/molde-sabao-em-barra\/#primaryimage","url":"https:\/\/divertarte.com\/wp-content\/uploads\/2021\/03\/molde-barra-sabao-caixa-madeira.jpg","contentUrl":"https:\/\/divertarte.com\/wp-content\/uploads\/2021\/03\/molde-barra-sabao-caixa-madeira.jpg","width":300,"height":300},{"@type":"BreadcrumbList","@id":"https:\/\/divertarte.com\/index.php\/produto\/molde-sabao-em-barra\/#breadcrumb","itemListElement":[{"@type":"ListItem","position":1,"name":"In\u00edcio","item":"https:\/\/divertarte.com\/"},{"@type":"ListItem","position":2,"name":"Loja","item":"https:\/\/divertarte.com\/index.php\/divertarte-produtos\/"},{"@type":"ListItem","position":3,"name":"Molde Silicone Sab\u00e3o em Barra"}]},{"@type":"WebSite","@id":"https:\/\/divertarte.com\/#website","url":"https:\/\/divertarte.com\/","name":"Divertarte","description":"","publisher":{"@id":"https:\/\/divertarte.com\/#organization"},"potentialAction":[{"@type":"SearchAction","target":{"@type":"EntryPoint","urlTemplate":"https:\/\/divertarte.com\/?s={search_term_string}"},"query-input":{"@type":"PropertyValueSpecification","valueRequired":true,"valueName":"search_term_string"}}],"inLanguage":"pt-PT"},{"@type":"Organization","@id":"https:\/\/divertarte.com\/#organization","name":"Divertarte","url":"https:\/\/divertarte.com\/","logo":{"@type":"ImageObject","inLanguage":"pt-PT","@id":"https:\/\/divertarte.com\/#\/schema\/logo\/image\/","url":"https:\/\/divertarte.com\/wp-content\/uploads\/2018\/07\/logo-div.jpg","contentUrl":"https:\/\/divertarte.com\/wp-content\/uploads\/2018\/07\/logo-div.jpg","width":295,"height":123,"caption":"Divertarte"},"image":{"@id":"https:\/\/divertarte.com\/#\/schema\/logo\/image\/"}}]}},"_links":{"self":[{"href":"https:\/\/divertarte.com\/index.php\/wp-json\/wp\/v2\/product\/13225","targetHints":{"allow":["GET"]}}],"collection":[{"href":"https:\/\/divertarte.com\/index.php\/wp-json\/wp\/v2\/product"}],"about":[{"href":"https:\/\/divertarte.com\/index.php\/wp-json\/wp\/v2\/types\/product"}],"replies":[{"embeddable":true,"href":"https:\/\/divertarte.com\/index.php\/wp-json\/wp\/v2\/comments?post=13225"}],"wp:featuredmedia":[{"embeddable":true,"href":"https:\/\/divertarte.com\/index.php\/wp-json\/wp\/v2\/media\/13226"}],"wp:attachment":[{"href":"https:\/\/divertarte.com\/index.php\/wp-json\/wp\/v2\/media?parent=13225"}],"wp:term":[{"taxonomy":"product_brand","embeddable":true,"href":"https:\/\/divertarte.com\/index.php\/wp-json\/wp\/v2\/product_brand?post=13225"},{"taxonomy":"product_cat","embeddable":true,"href":"https:\/\/divertarte.com\/index.php\/wp-json\/wp\/v2\/product_cat?post=13225"},{"taxonomy":"product_tag","embeddable":true,"href":"https:\/\/divertarte.com\/index.php\/wp-json\/wp\/v2\/product_tag?post=13225"}],"curies":[{"name":"wp","href":"https:\/\/api.w.org\/{rel}","templated":true}]}}