{"id":13091,"date":"2021-02-21T00:48:38","date_gmt":"2021-02-21T00:48:38","guid":{"rendered":"https:\/\/divertarte.com\/?post_type=product&#038;p=13091"},"modified":"2025-11-06T13:24:30","modified_gmt":"2025-11-06T13:24:30","slug":"13091","status":"publish","type":"product","link":"https:\/\/divertarte.com\/index.php\/produto\/13091\/","title":{"rendered":"Caixa Gaiola redonda"},"content":{"rendered":"<p>Caixa Gaiola redonda, 10 unidades 5x14cm. Caixa em cartolina para brindes de noivos, comunh\u00e3o, batizado, para oferta aos convidados<br \/>\nIdeais para encher com bombons, am\u00eandoas, ou uma pequena lembran\u00e7a. as caixinhas s\u00e3o vendidas prontas a montar<\/p>\n","protected":false},"excerpt":{"rendered":"<p>Caixa Gaiola redonda, 10 unidades 5x14cm. Caixa em cartolina para brindes de noivos, comunh\u00e3o, batizado, para oferta aos convidados<br \/>\nIdeais para encher com bombons, am\u00eandoas, ou uma pequena lembran\u00e7a. as caixinhas s\u00e3o vendidas prontas a montar<\/p>\n","protected":false},"featured_media":13092,"comment_status":"open","ping_status":"closed","template":"","meta":{"_exactmetrics_skip_tracking":false,"_exactmetrics_sitenote_active":false,"_exactmetrics_sitenote_note":"","_exactmetrics_sitenote_category":0},"product_brand":[],"product_cat":[282,15],"product_tag":[],"class_list":{"0":"post-13091","1":"product","2":"type-product","3":"status-publish","4":"has-post-thumbnail","6":"product_cat-caixinhas-para-presentes-e-brindes","7":"product_cat-ver-todos-os-produtos","9":"first","10":"instock","11":"taxable","12":"shipping-taxable","13":"purchasable","14":"product-type-simple"},"yoast_head":"<!-- This site is optimized with the Yoast SEO plugin v27.5 - https:\/\/yoast.com\/product\/yoast-seo-wordpress\/ -->\n<title>Caixa Gaiola redonda -<\/title>\n<meta name=\"description\" content=\"Caixa em cartolina para brindes de noivos, comunh\u00e3o, batizado, para oferta aos convidados\u00a0Ideais para encher com bombons, am\u00eandoas, ou uma pequena lembran\u00e7a.\" \/>\n<meta name=\"robots\" content=\"index, follow, max-snippet:-1, max-image-preview:large, max-video-preview:-1\" \/>\n<link rel=\"canonical\" href=\"https:\/\/divertarte.com\/index.php\/produto\/13091\/\" \/>\n<meta property=\"og:locale\" content=\"pt_PT\" \/>\n<meta property=\"og:type\" content=\"article\" \/>\n<meta property=\"og:title\" content=\"Caixa Gaiola redonda -\" \/>\n<meta property=\"og:description\" content=\"Caixa em cartolina para brindes de noivos, comunh\u00e3o, batizado, para oferta aos convidados\u00a0Ideais para encher com bombons, am\u00eandoas, ou uma pequena lembran\u00e7a.\" \/>\n<meta property=\"og:url\" content=\"https:\/\/divertarte.com\/index.php\/produto\/13091\/\" \/>\n<meta property=\"article:modified_time\" content=\"2025-11-06T13:24:30+00:00\" \/>\n<meta property=\"og:image\" content=\"https:\/\/divertarte.com\/wp-content\/uploads\/2021\/02\/Caixa-gaiola-5x14cm.jpg\" \/>\n\t<meta property=\"og:image:width\" content=\"400\" \/>\n\t<meta property=\"og:image:height\" content=\"400\" \/>\n\t<meta property=\"og:image:type\" content=\"image\/jpeg\" \/>\n<meta name=\"twitter:card\" content=\"summary_large_image\" \/>\n<script type=\"application\/ld+json\" class=\"yoast-schema-graph\">{\"@context\":\"https:\\\/\\\/schema.org\",\"@graph\":[{\"@type\":\"WebPage\",\"@id\":\"https:\\\/\\\/divertarte.com\\\/index.php\\\/produto\\\/13091\\\/\",\"url\":\"https:\\\/\\\/divertarte.com\\\/index.php\\\/produto\\\/13091\\\/\",\"name\":\"Caixa Gaiola redonda -\",\"isPartOf\":{\"@id\":\"https:\\\/\\\/divertarte.com\\\/#website\"},\"primaryImageOfPage\":{\"@id\":\"https:\\\/\\\/divertarte.com\\\/index.php\\\/produto\\\/13091\\\/#primaryimage\"},\"image\":{\"@id\":\"https:\\\/\\\/divertarte.com\\\/index.php\\\/produto\\\/13091\\\/#primaryimage\"},\"thumbnailUrl\":\"https:\\\/\\\/divertarte.com\\\/wp-content\\\/uploads\\\/2021\\\/02\\\/Caixa-gaiola-5x14cm.jpg\",\"datePublished\":\"2021-02-21T00:48:38+00:00\",\"dateModified\":\"2025-11-06T13:24:30+00:00\",\"description\":\"Caixa em cartolina para brindes de noivos, comunh\u00e3o, batizado, para oferta aos convidados\u00a0Ideais para encher com bombons, am\u00eandoas, ou uma pequena lembran\u00e7a.\",\"breadcrumb\":{\"@id\":\"https:\\\/\\\/divertarte.com\\\/index.php\\\/produto\\\/13091\\\/#breadcrumb\"},\"inLanguage\":\"pt-PT\",\"potentialAction\":[{\"@type\":\"ReadAction\",\"target\":[\"https:\\\/\\\/divertarte.com\\\/index.php\\\/produto\\\/13091\\\/\"]}]},{\"@type\":\"ImageObject\",\"inLanguage\":\"pt-PT\",\"@id\":\"https:\\\/\\\/divertarte.com\\\/index.php\\\/produto\\\/13091\\\/#primaryimage\",\"url\":\"https:\\\/\\\/divertarte.com\\\/wp-content\\\/uploads\\\/2021\\\/02\\\/Caixa-gaiola-5x14cm.jpg\",\"contentUrl\":\"https:\\\/\\\/divertarte.com\\\/wp-content\\\/uploads\\\/2021\\\/02\\\/Caixa-gaiola-5x14cm.jpg\",\"width\":400,\"height\":400},{\"@type\":\"BreadcrumbList\",\"@id\":\"https:\\\/\\\/divertarte.com\\\/index.php\\\/produto\\\/13091\\\/#breadcrumb\",\"itemListElement\":[{\"@type\":\"ListItem\",\"position\":1,\"name\":\"In\u00edcio\",\"item\":\"https:\\\/\\\/divertarte.com\\\/\"},{\"@type\":\"ListItem\",\"position\":2,\"name\":\"Loja\",\"item\":\"https:\\\/\\\/divertarte.com\\\/index.php\\\/divertarte-produtos\\\/\"},{\"@type\":\"ListItem\",\"position\":3,\"name\":\"Caixa Gaiola redonda\"}]},{\"@type\":\"WebSite\",\"@id\":\"https:\\\/\\\/divertarte.com\\\/#website\",\"url\":\"https:\\\/\\\/divertarte.com\\\/\",\"name\":\"Divertarte\",\"description\":\"\",\"publisher\":{\"@id\":\"https:\\\/\\\/divertarte.com\\\/#organization\"},\"potentialAction\":[{\"@type\":\"SearchAction\",\"target\":{\"@type\":\"EntryPoint\",\"urlTemplate\":\"https:\\\/\\\/divertarte.com\\\/?s={search_term_string}\"},\"query-input\":{\"@type\":\"PropertyValueSpecification\",\"valueRequired\":true,\"valueName\":\"search_term_string\"}}],\"inLanguage\":\"pt-PT\"},{\"@type\":\"Organization\",\"@id\":\"https:\\\/\\\/divertarte.com\\\/#organization\",\"name\":\"Divertarte\",\"url\":\"https:\\\/\\\/divertarte.com\\\/\",\"logo\":{\"@type\":\"ImageObject\",\"inLanguage\":\"pt-PT\",\"@id\":\"https:\\\/\\\/divertarte.com\\\/#\\\/schema\\\/logo\\\/image\\\/\",\"url\":\"https:\\\/\\\/divertarte.com\\\/wp-content\\\/uploads\\\/2018\\\/07\\\/logo-div.jpg\",\"contentUrl\":\"https:\\\/\\\/divertarte.com\\\/wp-content\\\/uploads\\\/2018\\\/07\\\/logo-div.jpg\",\"width\":295,\"height\":123,\"caption\":\"Divertarte\"},\"image\":{\"@id\":\"https:\\\/\\\/divertarte.com\\\/#\\\/schema\\\/logo\\\/image\\\/\"}}]}<\/script>\n<!-- \/ Yoast SEO plugin. -->","yoast_head_json":{"title":"Caixa Gaiola redonda -","description":"Caixa em cartolina para brindes de noivos, comunh\u00e3o, batizado, para oferta aos convidados\u00a0Ideais para encher com bombons, am\u00eandoas, ou uma pequena lembran\u00e7a.","robots":{"index":"index","follow":"follow","max-snippet":"max-snippet:-1","max-image-preview":"max-image-preview:large","max-video-preview":"max-video-preview:-1"},"canonical":"https:\/\/divertarte.com\/index.php\/produto\/13091\/","og_locale":"pt_PT","og_type":"article","og_title":"Caixa Gaiola redonda -","og_description":"Caixa em cartolina para brindes de noivos, comunh\u00e3o, batizado, para oferta aos convidados\u00a0Ideais para encher com bombons, am\u00eandoas, ou uma pequena lembran\u00e7a.","og_url":"https:\/\/divertarte.com\/index.php\/produto\/13091\/","article_modified_time":"2025-11-06T13:24:30+00:00","og_image":[{"width":400,"height":400,"url":"https:\/\/divertarte.com\/wp-content\/uploads\/2021\/02\/Caixa-gaiola-5x14cm.jpg","type":"image\/jpeg"}],"twitter_card":"summary_large_image","schema":{"@context":"https:\/\/schema.org","@graph":[{"@type":"WebPage","@id":"https:\/\/divertarte.com\/index.php\/produto\/13091\/","url":"https:\/\/divertarte.com\/index.php\/produto\/13091\/","name":"Caixa Gaiola redonda -","isPartOf":{"@id":"https:\/\/divertarte.com\/#website"},"primaryImageOfPage":{"@id":"https:\/\/divertarte.com\/index.php\/produto\/13091\/#primaryimage"},"image":{"@id":"https:\/\/divertarte.com\/index.php\/produto\/13091\/#primaryimage"},"thumbnailUrl":"https:\/\/divertarte.com\/wp-content\/uploads\/2021\/02\/Caixa-gaiola-5x14cm.jpg","datePublished":"2021-02-21T00:48:38+00:00","dateModified":"2025-11-06T13:24:30+00:00","description":"Caixa em cartolina para brindes de noivos, comunh\u00e3o, batizado, para oferta aos convidados\u00a0Ideais para encher com bombons, am\u00eandoas, ou uma pequena lembran\u00e7a.","breadcrumb":{"@id":"https:\/\/divertarte.com\/index.php\/produto\/13091\/#breadcrumb"},"inLanguage":"pt-PT","potentialAction":[{"@type":"ReadAction","target":["https:\/\/divertarte.com\/index.php\/produto\/13091\/"]}]},{"@type":"ImageObject","inLanguage":"pt-PT","@id":"https:\/\/divertarte.com\/index.php\/produto\/13091\/#primaryimage","url":"https:\/\/divertarte.com\/wp-content\/uploads\/2021\/02\/Caixa-gaiola-5x14cm.jpg","contentUrl":"https:\/\/divertarte.com\/wp-content\/uploads\/2021\/02\/Caixa-gaiola-5x14cm.jpg","width":400,"height":400},{"@type":"BreadcrumbList","@id":"https:\/\/divertarte.com\/index.php\/produto\/13091\/#breadcrumb","itemListElement":[{"@type":"ListItem","position":1,"name":"In\u00edcio","item":"https:\/\/divertarte.com\/"},{"@type":"ListItem","position":2,"name":"Loja","item":"https:\/\/divertarte.com\/index.php\/divertarte-produtos\/"},{"@type":"ListItem","position":3,"name":"Caixa Gaiola redonda"}]},{"@type":"WebSite","@id":"https:\/\/divertarte.com\/#website","url":"https:\/\/divertarte.com\/","name":"Divertarte","description":"","publisher":{"@id":"https:\/\/divertarte.com\/#organization"},"potentialAction":[{"@type":"SearchAction","target":{"@type":"EntryPoint","urlTemplate":"https:\/\/divertarte.com\/?s={search_term_string}"},"query-input":{"@type":"PropertyValueSpecification","valueRequired":true,"valueName":"search_term_string"}}],"inLanguage":"pt-PT"},{"@type":"Organization","@id":"https:\/\/divertarte.com\/#organization","name":"Divertarte","url":"https:\/\/divertarte.com\/","logo":{"@type":"ImageObject","inLanguage":"pt-PT","@id":"https:\/\/divertarte.com\/#\/schema\/logo\/image\/","url":"https:\/\/divertarte.com\/wp-content\/uploads\/2018\/07\/logo-div.jpg","contentUrl":"https:\/\/divertarte.com\/wp-content\/uploads\/2018\/07\/logo-div.jpg","width":295,"height":123,"caption":"Divertarte"},"image":{"@id":"https:\/\/divertarte.com\/#\/schema\/logo\/image\/"}}]}},"_links":{"self":[{"href":"https:\/\/divertarte.com\/index.php\/wp-json\/wp\/v2\/product\/13091","targetHints":{"allow":["GET"]}}],"collection":[{"href":"https:\/\/divertarte.com\/index.php\/wp-json\/wp\/v2\/product"}],"about":[{"href":"https:\/\/divertarte.com\/index.php\/wp-json\/wp\/v2\/types\/product"}],"replies":[{"embeddable":true,"href":"https:\/\/divertarte.com\/index.php\/wp-json\/wp\/v2\/comments?post=13091"}],"wp:featuredmedia":[{"embeddable":true,"href":"https:\/\/divertarte.com\/index.php\/wp-json\/wp\/v2\/media\/13092"}],"wp:attachment":[{"href":"https:\/\/divertarte.com\/index.php\/wp-json\/wp\/v2\/media?parent=13091"}],"wp:term":[{"taxonomy":"product_brand","embeddable":true,"href":"https:\/\/divertarte.com\/index.php\/wp-json\/wp\/v2\/product_brand?post=13091"},{"taxonomy":"product_cat","embeddable":true,"href":"https:\/\/divertarte.com\/index.php\/wp-json\/wp\/v2\/product_cat?post=13091"},{"taxonomy":"product_tag","embeddable":true,"href":"https:\/\/divertarte.com\/index.php\/wp-json\/wp\/v2\/product_tag?post=13091"}],"curies":[{"name":"wp","href":"https:\/\/api.w.org\/{rel}","templated":true}]}}