{"id":12735,"date":"2021-01-24T20:33:44","date_gmt":"2021-01-24T20:33:44","guid":{"rendered":"https:\/\/divertarte.com\/?post_type=product&#038;p=12735"},"modified":"2026-01-15T17:13:18","modified_gmt":"2026-01-15T17:13:18","slug":"molde-de-silicone-noivos","status":"publish","type":"product","link":"https:\/\/divertarte.com\/index.php\/produto\/molde-de-silicone-noivos\/","title":{"rendered":"Molde de Silicone Noivos"},"content":{"rendered":"<div class=\"summary entry-summary\">\n<div class=\"woocommerce-product-details__short-description\">\n<p>Molde de Silicone Noivos &#8211; moldes namorados, moldes cora\u00e7\u00e3o,<\/p>\n<p>Medidas de cora\u00e7\u00e3o: Largura: 7.5&#215;7,5&#215;2.5 cent\u00edmetros.<\/p>\n<p>Moldes para sabonete como prendinha de casamento, dia dos namorados, dia S\u00e3o Valentim. Al\u00e9m disso podes fazer gesso aromatizado.<\/p>\n<\/div>\n<\/div>\n","protected":false},"excerpt":{"rendered":"<p>Molde de Silicone Noivos<\/p>\n<p>Medidas de cora\u00e7\u00e3o: Largura: 7.5&#215;7,5&#215;2.5 cent\u00edmetros.<\/p>\n<p>Moldes para sabonete como prendinha de casamento, dia dos namorados. Al\u00e9m disso podes fazer gesso aromatizado.<\/p>\n","protected":false},"featured_media":22307,"comment_status":"open","ping_status":"closed","template":"","meta":{"_exactmetrics_skip_tracking":false,"_exactmetrics_sitenote_active":false,"_exactmetrics_sitenote_note":"","_exactmetrics_sitenote_category":0},"product_brand":[],"product_cat":[286,93,54,88,87,213,294,157],"product_tag":[800,801],"class_list":{"0":"post-12735","1":"product","2":"type-product","3":"status-publish","4":"has-post-thumbnail","6":"product_cat-dia-dos-namorados-s-valentim","7":"product_cat-moldes-coracao","8":"product_cat-moldes-de-silicone-em-portugal","9":"product_cat-moldes-s-valentim","10":"product_cat-moldes-diversos","11":"product_cat-moldes-em-promocao","12":"product_cat-moldes-noivos","13":"product_cat-moldes-para-sabonetes","14":"product_tag-moldes-coracao","15":"product_tag-moldes-dia-namorados","17":"first","18":"instock","19":"sale","20":"taxable","21":"shipping-taxable","22":"purchasable","23":"product-type-simple"},"yoast_head":"<!-- This site is optimized with the Yoast SEO plugin v27.4 - https:\/\/yoast.com\/product\/yoast-seo-wordpress\/ -->\n<title>Molde de Silicone Noivos -<\/title>\n<meta name=\"description\" content=\"Molde para sabonete como prendinha de casamento, dia dos namorados. Al\u00e9m disso podes fazer gesso aromatizado.\" \/>\n<meta name=\"robots\" content=\"index, follow, max-snippet:-1, max-image-preview:large, max-video-preview:-1\" \/>\n<link rel=\"canonical\" href=\"https:\/\/divertarte.com\/index.php\/produto\/molde-de-silicone-noivos\/\" \/>\n<meta property=\"og:locale\" content=\"pt_PT\" \/>\n<meta property=\"og:type\" content=\"article\" \/>\n<meta property=\"og:title\" content=\"Molde de Silicone Noivos -\" \/>\n<meta property=\"og:description\" content=\"Molde para sabonete como prendinha de casamento, dia dos namorados. Al\u00e9m disso podes fazer gesso aromatizado.\" \/>\n<meta property=\"og:url\" content=\"https:\/\/divertarte.com\/index.php\/produto\/molde-de-silicone-noivos\/\" \/>\n<meta property=\"article:modified_time\" content=\"2026-01-15T17:13:18+00:00\" \/>\n<meta property=\"og:image\" content=\"https:\/\/divertarte.com\/wp-content\/uploads\/2021\/01\/Molde-Silicone-Noivos-1.jpg\" \/>\n\t<meta property=\"og:image:width\" content=\"300\" \/>\n\t<meta property=\"og:image:height\" content=\"296\" \/>\n\t<meta property=\"og:image:type\" content=\"image\/jpeg\" \/>\n<meta name=\"twitter:card\" content=\"summary_large_image\" \/>\n<script type=\"application\/ld+json\" class=\"yoast-schema-graph\">{\"@context\":\"https:\\\/\\\/schema.org\",\"@graph\":[{\"@type\":\"WebPage\",\"@id\":\"https:\\\/\\\/divertarte.com\\\/index.php\\\/produto\\\/molde-de-silicone-noivos\\\/\",\"url\":\"https:\\\/\\\/divertarte.com\\\/index.php\\\/produto\\\/molde-de-silicone-noivos\\\/\",\"name\":\"Molde de Silicone Noivos -\",\"isPartOf\":{\"@id\":\"https:\\\/\\\/divertarte.com\\\/#website\"},\"primaryImageOfPage\":{\"@id\":\"https:\\\/\\\/divertarte.com\\\/index.php\\\/produto\\\/molde-de-silicone-noivos\\\/#primaryimage\"},\"image\":{\"@id\":\"https:\\\/\\\/divertarte.com\\\/index.php\\\/produto\\\/molde-de-silicone-noivos\\\/#primaryimage\"},\"thumbnailUrl\":\"https:\\\/\\\/divertarte.com\\\/wp-content\\\/uploads\\\/2021\\\/01\\\/Molde-Silicone-Noivos-1.jpg\",\"datePublished\":\"2021-01-24T20:33:44+00:00\",\"dateModified\":\"2026-01-15T17:13:18+00:00\",\"description\":\"Molde para sabonete como prendinha de casamento, dia dos namorados. Al\u00e9m disso podes fazer gesso aromatizado.\",\"breadcrumb\":{\"@id\":\"https:\\\/\\\/divertarte.com\\\/index.php\\\/produto\\\/molde-de-silicone-noivos\\\/#breadcrumb\"},\"inLanguage\":\"pt-PT\",\"potentialAction\":[{\"@type\":\"ReadAction\",\"target\":[\"https:\\\/\\\/divertarte.com\\\/index.php\\\/produto\\\/molde-de-silicone-noivos\\\/\"]}]},{\"@type\":\"ImageObject\",\"inLanguage\":\"pt-PT\",\"@id\":\"https:\\\/\\\/divertarte.com\\\/index.php\\\/produto\\\/molde-de-silicone-noivos\\\/#primaryimage\",\"url\":\"https:\\\/\\\/divertarte.com\\\/wp-content\\\/uploads\\\/2021\\\/01\\\/Molde-Silicone-Noivos-1.jpg\",\"contentUrl\":\"https:\\\/\\\/divertarte.com\\\/wp-content\\\/uploads\\\/2021\\\/01\\\/Molde-Silicone-Noivos-1.jpg\",\"width\":300,\"height\":296},{\"@type\":\"BreadcrumbList\",\"@id\":\"https:\\\/\\\/divertarte.com\\\/index.php\\\/produto\\\/molde-de-silicone-noivos\\\/#breadcrumb\",\"itemListElement\":[{\"@type\":\"ListItem\",\"position\":1,\"name\":\"In\u00edcio\",\"item\":\"https:\\\/\\\/divertarte.com\\\/\"},{\"@type\":\"ListItem\",\"position\":2,\"name\":\"Loja\",\"item\":\"https:\\\/\\\/divertarte.com\\\/index.php\\\/divertarte-produtos\\\/\"},{\"@type\":\"ListItem\",\"position\":3,\"name\":\"Molde de Silicone Noivos\"}]},{\"@type\":\"WebSite\",\"@id\":\"https:\\\/\\\/divertarte.com\\\/#website\",\"url\":\"https:\\\/\\\/divertarte.com\\\/\",\"name\":\"Divertarte\",\"description\":\"\",\"publisher\":{\"@id\":\"https:\\\/\\\/divertarte.com\\\/#organization\"},\"potentialAction\":[{\"@type\":\"SearchAction\",\"target\":{\"@type\":\"EntryPoint\",\"urlTemplate\":\"https:\\\/\\\/divertarte.com\\\/?s={search_term_string}\"},\"query-input\":{\"@type\":\"PropertyValueSpecification\",\"valueRequired\":true,\"valueName\":\"search_term_string\"}}],\"inLanguage\":\"pt-PT\"},{\"@type\":\"Organization\",\"@id\":\"https:\\\/\\\/divertarte.com\\\/#organization\",\"name\":\"Divertarte\",\"url\":\"https:\\\/\\\/divertarte.com\\\/\",\"logo\":{\"@type\":\"ImageObject\",\"inLanguage\":\"pt-PT\",\"@id\":\"https:\\\/\\\/divertarte.com\\\/#\\\/schema\\\/logo\\\/image\\\/\",\"url\":\"https:\\\/\\\/divertarte.com\\\/wp-content\\\/uploads\\\/2018\\\/07\\\/logo-div.jpg\",\"contentUrl\":\"https:\\\/\\\/divertarte.com\\\/wp-content\\\/uploads\\\/2018\\\/07\\\/logo-div.jpg\",\"width\":295,\"height\":123,\"caption\":\"Divertarte\"},\"image\":{\"@id\":\"https:\\\/\\\/divertarte.com\\\/#\\\/schema\\\/logo\\\/image\\\/\"}}]}<\/script>\n<!-- \/ Yoast SEO plugin. -->","yoast_head_json":{"title":"Molde de Silicone Noivos -","description":"Molde para sabonete como prendinha de casamento, dia dos namorados. Al\u00e9m disso podes fazer gesso aromatizado.","robots":{"index":"index","follow":"follow","max-snippet":"max-snippet:-1","max-image-preview":"max-image-preview:large","max-video-preview":"max-video-preview:-1"},"canonical":"https:\/\/divertarte.com\/index.php\/produto\/molde-de-silicone-noivos\/","og_locale":"pt_PT","og_type":"article","og_title":"Molde de Silicone Noivos -","og_description":"Molde para sabonete como prendinha de casamento, dia dos namorados. Al\u00e9m disso podes fazer gesso aromatizado.","og_url":"https:\/\/divertarte.com\/index.php\/produto\/molde-de-silicone-noivos\/","article_modified_time":"2026-01-15T17:13:18+00:00","og_image":[{"width":300,"height":296,"url":"https:\/\/divertarte.com\/wp-content\/uploads\/2021\/01\/Molde-Silicone-Noivos-1.jpg","type":"image\/jpeg"}],"twitter_card":"summary_large_image","schema":{"@context":"https:\/\/schema.org","@graph":[{"@type":"WebPage","@id":"https:\/\/divertarte.com\/index.php\/produto\/molde-de-silicone-noivos\/","url":"https:\/\/divertarte.com\/index.php\/produto\/molde-de-silicone-noivos\/","name":"Molde de Silicone Noivos -","isPartOf":{"@id":"https:\/\/divertarte.com\/#website"},"primaryImageOfPage":{"@id":"https:\/\/divertarte.com\/index.php\/produto\/molde-de-silicone-noivos\/#primaryimage"},"image":{"@id":"https:\/\/divertarte.com\/index.php\/produto\/molde-de-silicone-noivos\/#primaryimage"},"thumbnailUrl":"https:\/\/divertarte.com\/wp-content\/uploads\/2021\/01\/Molde-Silicone-Noivos-1.jpg","datePublished":"2021-01-24T20:33:44+00:00","dateModified":"2026-01-15T17:13:18+00:00","description":"Molde para sabonete como prendinha de casamento, dia dos namorados. Al\u00e9m disso podes fazer gesso aromatizado.","breadcrumb":{"@id":"https:\/\/divertarte.com\/index.php\/produto\/molde-de-silicone-noivos\/#breadcrumb"},"inLanguage":"pt-PT","potentialAction":[{"@type":"ReadAction","target":["https:\/\/divertarte.com\/index.php\/produto\/molde-de-silicone-noivos\/"]}]},{"@type":"ImageObject","inLanguage":"pt-PT","@id":"https:\/\/divertarte.com\/index.php\/produto\/molde-de-silicone-noivos\/#primaryimage","url":"https:\/\/divertarte.com\/wp-content\/uploads\/2021\/01\/Molde-Silicone-Noivos-1.jpg","contentUrl":"https:\/\/divertarte.com\/wp-content\/uploads\/2021\/01\/Molde-Silicone-Noivos-1.jpg","width":300,"height":296},{"@type":"BreadcrumbList","@id":"https:\/\/divertarte.com\/index.php\/produto\/molde-de-silicone-noivos\/#breadcrumb","itemListElement":[{"@type":"ListItem","position":1,"name":"In\u00edcio","item":"https:\/\/divertarte.com\/"},{"@type":"ListItem","position":2,"name":"Loja","item":"https:\/\/divertarte.com\/index.php\/divertarte-produtos\/"},{"@type":"ListItem","position":3,"name":"Molde de Silicone Noivos"}]},{"@type":"WebSite","@id":"https:\/\/divertarte.com\/#website","url":"https:\/\/divertarte.com\/","name":"Divertarte","description":"","publisher":{"@id":"https:\/\/divertarte.com\/#organization"},"potentialAction":[{"@type":"SearchAction","target":{"@type":"EntryPoint","urlTemplate":"https:\/\/divertarte.com\/?s={search_term_string}"},"query-input":{"@type":"PropertyValueSpecification","valueRequired":true,"valueName":"search_term_string"}}],"inLanguage":"pt-PT"},{"@type":"Organization","@id":"https:\/\/divertarte.com\/#organization","name":"Divertarte","url":"https:\/\/divertarte.com\/","logo":{"@type":"ImageObject","inLanguage":"pt-PT","@id":"https:\/\/divertarte.com\/#\/schema\/logo\/image\/","url":"https:\/\/divertarte.com\/wp-content\/uploads\/2018\/07\/logo-div.jpg","contentUrl":"https:\/\/divertarte.com\/wp-content\/uploads\/2018\/07\/logo-div.jpg","width":295,"height":123,"caption":"Divertarte"},"image":{"@id":"https:\/\/divertarte.com\/#\/schema\/logo\/image\/"}}]}},"_links":{"self":[{"href":"https:\/\/divertarte.com\/index.php\/wp-json\/wp\/v2\/product\/12735","targetHints":{"allow":["GET"]}}],"collection":[{"href":"https:\/\/divertarte.com\/index.php\/wp-json\/wp\/v2\/product"}],"about":[{"href":"https:\/\/divertarte.com\/index.php\/wp-json\/wp\/v2\/types\/product"}],"replies":[{"embeddable":true,"href":"https:\/\/divertarte.com\/index.php\/wp-json\/wp\/v2\/comments?post=12735"}],"wp:featuredmedia":[{"embeddable":true,"href":"https:\/\/divertarte.com\/index.php\/wp-json\/wp\/v2\/media\/22307"}],"wp:attachment":[{"href":"https:\/\/divertarte.com\/index.php\/wp-json\/wp\/v2\/media?parent=12735"}],"wp:term":[{"taxonomy":"product_brand","embeddable":true,"href":"https:\/\/divertarte.com\/index.php\/wp-json\/wp\/v2\/product_brand?post=12735"},{"taxonomy":"product_cat","embeddable":true,"href":"https:\/\/divertarte.com\/index.php\/wp-json\/wp\/v2\/product_cat?post=12735"},{"taxonomy":"product_tag","embeddable":true,"href":"https:\/\/divertarte.com\/index.php\/wp-json\/wp\/v2\/product_tag?post=12735"}],"curies":[{"name":"wp","href":"https:\/\/api.w.org\/{rel}","templated":true}]}}