{"id":10915,"date":"2020-06-13T19:31:48","date_gmt":"2020-06-13T18:31:48","guid":{"rendered":"https:\/\/divertarte.com\/?post_type=product&#038;p=10915"},"modified":"2025-11-06T13:34:44","modified_gmt":"2025-11-06T13:34:44","slug":"canela-pau-20-cm-1kg","status":"publish","type":"product","link":"https:\/\/divertarte.com\/index.php\/produto\/canela-pau-20-cm-1kg\/","title":{"rendered":"Canela em Pau 20cm 1 kg"},"content":{"rendered":"<p>Paus de Canela 20 cm &#8211; Peso l\u00edquido 1kg<\/p>\n<p>Destina-se a decora\u00e7\u00e3o de velas e sabonetes, enfeites em prendinhas de casamento, arranjos decorativos para bares e hot\u00e9is. Contudo n\u00e3o \u00e9 alimentar.<\/p>\n","protected":false},"excerpt":{"rendered":"<p>Paus de Canela 20 cm &#8211; Peso l\u00edquido 1kg<\/p>\n<p>Destina-se a decora\u00e7\u00e3o de velas e sabonetes, enfeites em prendinhas de casamento, arranjos decorativos para bares e hot\u00e9is. Contudo n\u00e3o \u00e9 alimentar.<\/p>\n","protected":false},"featured_media":10916,"comment_status":"open","ping_status":"closed","template":"","meta":{"_exactmetrics_skip_tracking":false,"_exactmetrics_sitenote_active":false,"_exactmetrics_sitenote_note":"","_exactmetrics_sitenote_category":0},"product_brand":[],"product_cat":[587,50,15],"product_tag":[],"class_list":{"0":"post-10915","1":"product","2":"type-product","3":"status-publish","4":"has-post-thumbnail","6":"product_cat-canela-em-pau","7":"product_cat-plantas-secas-desidratadas","8":"product_cat-ver-todos-os-produtos","10":"first","11":"instock","12":"taxable","13":"shipping-taxable","14":"purchasable","15":"product-type-simple"},"yoast_head":"<!-- This site is optimized with the Yoast SEO plugin v27.3 - https:\/\/yoast.com\/product\/yoast-seo-wordpress\/ -->\n<title>Canela em Pau 20cm 1 kg -<\/title>\n<meta name=\"description\" content=\"Paus de Canela 20 cm - Peso l\u00edquido 1kg\u00a0Destina-se a decora\u00e7\u00e3o de velas e sabonetes, enfeites em prendinhas de casamento, arranjos decorativos para bares e hot\u00e9is. Contudo n\u00e3o \u00e9 alimentar.\" \/>\n<meta name=\"robots\" content=\"index, follow, max-snippet:-1, max-image-preview:large, max-video-preview:-1\" \/>\n<link rel=\"canonical\" href=\"https:\/\/divertarte.com\/index.php\/produto\/canela-pau-20-cm-1kg\/\" \/>\n<meta property=\"og:locale\" content=\"pt_PT\" \/>\n<meta property=\"og:type\" content=\"article\" \/>\n<meta property=\"og:title\" content=\"Canela em Pau 20cm 1 kg -\" \/>\n<meta property=\"og:description\" content=\"Paus de Canela 20 cm - Peso l\u00edquido 1kg\u00a0Destina-se a decora\u00e7\u00e3o de velas e sabonetes, enfeites em prendinhas de casamento, arranjos decorativos para bares e hot\u00e9is. Contudo n\u00e3o \u00e9 alimentar.\" \/>\n<meta property=\"og:url\" content=\"https:\/\/divertarte.com\/index.php\/produto\/canela-pau-20-cm-1kg\/\" \/>\n<meta property=\"article:modified_time\" content=\"2025-11-06T13:34:44+00:00\" \/>\n<meta property=\"og:image\" content=\"https:\/\/divertarte.com\/wp-content\/uploads\/2020\/06\/canela-em-pau-20cm-kg-divertarte.jpg\" \/>\n\t<meta property=\"og:image:width\" content=\"466\" \/>\n\t<meta property=\"og:image:height\" content=\"466\" \/>\n\t<meta property=\"og:image:type\" content=\"image\/jpeg\" \/>\n<meta name=\"twitter:card\" content=\"summary_large_image\" \/>\n<script type=\"application\/ld+json\" class=\"yoast-schema-graph\">{\"@context\":\"https:\\\/\\\/schema.org\",\"@graph\":[{\"@type\":\"WebPage\",\"@id\":\"https:\\\/\\\/divertarte.com\\\/index.php\\\/produto\\\/canela-pau-20-cm-1kg\\\/\",\"url\":\"https:\\\/\\\/divertarte.com\\\/index.php\\\/produto\\\/canela-pau-20-cm-1kg\\\/\",\"name\":\"Canela em Pau 20cm 1 kg -\",\"isPartOf\":{\"@id\":\"https:\\\/\\\/divertarte.com\\\/#website\"},\"primaryImageOfPage\":{\"@id\":\"https:\\\/\\\/divertarte.com\\\/index.php\\\/produto\\\/canela-pau-20-cm-1kg\\\/#primaryimage\"},\"image\":{\"@id\":\"https:\\\/\\\/divertarte.com\\\/index.php\\\/produto\\\/canela-pau-20-cm-1kg\\\/#primaryimage\"},\"thumbnailUrl\":\"https:\\\/\\\/divertarte.com\\\/wp-content\\\/uploads\\\/2020\\\/06\\\/canela-em-pau-20cm-kg-divertarte.jpg\",\"datePublished\":\"2020-06-13T18:31:48+00:00\",\"dateModified\":\"2025-11-06T13:34:44+00:00\",\"description\":\"Paus de Canela 20 cm - Peso l\u00edquido 1kg\u00a0Destina-se a decora\u00e7\u00e3o de velas e sabonetes, enfeites em prendinhas de casamento, arranjos decorativos para bares e hot\u00e9is. Contudo n\u00e3o \u00e9 alimentar.\",\"breadcrumb\":{\"@id\":\"https:\\\/\\\/divertarte.com\\\/index.php\\\/produto\\\/canela-pau-20-cm-1kg\\\/#breadcrumb\"},\"inLanguage\":\"pt-PT\",\"potentialAction\":[{\"@type\":\"ReadAction\",\"target\":[\"https:\\\/\\\/divertarte.com\\\/index.php\\\/produto\\\/canela-pau-20-cm-1kg\\\/\"]}]},{\"@type\":\"ImageObject\",\"inLanguage\":\"pt-PT\",\"@id\":\"https:\\\/\\\/divertarte.com\\\/index.php\\\/produto\\\/canela-pau-20-cm-1kg\\\/#primaryimage\",\"url\":\"https:\\\/\\\/divertarte.com\\\/wp-content\\\/uploads\\\/2020\\\/06\\\/canela-em-pau-20cm-kg-divertarte.jpg\",\"contentUrl\":\"https:\\\/\\\/divertarte.com\\\/wp-content\\\/uploads\\\/2020\\\/06\\\/canela-em-pau-20cm-kg-divertarte.jpg\",\"width\":466,\"height\":466},{\"@type\":\"BreadcrumbList\",\"@id\":\"https:\\\/\\\/divertarte.com\\\/index.php\\\/produto\\\/canela-pau-20-cm-1kg\\\/#breadcrumb\",\"itemListElement\":[{\"@type\":\"ListItem\",\"position\":1,\"name\":\"In\u00edcio\",\"item\":\"https:\\\/\\\/divertarte.com\\\/\"},{\"@type\":\"ListItem\",\"position\":2,\"name\":\"Loja\",\"item\":\"https:\\\/\\\/divertarte.com\\\/index.php\\\/divertarte-produtos\\\/\"},{\"@type\":\"ListItem\",\"position\":3,\"name\":\"Canela em Pau 20cm 1 kg\"}]},{\"@type\":\"WebSite\",\"@id\":\"https:\\\/\\\/divertarte.com\\\/#website\",\"url\":\"https:\\\/\\\/divertarte.com\\\/\",\"name\":\"Divertarte\",\"description\":\"\",\"publisher\":{\"@id\":\"https:\\\/\\\/divertarte.com\\\/#organization\"},\"potentialAction\":[{\"@type\":\"SearchAction\",\"target\":{\"@type\":\"EntryPoint\",\"urlTemplate\":\"https:\\\/\\\/divertarte.com\\\/?s={search_term_string}\"},\"query-input\":{\"@type\":\"PropertyValueSpecification\",\"valueRequired\":true,\"valueName\":\"search_term_string\"}}],\"inLanguage\":\"pt-PT\"},{\"@type\":\"Organization\",\"@id\":\"https:\\\/\\\/divertarte.com\\\/#organization\",\"name\":\"Divertarte\",\"url\":\"https:\\\/\\\/divertarte.com\\\/\",\"logo\":{\"@type\":\"ImageObject\",\"inLanguage\":\"pt-PT\",\"@id\":\"https:\\\/\\\/divertarte.com\\\/#\\\/schema\\\/logo\\\/image\\\/\",\"url\":\"https:\\\/\\\/divertarte.com\\\/wp-content\\\/uploads\\\/2018\\\/07\\\/logo-div.jpg\",\"contentUrl\":\"https:\\\/\\\/divertarte.com\\\/wp-content\\\/uploads\\\/2018\\\/07\\\/logo-div.jpg\",\"width\":295,\"height\":123,\"caption\":\"Divertarte\"},\"image\":{\"@id\":\"https:\\\/\\\/divertarte.com\\\/#\\\/schema\\\/logo\\\/image\\\/\"}}]}<\/script>\n<!-- \/ Yoast SEO plugin. -->","yoast_head_json":{"title":"Canela em Pau 20cm 1 kg -","description":"Paus de Canela 20 cm - Peso l\u00edquido 1kg\u00a0Destina-se a decora\u00e7\u00e3o de velas e sabonetes, enfeites em prendinhas de casamento, arranjos decorativos para bares e hot\u00e9is. Contudo n\u00e3o \u00e9 alimentar.","robots":{"index":"index","follow":"follow","max-snippet":"max-snippet:-1","max-image-preview":"max-image-preview:large","max-video-preview":"max-video-preview:-1"},"canonical":"https:\/\/divertarte.com\/index.php\/produto\/canela-pau-20-cm-1kg\/","og_locale":"pt_PT","og_type":"article","og_title":"Canela em Pau 20cm 1 kg -","og_description":"Paus de Canela 20 cm - Peso l\u00edquido 1kg\u00a0Destina-se a decora\u00e7\u00e3o de velas e sabonetes, enfeites em prendinhas de casamento, arranjos decorativos para bares e hot\u00e9is. Contudo n\u00e3o \u00e9 alimentar.","og_url":"https:\/\/divertarte.com\/index.php\/produto\/canela-pau-20-cm-1kg\/","article_modified_time":"2025-11-06T13:34:44+00:00","og_image":[{"width":466,"height":466,"url":"https:\/\/divertarte.com\/wp-content\/uploads\/2020\/06\/canela-em-pau-20cm-kg-divertarte.jpg","type":"image\/jpeg"}],"twitter_card":"summary_large_image","schema":{"@context":"https:\/\/schema.org","@graph":[{"@type":"WebPage","@id":"https:\/\/divertarte.com\/index.php\/produto\/canela-pau-20-cm-1kg\/","url":"https:\/\/divertarte.com\/index.php\/produto\/canela-pau-20-cm-1kg\/","name":"Canela em Pau 20cm 1 kg -","isPartOf":{"@id":"https:\/\/divertarte.com\/#website"},"primaryImageOfPage":{"@id":"https:\/\/divertarte.com\/index.php\/produto\/canela-pau-20-cm-1kg\/#primaryimage"},"image":{"@id":"https:\/\/divertarte.com\/index.php\/produto\/canela-pau-20-cm-1kg\/#primaryimage"},"thumbnailUrl":"https:\/\/divertarte.com\/wp-content\/uploads\/2020\/06\/canela-em-pau-20cm-kg-divertarte.jpg","datePublished":"2020-06-13T18:31:48+00:00","dateModified":"2025-11-06T13:34:44+00:00","description":"Paus de Canela 20 cm - Peso l\u00edquido 1kg\u00a0Destina-se a decora\u00e7\u00e3o de velas e sabonetes, enfeites em prendinhas de casamento, arranjos decorativos para bares e hot\u00e9is. Contudo n\u00e3o \u00e9 alimentar.","breadcrumb":{"@id":"https:\/\/divertarte.com\/index.php\/produto\/canela-pau-20-cm-1kg\/#breadcrumb"},"inLanguage":"pt-PT","potentialAction":[{"@type":"ReadAction","target":["https:\/\/divertarte.com\/index.php\/produto\/canela-pau-20-cm-1kg\/"]}]},{"@type":"ImageObject","inLanguage":"pt-PT","@id":"https:\/\/divertarte.com\/index.php\/produto\/canela-pau-20-cm-1kg\/#primaryimage","url":"https:\/\/divertarte.com\/wp-content\/uploads\/2020\/06\/canela-em-pau-20cm-kg-divertarte.jpg","contentUrl":"https:\/\/divertarte.com\/wp-content\/uploads\/2020\/06\/canela-em-pau-20cm-kg-divertarte.jpg","width":466,"height":466},{"@type":"BreadcrumbList","@id":"https:\/\/divertarte.com\/index.php\/produto\/canela-pau-20-cm-1kg\/#breadcrumb","itemListElement":[{"@type":"ListItem","position":1,"name":"In\u00edcio","item":"https:\/\/divertarte.com\/"},{"@type":"ListItem","position":2,"name":"Loja","item":"https:\/\/divertarte.com\/index.php\/divertarte-produtos\/"},{"@type":"ListItem","position":3,"name":"Canela em Pau 20cm 1 kg"}]},{"@type":"WebSite","@id":"https:\/\/divertarte.com\/#website","url":"https:\/\/divertarte.com\/","name":"Divertarte","description":"","publisher":{"@id":"https:\/\/divertarte.com\/#organization"},"potentialAction":[{"@type":"SearchAction","target":{"@type":"EntryPoint","urlTemplate":"https:\/\/divertarte.com\/?s={search_term_string}"},"query-input":{"@type":"PropertyValueSpecification","valueRequired":true,"valueName":"search_term_string"}}],"inLanguage":"pt-PT"},{"@type":"Organization","@id":"https:\/\/divertarte.com\/#organization","name":"Divertarte","url":"https:\/\/divertarte.com\/","logo":{"@type":"ImageObject","inLanguage":"pt-PT","@id":"https:\/\/divertarte.com\/#\/schema\/logo\/image\/","url":"https:\/\/divertarte.com\/wp-content\/uploads\/2018\/07\/logo-div.jpg","contentUrl":"https:\/\/divertarte.com\/wp-content\/uploads\/2018\/07\/logo-div.jpg","width":295,"height":123,"caption":"Divertarte"},"image":{"@id":"https:\/\/divertarte.com\/#\/schema\/logo\/image\/"}}]}},"_links":{"self":[{"href":"https:\/\/divertarte.com\/index.php\/wp-json\/wp\/v2\/product\/10915","targetHints":{"allow":["GET"]}}],"collection":[{"href":"https:\/\/divertarte.com\/index.php\/wp-json\/wp\/v2\/product"}],"about":[{"href":"https:\/\/divertarte.com\/index.php\/wp-json\/wp\/v2\/types\/product"}],"replies":[{"embeddable":true,"href":"https:\/\/divertarte.com\/index.php\/wp-json\/wp\/v2\/comments?post=10915"}],"wp:featuredmedia":[{"embeddable":true,"href":"https:\/\/divertarte.com\/index.php\/wp-json\/wp\/v2\/media\/10916"}],"wp:attachment":[{"href":"https:\/\/divertarte.com\/index.php\/wp-json\/wp\/v2\/media?parent=10915"}],"wp:term":[{"taxonomy":"product_brand","embeddable":true,"href":"https:\/\/divertarte.com\/index.php\/wp-json\/wp\/v2\/product_brand?post=10915"},{"taxonomy":"product_cat","embeddable":true,"href":"https:\/\/divertarte.com\/index.php\/wp-json\/wp\/v2\/product_cat?post=10915"},{"taxonomy":"product_tag","embeddable":true,"href":"https:\/\/divertarte.com\/index.php\/wp-json\/wp\/v2\/product_tag?post=10915"}],"curies":[{"name":"wp","href":"https:\/\/api.w.org\/{rel}","templated":true}]}}