{"id":10444,"date":"2020-04-16T20:15:38","date_gmt":"2020-04-16T19:15:38","guid":{"rendered":"https:\/\/divertarte.com\/?post_type=product&#038;p=10444"},"modified":"2025-11-06T13:34:53","modified_gmt":"2025-11-06T13:34:53","slug":"frasco-pet-transparente-70-ml-tampa-tampa-vaporizadora-spray","status":"publish","type":"product","link":"https:\/\/divertarte.com\/index.php\/produto\/frasco-pet-transparente-70-ml-tampa-tampa-vaporizadora-spray\/","title":{"rendered":"Frasco PET transparente 75 ml tampa tampa preta vaporizadora &#8211; Spray"},"content":{"rendered":"<p>Frasco PET transparente 75 ml tampa tampa vaporizadora &#8211; Spray<\/p>\n<p>Ideal para solu\u00e7\u00e3o antic\u00e9ptica de base alco\u00f3lica, alcool. Al\u00e9m disso pode trazer na carteira ou no bolso<\/p>\n","protected":false},"excerpt":{"rendered":"<p>Frasco PET transparente 75 ml tampa tampa vaporizadora &#8211; Spray<\/p>\n<p>Ideal para solu\u00e7\u00e3o antic\u00e9ptica de base alco\u00f3lica, alcool. Al\u00e9m disso pode trazer na carteira ou no bolso<\/p>\n<p><span style=\"color: #0000ff;\">Campanha:\u00a0<strong>Oferta Valor do IVA\u00a0<\/strong>de 15\/4\/2023 a 30\/4\/2023\u00a0 \u00a0 segundo stock existente<\/span><\/p>\n","protected":false},"featured_media":10952,"comment_status":"open","ping_status":"closed","template":"","meta":{"_exactmetrics_skip_tracking":false,"_exactmetrics_sitenote_active":false,"_exactmetrics_sitenote_note":"","_exactmetrics_sitenote_category":0},"product_brand":[],"product_cat":[168,15],"product_tag":[738,860,589,462],"class_list":{"0":"post-10444","1":"product","2":"type-product","3":"status-publish","4":"has-post-thumbnail","6":"product_cat-frascos-pet-frascos-plastico-boioes-boiao-pet","7":"product_cat-ver-todos-os-produtos","8":"product_tag-frasco-pet","9":"product_tag-frasco-spray","10":"product_tag-frascos-desinfetante","11":"product_tag-frascos-plastico","13":"first","14":"instock","15":"sale","16":"taxable","17":"shipping-taxable","18":"purchasable","19":"product-type-simple"},"yoast_head":"<!-- This site is optimized with the Yoast SEO plugin v27.5 - https:\/\/yoast.com\/product\/yoast-seo-wordpress\/ -->\n<title>Frasco PET transparente 75 ml tampa tampa preta vaporizadora - Spray -<\/title>\n<meta name=\"description\" content=\"Frasco pet transparente 75 ml tampa tampa vaporizadora, Spray.Ideal para solu\u00e7\u00e3o antic\u00e9ptica de base alco\u00f3lica, alcool. pode usar na carteira ou no bolso\" \/>\n<meta name=\"robots\" content=\"index, follow, max-snippet:-1, max-image-preview:large, max-video-preview:-1\" \/>\n<link rel=\"canonical\" href=\"https:\/\/divertarte.com\/index.php\/produto\/frasco-pet-transparente-70-ml-tampa-tampa-vaporizadora-spray\/\" \/>\n<meta property=\"og:locale\" content=\"pt_PT\" \/>\n<meta property=\"og:type\" content=\"article\" \/>\n<meta property=\"og:title\" content=\"Frasco PET transparente 75 ml tampa tampa preta vaporizadora - Spray -\" \/>\n<meta property=\"og:description\" content=\"Frasco pet transparente 75 ml tampa tampa vaporizadora, Spray.Ideal para solu\u00e7\u00e3o antic\u00e9ptica de base alco\u00f3lica, alcool. pode usar na carteira ou no bolso\" \/>\n<meta property=\"og:url\" content=\"https:\/\/divertarte.com\/index.php\/produto\/frasco-pet-transparente-70-ml-tampa-tampa-vaporizadora-spray\/\" \/>\n<meta property=\"article:modified_time\" content=\"2025-11-06T13:34:53+00:00\" \/>\n<meta property=\"og:image\" content=\"https:\/\/divertarte.com\/wp-content\/uploads\/2020\/04\/frasco-pet-transparente-70-ml-tampa-vaporizadora-spray.jpg\" \/>\n\t<meta property=\"og:image:width\" content=\"300\" \/>\n\t<meta property=\"og:image:height\" content=\"300\" \/>\n\t<meta property=\"og:image:type\" content=\"image\/jpeg\" \/>\n<meta name=\"twitter:card\" content=\"summary_large_image\" \/>\n<script type=\"application\/ld+json\" class=\"yoast-schema-graph\">{\"@context\":\"https:\\\/\\\/schema.org\",\"@graph\":[{\"@type\":\"WebPage\",\"@id\":\"https:\\\/\\\/divertarte.com\\\/index.php\\\/produto\\\/frasco-pet-transparente-70-ml-tampa-tampa-vaporizadora-spray\\\/\",\"url\":\"https:\\\/\\\/divertarte.com\\\/index.php\\\/produto\\\/frasco-pet-transparente-70-ml-tampa-tampa-vaporizadora-spray\\\/\",\"name\":\"Frasco PET transparente 75 ml tampa tampa preta vaporizadora - Spray -\",\"isPartOf\":{\"@id\":\"https:\\\/\\\/divertarte.com\\\/#website\"},\"primaryImageOfPage\":{\"@id\":\"https:\\\/\\\/divertarte.com\\\/index.php\\\/produto\\\/frasco-pet-transparente-70-ml-tampa-tampa-vaporizadora-spray\\\/#primaryimage\"},\"image\":{\"@id\":\"https:\\\/\\\/divertarte.com\\\/index.php\\\/produto\\\/frasco-pet-transparente-70-ml-tampa-tampa-vaporizadora-spray\\\/#primaryimage\"},\"thumbnailUrl\":\"https:\\\/\\\/divertarte.com\\\/wp-content\\\/uploads\\\/2020\\\/04\\\/frasco-pet-transparente-70-ml-tampa-vaporizadora-spray.jpg\",\"datePublished\":\"2020-04-16T19:15:38+00:00\",\"dateModified\":\"2025-11-06T13:34:53+00:00\",\"description\":\"Frasco pet transparente 75 ml tampa tampa vaporizadora, Spray.Ideal para solu\u00e7\u00e3o antic\u00e9ptica de base alco\u00f3lica, alcool. pode usar na carteira ou no bolso\",\"breadcrumb\":{\"@id\":\"https:\\\/\\\/divertarte.com\\\/index.php\\\/produto\\\/frasco-pet-transparente-70-ml-tampa-tampa-vaporizadora-spray\\\/#breadcrumb\"},\"inLanguage\":\"pt-PT\",\"potentialAction\":[{\"@type\":\"ReadAction\",\"target\":[\"https:\\\/\\\/divertarte.com\\\/index.php\\\/produto\\\/frasco-pet-transparente-70-ml-tampa-tampa-vaporizadora-spray\\\/\"]}]},{\"@type\":\"ImageObject\",\"inLanguage\":\"pt-PT\",\"@id\":\"https:\\\/\\\/divertarte.com\\\/index.php\\\/produto\\\/frasco-pet-transparente-70-ml-tampa-tampa-vaporizadora-spray\\\/#primaryimage\",\"url\":\"https:\\\/\\\/divertarte.com\\\/wp-content\\\/uploads\\\/2020\\\/04\\\/frasco-pet-transparente-70-ml-tampa-vaporizadora-spray.jpg\",\"contentUrl\":\"https:\\\/\\\/divertarte.com\\\/wp-content\\\/uploads\\\/2020\\\/04\\\/frasco-pet-transparente-70-ml-tampa-vaporizadora-spray.jpg\",\"width\":300,\"height\":300},{\"@type\":\"BreadcrumbList\",\"@id\":\"https:\\\/\\\/divertarte.com\\\/index.php\\\/produto\\\/frasco-pet-transparente-70-ml-tampa-tampa-vaporizadora-spray\\\/#breadcrumb\",\"itemListElement\":[{\"@type\":\"ListItem\",\"position\":1,\"name\":\"In\u00edcio\",\"item\":\"https:\\\/\\\/divertarte.com\\\/\"},{\"@type\":\"ListItem\",\"position\":2,\"name\":\"Loja\",\"item\":\"https:\\\/\\\/divertarte.com\\\/index.php\\\/divertarte-produtos\\\/\"},{\"@type\":\"ListItem\",\"position\":3,\"name\":\"Frasco PET transparente 75 ml tampa tampa preta vaporizadora &#8211; Spray\"}]},{\"@type\":\"WebSite\",\"@id\":\"https:\\\/\\\/divertarte.com\\\/#website\",\"url\":\"https:\\\/\\\/divertarte.com\\\/\",\"name\":\"Divertarte\",\"description\":\"\",\"publisher\":{\"@id\":\"https:\\\/\\\/divertarte.com\\\/#organization\"},\"potentialAction\":[{\"@type\":\"SearchAction\",\"target\":{\"@type\":\"EntryPoint\",\"urlTemplate\":\"https:\\\/\\\/divertarte.com\\\/?s={search_term_string}\"},\"query-input\":{\"@type\":\"PropertyValueSpecification\",\"valueRequired\":true,\"valueName\":\"search_term_string\"}}],\"inLanguage\":\"pt-PT\"},{\"@type\":\"Organization\",\"@id\":\"https:\\\/\\\/divertarte.com\\\/#organization\",\"name\":\"Divertarte\",\"url\":\"https:\\\/\\\/divertarte.com\\\/\",\"logo\":{\"@type\":\"ImageObject\",\"inLanguage\":\"pt-PT\",\"@id\":\"https:\\\/\\\/divertarte.com\\\/#\\\/schema\\\/logo\\\/image\\\/\",\"url\":\"https:\\\/\\\/divertarte.com\\\/wp-content\\\/uploads\\\/2018\\\/07\\\/logo-div.jpg\",\"contentUrl\":\"https:\\\/\\\/divertarte.com\\\/wp-content\\\/uploads\\\/2018\\\/07\\\/logo-div.jpg\",\"width\":295,\"height\":123,\"caption\":\"Divertarte\"},\"image\":{\"@id\":\"https:\\\/\\\/divertarte.com\\\/#\\\/schema\\\/logo\\\/image\\\/\"}}]}<\/script>\n<!-- \/ Yoast SEO plugin. -->","yoast_head_json":{"title":"Frasco PET transparente 75 ml tampa tampa preta vaporizadora - Spray -","description":"Frasco pet transparente 75 ml tampa tampa vaporizadora, Spray.Ideal para solu\u00e7\u00e3o antic\u00e9ptica de base alco\u00f3lica, alcool. pode usar na carteira ou no bolso","robots":{"index":"index","follow":"follow","max-snippet":"max-snippet:-1","max-image-preview":"max-image-preview:large","max-video-preview":"max-video-preview:-1"},"canonical":"https:\/\/divertarte.com\/index.php\/produto\/frasco-pet-transparente-70-ml-tampa-tampa-vaporizadora-spray\/","og_locale":"pt_PT","og_type":"article","og_title":"Frasco PET transparente 75 ml tampa tampa preta vaporizadora - Spray -","og_description":"Frasco pet transparente 75 ml tampa tampa vaporizadora, Spray.Ideal para solu\u00e7\u00e3o antic\u00e9ptica de base alco\u00f3lica, alcool. pode usar na carteira ou no bolso","og_url":"https:\/\/divertarte.com\/index.php\/produto\/frasco-pet-transparente-70-ml-tampa-tampa-vaporizadora-spray\/","article_modified_time":"2025-11-06T13:34:53+00:00","og_image":[{"width":300,"height":300,"url":"https:\/\/divertarte.com\/wp-content\/uploads\/2020\/04\/frasco-pet-transparente-70-ml-tampa-vaporizadora-spray.jpg","type":"image\/jpeg"}],"twitter_card":"summary_large_image","schema":{"@context":"https:\/\/schema.org","@graph":[{"@type":"WebPage","@id":"https:\/\/divertarte.com\/index.php\/produto\/frasco-pet-transparente-70-ml-tampa-tampa-vaporizadora-spray\/","url":"https:\/\/divertarte.com\/index.php\/produto\/frasco-pet-transparente-70-ml-tampa-tampa-vaporizadora-spray\/","name":"Frasco PET transparente 75 ml tampa tampa preta vaporizadora - Spray -","isPartOf":{"@id":"https:\/\/divertarte.com\/#website"},"primaryImageOfPage":{"@id":"https:\/\/divertarte.com\/index.php\/produto\/frasco-pet-transparente-70-ml-tampa-tampa-vaporizadora-spray\/#primaryimage"},"image":{"@id":"https:\/\/divertarte.com\/index.php\/produto\/frasco-pet-transparente-70-ml-tampa-tampa-vaporizadora-spray\/#primaryimage"},"thumbnailUrl":"https:\/\/divertarte.com\/wp-content\/uploads\/2020\/04\/frasco-pet-transparente-70-ml-tampa-vaporizadora-spray.jpg","datePublished":"2020-04-16T19:15:38+00:00","dateModified":"2025-11-06T13:34:53+00:00","description":"Frasco pet transparente 75 ml tampa tampa vaporizadora, Spray.Ideal para solu\u00e7\u00e3o antic\u00e9ptica de base alco\u00f3lica, alcool. pode usar na carteira ou no bolso","breadcrumb":{"@id":"https:\/\/divertarte.com\/index.php\/produto\/frasco-pet-transparente-70-ml-tampa-tampa-vaporizadora-spray\/#breadcrumb"},"inLanguage":"pt-PT","potentialAction":[{"@type":"ReadAction","target":["https:\/\/divertarte.com\/index.php\/produto\/frasco-pet-transparente-70-ml-tampa-tampa-vaporizadora-spray\/"]}]},{"@type":"ImageObject","inLanguage":"pt-PT","@id":"https:\/\/divertarte.com\/index.php\/produto\/frasco-pet-transparente-70-ml-tampa-tampa-vaporizadora-spray\/#primaryimage","url":"https:\/\/divertarte.com\/wp-content\/uploads\/2020\/04\/frasco-pet-transparente-70-ml-tampa-vaporizadora-spray.jpg","contentUrl":"https:\/\/divertarte.com\/wp-content\/uploads\/2020\/04\/frasco-pet-transparente-70-ml-tampa-vaporizadora-spray.jpg","width":300,"height":300},{"@type":"BreadcrumbList","@id":"https:\/\/divertarte.com\/index.php\/produto\/frasco-pet-transparente-70-ml-tampa-tampa-vaporizadora-spray\/#breadcrumb","itemListElement":[{"@type":"ListItem","position":1,"name":"In\u00edcio","item":"https:\/\/divertarte.com\/"},{"@type":"ListItem","position":2,"name":"Loja","item":"https:\/\/divertarte.com\/index.php\/divertarte-produtos\/"},{"@type":"ListItem","position":3,"name":"Frasco PET transparente 75 ml tampa tampa preta vaporizadora &#8211; Spray"}]},{"@type":"WebSite","@id":"https:\/\/divertarte.com\/#website","url":"https:\/\/divertarte.com\/","name":"Divertarte","description":"","publisher":{"@id":"https:\/\/divertarte.com\/#organization"},"potentialAction":[{"@type":"SearchAction","target":{"@type":"EntryPoint","urlTemplate":"https:\/\/divertarte.com\/?s={search_term_string}"},"query-input":{"@type":"PropertyValueSpecification","valueRequired":true,"valueName":"search_term_string"}}],"inLanguage":"pt-PT"},{"@type":"Organization","@id":"https:\/\/divertarte.com\/#organization","name":"Divertarte","url":"https:\/\/divertarte.com\/","logo":{"@type":"ImageObject","inLanguage":"pt-PT","@id":"https:\/\/divertarte.com\/#\/schema\/logo\/image\/","url":"https:\/\/divertarte.com\/wp-content\/uploads\/2018\/07\/logo-div.jpg","contentUrl":"https:\/\/divertarte.com\/wp-content\/uploads\/2018\/07\/logo-div.jpg","width":295,"height":123,"caption":"Divertarte"},"image":{"@id":"https:\/\/divertarte.com\/#\/schema\/logo\/image\/"}}]}},"_links":{"self":[{"href":"https:\/\/divertarte.com\/index.php\/wp-json\/wp\/v2\/product\/10444","targetHints":{"allow":["GET"]}}],"collection":[{"href":"https:\/\/divertarte.com\/index.php\/wp-json\/wp\/v2\/product"}],"about":[{"href":"https:\/\/divertarte.com\/index.php\/wp-json\/wp\/v2\/types\/product"}],"replies":[{"embeddable":true,"href":"https:\/\/divertarte.com\/index.php\/wp-json\/wp\/v2\/comments?post=10444"}],"wp:featuredmedia":[{"embeddable":true,"href":"https:\/\/divertarte.com\/index.php\/wp-json\/wp\/v2\/media\/10952"}],"wp:attachment":[{"href":"https:\/\/divertarte.com\/index.php\/wp-json\/wp\/v2\/media?parent=10444"}],"wp:term":[{"taxonomy":"product_brand","embeddable":true,"href":"https:\/\/divertarte.com\/index.php\/wp-json\/wp\/v2\/product_brand?post=10444"},{"taxonomy":"product_cat","embeddable":true,"href":"https:\/\/divertarte.com\/index.php\/wp-json\/wp\/v2\/product_cat?post=10444"},{"taxonomy":"product_tag","embeddable":true,"href":"https:\/\/divertarte.com\/index.php\/wp-json\/wp\/v2\/product_tag?post=10444"}],"curies":[{"name":"wp","href":"https:\/\/api.w.org\/{rel}","templated":true}]}}